335
CXUS54 KJAN 011219
CLMJAN


CLIMATE REPORT
NATIONAL WEATHER SERVICE JACKSON MS
616 AM CST MON FEB 1 2016

...................................

...THE JACKSON CLIMATE SUMMARY FOR THE MONTH OF JANUARY 2016...

CLIMATE NORMAL PERIOD 1981 TO 2010
CLIMATE RECORD PERIOD 1896 TO 2016

WEATHER         OBSERVED          NORMAL  DEPART  LAST YEAR`S
                 VALUE   DATE(S)  VALUE   FROM    VALUE  DATE(S)
                                          NORMAL
................................................................
TEMPERATURE (F)
RECORD
 HIGH              85   01/10/1949
 LOW               -5   01/27/1940
HIGHEST            74   01/30        74       0       77  01/29
LOWEST             22   01/24        18       4       13  01/08
AVG. MAXIMUM     57.5              56.1     1.4     56.8
AVG. MINIMUM     35.4              35.3     0.1     33.5
MEAN             46.5              45.7     0.8     45.1
DAYS MAX >= 90      0               0.0     0.0        0
DAYS MAX <= 32      0               0.5    -0.5        0
DAYS MIN <= 32     12              13.3    -1.3       13
DAYS MIN <= 0       0               0.0     0.0        0

PRECIPITATION (INCHES)
RECORD
 MAXIMUM        14.10   1979
 MINIMUM         0.75   1986
TOTALS           3.37              4.97   -1.60     4.72
DAILY AVG.       0.11              0.16   -0.05     0.15
DAYS >= .01         8               9.8    -1.8        8
DAYS >= .10         6               7.1    -1.1        7
DAYS >= .50         3               3.4    -0.4        3
DAYS >= 1.00        1               1.7    -0.7        2
GREATEST
 24 HR. TOTAL    1.22   01/26 TO 01/26              1.79

SNOWFALL (INCHES)
RECORDS
 TOTAL           11.7   1904
TOTALS              T               0.3    -0.3      0.0
SINCE 7/1           T               0.6    -0.6      0.0
DAYS >= TRACE       1
DAYS >= 1.0         0               0.0     0.0        0
GREATEST
 24 HR TOTAL        T   01/22 TO 01/22

DEGREE_DAYS
HEATING TOTAL     567               602     -35      607
 SINCE 7/1       1029              1552    -523     1535
COOLING TOTAL       0                 4      -4        0
 SINCE 1/1          0                 0       0        0
.................................................................

WIND (MPH)
AVERAGE WIND SPEED              7.4
HIGHEST WIND SPEED/DIRECTION    24/190    DATE  01/31
HIGHEST GUST SPEED/DIRECTION    33/310    DATE  01/22

SKY COVER
POSSIBLE SUNSHINE (PERCENT)   MM
AVERAGE SKY COVER           0.40
NUMBER OF DAYS FAIR           14
NUMBER OF DAYS PC             12
NUMBER OF DAYS CLOUDY          5

AVERAGE RH (PERCENT)     67

WEATHER CONDITIONS. NUMBER OF DAYS WITH
THUNDERSTORM              2     MIXED PRECIP               0
HEAVY RAIN                4     RAIN                       6
LIGHT RAIN               11     FREEZING RAIN              0
LT FREEZING RAIN          0     HAIL                       0
HEAVY SNOW                0     SNOW                       0
LIGHT SNOW                1     SLEET                      0
FOG                      10     FOG W/VIS <= 1/4 MILE      2
HAZE                      1

-  INDICATES NEGATIVE NUMBERS.
R  INDICATES RECORD WAS SET OR TIED.
MM INDICATES DATA IS MISSING.
T  INDICATES TRACE AMOUNT.

$$
