000
CXUS54 KJAN 012010
CLMJAN


CLIMATE REPORT
NATIONAL WEATHER SERVICE JACKSON MS
307 PM CDT TUE SEP 1 2015

...................................

...THE JACKSON CLIMATE SUMMARY FOR THE MONTH OF AUGUST 2015...

CLIMATE NORMAL PERIOD 1981 TO 2010
CLIMATE RECORD PERIOD 1896 TO 2015

WEATHER         OBSERVED          NORMAL  DEPART  LAST YEAR`S
                 VALUE   DATE(S)  VALUE   FROM    VALUE  DATE(S)
                                          NORMAL
................................................................
TEMPERATURE (F)
RECORD
 HIGH             107   08/30/2000
 LOW               54   08/15/2004
                        08/14/2004
                        08/23/1956
HIGHEST           103   08/10        98       5       97  08/24
                        08/09                             08/23
                                                          08/06
LOWEST             56   08/27        63      -7       61  08/14
AVG. MAXIMUM     95.9              91.6     4.3     92.0
AVG. MINIMUM     71.0              70.9     0.1     70.8
MEAN             83.4              81.3     2.1     81.4
DAYS MAX >= 90     27              21.0     6.0       24
DAYS MAX <= 32      0               0.0     0.0        0
DAYS MIN <= 32      0               0.0     0.0        0
DAYS MIN <= 0       0               0.0     0.0        0

PRECIPITATION (INCHES)
RECORD
 MAXIMUM        11.51   2008
 MINIMUM         0.23   1946
TOTALS           0.40              4.24   -3.84     3.51
DAILY AVG.       0.01              0.14   -0.13     0.11
DAYS >= .01         5               9.9    -4.9        9
DAYS >= .10         2               5.6    -3.6        5
DAYS >= .50         0               2.6    -2.6        1
DAYS >= 1.00        0               1.3    -1.3        1
GREATEST
 24 HR. TOTAL    0.14   08/20 TO 08/20              2.60
                        08/20 TO 08/21

SNOWFALL (INCHES)
RECORDS
 TOTAL            0.0   MM
TOTALS            0.0               0.0     0.0      0.0
SINCE 7/1         0.0               0.0     0.0      0.0
DAYS >= TRACE       0
DAYS >= 1.0         0               0.0     0.0        0
GREATEST
 24 HR TOTAL      0.0   MM

DEGREE_DAYS
HEATING TOTAL       0                 0       0        0
 SINCE 7/1          0                 0       0        0
COOLING TOTAL     576               504      72      516
 SINCE 1/1       2129              1799     330     1730
.................................................................

WIND (MPH)
AVERAGE WIND SPEED              5.9
HIGHEST WIND SPEED/DIRECTION    26/200    DATE  08/22
HIGHEST GUST SPEED/DIRECTION    35/220    DATE  08/10

SKY COVER
POSSIBLE SUNSHINE (PERCENT)   MM
AVERAGE SKY COVER           0.30
NUMBER OF DAYS FAIR           21
NUMBER OF DAYS PC              9
NUMBER OF DAYS CLOUDY          1

AVERAGE RH (PERCENT)     61

WEATHER CONDITIONS. NUMBER OF DAYS WITH
THUNDERSTORM              8     MIXED PRECIP               0
HEAVY RAIN                4     RAIN                       5
LIGHT RAIN                9     FREEZING RAIN              0
LT FREEZING RAIN          0     HAIL                       0
HEAVY SNOW                0     SNOW                       0
LIGHT SNOW                0     SLEET                      0
FOG                       5     FOG W/VIS <= 1/4 MILE      0
HAZE                      1

-  INDICATES NEGATIVE NUMBERS.
R  INDICATES RECORD WAS SET OR TIED.
MM INDICATES DATA IS MISSING.
T  INDICATES TRACE AMOUNT.

$$
