000
CXUS53 KOAX 020427
CLMLNK

CLIMATE REPORT
NATIONAL WEATHER SERVICE OMAHA NEBRASKA
1010 PM CST SUN MAR 1 2015

...................................

...THE LINCOLN CLIMATE SUMMARY FOR THE MONTH OF FEBRUARY 2015...

CLIMATE NORMAL PERIOD 1981 TO 2010
CLIMATE RECORD PERIOD 1887 TO 2015

WEATHER         OBSERVED          NORMAL  DEPART
                 VALUE   DATE(S)  VALUE   FROM
                                          NORMAL
................................................
TEMPERATURE (F)
HIGHEST            57   02/08
LOWEST            -16   02/05
AVG. MAXIMUM     33.5              40.1    -6.6
AVG. MINIMUM      9.7              18.0    -8.3
MEAN             21.6              29.0    -7.4
DAYS MAX >= 90      0
DAYS MAX <= 32     14
DAYS MIN <= 32     27
DAYS MIN <= 0       7

PRECIPITATION (INCHES)
RECORD
 MAXIMUM         3.47   1951
 MINIMUM         0.00   1897
TOTALS           0.93              0.77    0.16
DAILY AVG.       0.03
DAYS >= .01         6
DAYS >= .10         2
DAYS >= .50         0
DAYS >= 1.00        0
GREATEST
 24 HR. TOTAL    0.93   01/31 TO 02/01

SNOWFALL (INCHES)
RECORDS
 TOTAL           26.1   1965
TOTALS           12.4               5.6
SINCE 7/1        21.4
DAYS >= 1.0         2               1.9     0.1
GREATEST
 SNOW DEPTH        10   02/05
 24 HR TOTAL      6.6   02/04

DEGREE DAYS
HEATING TOTAL    1208              1006     202
 SINCE 7/1       4687              4703     -16
COOLING TOTAL       0                 0       0
 SINCE 1/1          0                 0       0
.................................................

WIND (MPH)
AVERAGE WIND SPEED              10.2
HIGHEST WIND SPEED/DIRECTION    37/350    DATE  02/01
HIGHEST GUST SPEED/DIRECTION    45/350    DATE  02/01

SKY COVER
AVERAGE SKY COVER           0.40


WEATHER CONDITIONS. NUMBER OF DAYS WITH
THUNDERSTORM              0     MIXED PRECIP               0
HEAVY RAIN                0     RAIN                       1
LIGHT RAIN                1     FREEZING RAIN              0
LT FREEZING RAIN          0     HAIL                       0
HEAVY SNOW                0     SNOW                       2
LIGHT SNOW                6     SLEET                      0
FOG                      12     FOG W/VIS <= 1/4 MILE      1
HAZE                      5

-  INDICATES NEGATIVE NUMBERS.
R  INDICATES RECORD WAS SET OR TIED.
MM INDICATES DATA IS MISSING.
T  INDICATES TRACE AMOUNT.
>  INDICATES GREATER THAN OR EQUAL TO.
<  INDICATES LESS THAN OR EQUAL TO.

&&

...FEBRUARY WAS COLDER AND WETTER THAN NORMAL IN LINCOLN...

ONLY EIGHT OF TWENTY EIGHT DAYS WERE ABOVE NORMAL IN FEBRUARY AND
SEVEN OF THOSE FELL BETWEEN THE 6TH AND THE 14TH. THE REST OF THE
MONTH WAS COLD AND OFTEN WINDY. THE AVERAGE TEMPERATURE IN FEBRUARY
WAS 21.6 DEGREES...WHICH IS 7.4 DEGREES BELOW NORMAL.

THE TOTAL PRECIPITAITON FOR THE MONTH WAS 0.93 INCHES WHICH WAS 0.16
INCHES ABOVE NORMAL...THE MONTHLY SNOWFALL OF 12.4 INCHES WAS 6.8
INCHES ABOVE NORMAL...WITH 11.5 INCHES FALLING DURING THE FIRST FOUR
DAYS OF THE MONTH.

AFTER A FRIGID AND BREEZY START TO THE MONTH...WITH MORNING LOWS
AVERAGING 14 DEGREES BELOW NORMAL...TEMPERATURES ROSE ABOVE AVERAGE
FROM THE 6TH THORUGH THE 11TH. THERE WERE ONLY TWO MORE DAYS DURING
THE MONTH WHERE TEMPERATURES REGISTERED ABOVE NORMAL.

MEASURABLE PRECIPITATION FELL ON ONLY 6 DAYS IN FEBRUARY...WITH THE
MAJORITY ON THE FIRST FOUR DAYS OF THE MONTH...WHEN 0.82 INCHES OF
MOISTURE AND 11.5 INCHES OF SNOW WAS RECORDED.

THE MOISTURE TOTAL FROM THE 5TH THROUGH THE 28TH WAS ONLY 0.11
INCHES. THE BIGGEST SNOWFALL OF THE MONTH WAS ON THE 4TH OF THE
MONTH...WHEN 6.6 INCHES FELL.

DAILY RECORDS SET IN FEBRUARY 2015:
DATE        RECORD     READING   PREVIOUS RECORD
1           SNOW         4.9     4.6 (2004)

$$
TL/PEARSON/JRB
