000
CXUS53 KTOP 011424
CLMLWC


CLIMATE REPORT
NATIONAL WEATHER SERVICE TOPEKA KS
921 AM CDT SAT JUL 1 2017

...................................

...THE LAWRENCE KS CLIMATE SUMMARY FOR THE MONTH OF JUNE 2017...

CLIMATE NORMAL PERIOD 1981 TO 2010
CLIMATE RECORD PERIOD 9999 TO 9999

WEATHER         OBSERVED          NORMAL  DEPART  LAST YEAR`S
                 VALUE   DATE(S)  VALUE   FROM    VALUE
                                          NORMAL
.............................................................
TEMPERATURE (F)
HIGHEST            94   06/12                        103
LOWEST             48   06/26                         53
AVG. MAXIMUM     86.4              84.9     1.5     91.5
AVG. MINIMUM     61.9              62.9    -1.0     65.6
MEAN             74.2              73.9     0.3     78.5
DAYS MAX >= 90     12               6.3     5.7       19
DAYS MAX <= 32      0               0.0     0.0        0
DAYS MIN <= 32      0               0.0     0.0        0
DAYS MIN <= 0       0               0.0     0.0        0

PRECIPITATION (INCHES)
TOTALS           6.06              5.46    0.60     1.09
DAILY AVG.       0.20                               0.04
DAYS >= .01        11                                  4
DAYS >= .10        10                                  3
DAYS >= .50         5                                  1
DAYS >= 1.00        3                                  0
GREATEST
 24 HR. TOTAL    1.50   06/17 TO 06/17              0.69

DEGREE_DAYS
HEATING TOTAL       3                 8      -5        0
 SINCE 7/1       4151              5092    -941     4369
COOLING TOTAL     285               275      10      412
 SINCE 1/1        392               394      -2      492
..............................................................

WIND (MPH)
AVERAGE WIND SPEED              8.3
HIGHEST WIND SPEED/DIRECTION    40/250    DATE  06/17
HIGHEST GUST SPEED/DIRECTION    61/320    DATE  06/29

SKY COVER
POSSIBLE SUNSHINE (PERCENT)   MM
AVERAGE SKY COVER           0.20
NUMBER OF DAYS FAIR           26
NUMBER OF DAYS PC              4
NUMBER OF DAYS CLOUDY          0

AVERAGE RH (PERCENT)     72

WEATHER CONDITIONS. NUMBER OF DAYS WITH
THUNDERSTORM              5     MIXED PRECIP               0
HEAVY RAIN                6     RAIN                       6
LIGHT RAIN               12     FREEZING RAIN              0
LT FREEZING RAIN          0     HEAVY SNOW                 0
SNOW                      0     LIGHT SNOW                 0
FOG                      17     FOG W/VIS <= 1/4 MILE      1
HAZE                      2

-  INDICATES NEGATIVE NUMBERS.
R  INDICATES RECORD WAS SET OR TIED.
MM INDICATES DATA IS MISSING.
T  INDICATES TRACE AMOUNT.

$$
