000
CXUS46 KOTX 012035
CLMLWS

CLIMATE REPORT
NATIONAL WEATHER SERVICE SPOKANE, WA
1227 PM PST MON FEB 1 2016

...................................

...THE LEWISTON ID AIRPORT CLIMATE SUMMARY FOR THE MONTH OF JANUARY 2016...

CLIMATE NORMAL PERIOD 1981 TO 2010
CLIMATE RECORD PERIOD 1881 TO 2016

WEATHER         OBSERVED          NORMAL  DEPART  LAST YEAR`S
                 VALUE   DATE(S)  VALUE   FROM    VALUE  DATE(S)
                                          NORMAL
................................................................
TEMPERATURE (F)
RECORD
 HIGH              66   01/09/1953
 LOW              -22   01/31/1950
HIGHEST            56   01/22        MM      MM       63  01/26
LOWEST             11   01/02        MM      MM       11  01/01
AVG. MAXIMUM     43.6              41.6     2.0     43.9
AVG. MINIMUM     31.3              29.6     1.7     32.5
MEAN             37.5              35.6     1.9     38.2
DAYS MAX >= 90      0               0.0     0.0        0
DAYS MAX <= 32      2               4.4    -2.4        2
DAYS MIN <= 32     18              17.8     0.2       14
DAYS MIN <= 0       0               0.1    -0.1        0

PRECIPITATION (INCHES)
RECORD
 MAXIMUM         3.56   1883
 MINIMUM         0.11   2007
TOTALS           0.93              1.08   -0.15     0.83
DAILY AVG.       0.03              0.03    0.00     0.03
DAYS >= .01        12              10.0     2.0        9
DAYS >= .10         5               3.2     1.8        2
DAYS >= .50         0               0.3    -0.3        1
DAYS >= 1.00        0               0.0     0.0        0
GREATEST
 24 HR. TOTAL    0.25   01/23 TO 01/24           01/17 TO 01/18
                                                          01/18 TO 01/18
                                                          01/18 TO 01/18

SNOWFALL (INCHES)
RECORDS
 TOTAL           26.1   1957
TOTALS            0.5               2.4    -1.9      1.5
SINCE 7/1         6.2               7.7    -1.5      1.5
SNOWDEPTH AVG.      0                 2      -2        0
DAYS >= 1.0         0               0.8    -0.8        0
GREATEST
 SNOW DEPTH         1   01/01                          1  01/03
 24 HR TOTAL      0.3   MM                       01/18 TO 01/18
                                                          01/18 TO 01/18
                                                          01/18 TO 01/18

DEGREE_DAYS
HEATING TOTAL     846               911     -65      821
 SINCE 7/1       2676              3119    -443     2631
COOLING TOTAL       0                 0       0        0
 SINCE 1/1          0                 0       0        0
.........................................................

WIND (MPH)
AVERAGE WIND SPEED              5.8
HIGHEST WIND SPEED/DIRECTION    32/180    DATE  01/28
HIGHEST GUST SPEED/DIRECTION    41/190    DATE  01/28

SKY COVER
POSSIBLE SUNSHINE (PERCENT)    0
AVERAGE SKY COVER           0.70
NUMBER OF DAYS FAIR            3
NUMBER OF DAYS PC             15
NUMBER OF DAYS CLOUDY         13

AVERAGE RH (PERCENT)     73

WEATHER CONDITIONS. NUMBER OF DAYS WITH
THUNDERSTORM              0     MIXED PRECIP               0
HEAVY RAIN                0     RAIN                       2
LIGHT RAIN               13     FREEZING RAIN              0
LT FREEZING RAIN          0     HAIL                       0
HEAVY SNOW                0     SNOW                       1
LIGHT SNOW                4     SLEET                      0
FOG                      12     FOG W/VIS <= 1/4 MILE      6
HAZE                      1

-  INDICATES NEGATIVE NUMBERS.
R  INDICATES RECORD WAS SET OR TIED.
MM INDICATES DATA IS MISSING.
T  INDICATES TRACE AMOUNT.

$$

THE MONTH STARTED OFF ON A COLD NOTE.  WITH FRESH SNOW ON THE GROUND
AND CLEARING SKIES, NIGHTTIME LOWS DROPPED INTO THE TEENS WITH HIGHS
IN THE 20S. BUT THIS WAS QUICKLY REPLACED WITH MILDER AND MOISTER
AIR MASSES BY THE 4TH. DAYTIME TEMPERATURES FOR THE REST OF THE
MONTH CONSISTENTLY MADE IT ABOVE FREEZING EACH DAY AND NIGHTTIME
LOWS WEREN`T ALL THAT COLD. WEAK WEATHER SYSTEMS MOVED THROUGH THE
AREA ON A REGULAR BASIS, BRINGING RAIN OR WET SNOW JUST ABOUT EVERY
DAY. LEWISTON AIRPORT REPORTED AT LEAST A TRACE OF RAIN OR SNOW ON
21 OF THE 31 DAYS IN THE MONTH. THE MILD TEMPERATURES MEANT THAT
NEARLY ALL OF THE PRECIPITATION WAS IN THE FORM OF RAIN. BUT SOME
SNOW DID FALL. GIFFORD RECIEVED 2 INCHES OF SNOW ON THE 13TH AND
MOSCOW PICKED UP AN INCH OF SNOW ON THE 16TH. BY THE END OF THE
MONTH, TEMPERATURES WERE VERY MILD WITH READINGS INTO THE UPPER 40S
TO MID 50S.  THE STRONGEST WINDS OF THE MONTH OCCURRED ON THE 29TH A
A SMALL LOW PRESSURE SYSTEM MOVED ACROSS THE PALOUSE, BRINGING WIND
GUSTS OF 50 MPH TO GENESEE AND 55 MPH TO THORTON.
