000
CXUS54 KLZK 011748
CLMLZK


CLIMATE REPORT
NATIONAL WEATHER SERVICE LITTLE ROCK AR
1141 AM CST THU FEB 1 2018

...................................

...THE NORTH LITTLE ROCK CLIMATE SUMMARY FOR THE MONTH OF JANUARY 2018...

CLIMATE NORMAL PERIOD 1981 TO 2010
CLIMATE RECORD PERIOD 1975 TO 2018

WEATHER         OBSERVED          NORMAL  DEPART  LAST YEAR`S
                 VALUE   DATE(S)  VALUE   FROM    VALUE  DATE(S)
                                          NORMAL
................................................................
TEMPERATURE (F)
RECORD
 HIGH              81   01/30/2002
 LOW               -6   01/20/1985
HIGHEST            65   01/31        49      16       74  01/31
LOWEST              7   01/17        31     -24       12  01/07
AVG. MAXIMUM     46.5              49.5    -3.0     53.8
AVG. MINIMUM     28.5              32.7    -4.2     39.0
MEAN             37.5              41.1    -3.6     46.4
DAYS MAX >= 90      0               0.0     0.0        0
DAYS MAX <= 32      5               2.0     3.0        3
DAYS MIN <= 32     19              15.0     4.0        7
DAYS MIN <= 0       0               0.1    -0.1        0

PRECIPITATION (INCHES)
RECORD
 MAXIMUM         7.55   1999
 MINIMUM         0.31   2003
TOTALS           2.46              3.42   -0.96     2.28
DAILY AVG.       0.08              0.11   -0.03     0.07
DAYS >= .01        10               9.0     1.0       11
DAYS >= .10         6                                  5
DAYS >= .50         1                                  1
DAYS >= 1.00        0               0.7    -0.7        0
GREATEST
 24 HR. TOTAL    0.86   01/22 TO 01/22


SNOWFALL (INCHES)
RECORDS
 TOTAL           12.4   1988
 24 HR TOTAL     12.0   01/06/1988 TO 01/07/1988
 SNOW DEPTH        12   01/07/1988
TOTALS            1.5               1.7    -0.2      0.8
 LIQUID EQUIV    0.15              0.30   -0.15     0.08
SINCE 7/1         1.5               2.2    -0.7      0.8
 LIQUID 7/1      0.15              0.30   -0.15     0.08
SNOWDEPTH AVG.      0
DAYS >= TRACE       3               0.9     2.1        2
DAYS >= 1.0         1                                  0
GREATEST
 SNOW DEPTH         2   01/16
 24 HR TOTAL      1.5   01/15 TO 01/16

DEGREE_DAYS
HEATING TOTAL     845               741     104      569
 SINCE 7/1       1905              1933     -28     1509
COOLING TOTAL       0                 1      -1        1
 SINCE 1/1          0                 0       0        1

FREEZE DATES
RECORD
 EARLIEST     10/20/1989
 LATEST       04/19/1983
EARLIEST                        11/13
LATEST                          03/19
.......................................................

WIND (MPH)
AVERAGE WIND SPEED              5.5
HIGHEST WIND SPEED/DIRECTION    15/340    DATE  01/11
HIGHEST GUST SPEED/DIRECTION    42/310    DATE  01/22

SKY COVER
POSSIBLE SUNSHINE (PERCENT)   MM
AVERAGE SKY COVER             MM
NUMBER OF DAYS FAIR          MM
NUMBER OF DAYS PC            MM
NUMBER OF DAYS CLOUDY        MM

AVERAGE RH (PERCENT)     67

WEATHER CONDITIONS. NUMBER OF DAYS WITH
THUNDERSTORM              0     MIXED PRECIP               0
HEAVY RAIN                2     RAIN                       3
LIGHT RAIN               10     FREEZING RAIN              0
LT FREEZING RAIN          2     HAIL                       0
HEAVY SNOW                0     SNOW                       0
LIGHT SNOW                2     SLEET                      1
FOG                       6     FOG W/VIS <= 1/4 MILE      2
HAZE                      0

-  INDICATES NEGATIVE NUMBERS.
R  INDICATES RECORD WAS SET OR TIED.
MM INDICATES DATA IS MISSING.
T  INDICATES TRACE AMOUNT.

&&

..Data for North Little Rock for January 2018...

.Summary...
Cold weather at the end of December continued into January. In fact,
North Little Rock saw some of the coldest weather in several
decades. There were a few periods warmer than average, mainly during
the second and fourth weeks. The coldest periods were from the 1st
through the 7th, and the 12th through the 19th, when daily
temperatures were as much as 10-25 degrees below average. The month
ended a little over three and a half degrees below average. By
average temperature, though, this January was the coldest in 30
years. For the first January since 2015, North Little Rock recorded
single-digit temperatures. Not only that, the low of 7 above zero on
the 17th was the coldest temperature recorded at North Little Rock
since February of 1996.

Rainfall was below average, but this was still the wettest January
in two years.

Snowfall was close to average. This was the most snowfall during the
month in two years.

.Monthly Temperatures...
The average high temperature was the coldest since 2010. The average
low temperature was the coldest since 2014, and the 8th coldest on
record. The average monthly temperature was the coldest since 1988,
and the 9th coldest on record.

.Daily Temperatures...
Daily temperatures were above average on 14 days, and below average
on 17 days.

There were five days with high temperatures at or below freezing,
which was the most since 2011.

There were 19 days with low temperatures at or below freezing, which
was the most since 2014.

There were three days with single-digit temperatures, which was the
most for the month since 1982, and the 3rd highest for the month
since records began. This also makes for the most single-digit
temperatures in a given year since 1989 (at least so far).

.Daily Record Temperatures Tied or Broken During the Month...
Date  Record Type                 New Record       Previous Record
 1st  Coldest High Temperature    23 in 2018        28 in 1977
 1st  Low Temperature              9 in 2018        10 in 1977
 2nd  Coldest High Temperature    22 in 2018        25 in 1979
16th  Coldest High Temperature    21 in 2018        30 in 2007
21st  Warmest Low Temperature     58 in 2018        55 in 2012, 2000

On the 16th, the high temperature was 21 degrees. This ranked as the 5th coldest
high temperature on record for the month of January.

On the 16th, the daily average temperature was 15.0 degrees. This most recently
tied January 6, 2014 for the 6th coldest on record for the month of January.

On the 2nd, the high temperature was 22 degrees. This ranked as the 6th coldest
high temperature on record for the month of January, most recently tying
January 18, 1994.

On the 1st, the high temperature was 23 degrees. This most recently tied
January 12, 1997 for the 7th coldest high temperature on record for the month
of January.

.Monthly Rainfall...
Even though rainfall was below average, it was still the wettest
January since 2016.

.Daily Rainfall Records Tied or Broken During the Month...
None.

.Monthly Snowfall...
It was the snowiest January since 2016. Also, the average snow depth
for the month was the most since 2016.

.Daily Record Snowfall Tied or Broken During the Month...
Date  New Record     Previous Record
15th  1.0 in 2018      0.4 in 2013
16th  0.5 in 2018      0.3 in 1978

.Miscellaneous Phenomena...
On the 1st, the sea level pressure rose to 30.90 inches. This set an all-time record
high pressure for the month of January. The previous record was 30.86 inches, which
was set on January 7, 2015. This also ranks as the 2nd highest pressure since records
began, tying a reading of 30.90 on December 23, 1989.

On the 22nd, a wind gust of 42 MPH was recorded during a strong thunderstorm. This was
the highest wind gust recorded during January since January 29, 2008.

$$

57
