000
CXUS56 KHNX 011604
CLMMAE


CLIMATE REPORT
NATIONAL WEATHER SERVICE SAN JOAQUIN VALLEY, CA
856 AM PDT TUE NOV 1 2016

...................................

...THE MADERA CA AIRPORT CLIMATE SUMMARY FOR THE MONTH OF OCTOBER 2016...

CLIMATE NORMAL PERIOD 1981 TO 2010
CLIMATE RECORD PERIOD 1998 TO 2016

WEATHER         OBSERVED          NORMAL  DEPART  LAST YEAR`S
                 VALUE   DATE(S)  VALUE   FROM    VALUE  DATE(S)
                                          NORMAL
................................................................
TEMPERATURE (F)
RECORD
 HIGH              99   10/03/2012
                        10/03/2001
                        07/24/2006
 LOW               33   10/29/2009
                        10/12/2008
                        11/29/2004
HIGHEST            92   10/09        MM      MM       95  10/10
LOWEST             42   10/19        MM      MM       46  10/30
AVG. MAXIMUM     79.1              79.2    -0.1     83.4
AVG. MINIMUM     50.2              48.8     1.4     56.0
MEAN             64.7              64.0     0.7     69.7
DAYS MAX >= 90      2               3.2    -1.2        5
DAYS MIN <= 32      0               0.0     0.0        0

PRECIPITATION (INCHES)
RECORD
 MAXIMUM         2.57   2004
TOTALS           0.62              0.88   -0.26     0.32
DAYS >= .01         6                MM      MM        4
DAYS >= .10         2                MM      MM        1
DAYS >= .50         0                MM      MM        0
DAYS >= 1.00        0                MM      MM        0
GREATEST
 24 HR. TOTAL    0.54   10/27 TO 10/28

SNOWFALL (INCHES)
RECORDS
 TOTAL            0.0
TOTALS            0.0               0.0

DEGREE_DAYS
HEATING TOTAL      50                90     -40        9
 SINCE 7/1         53                97     -44        9
COOLING TOTAL      47                59     -12      164
 SINCE 1/1       1814              1521     293     2056
.................................................................

WIND (MPH)
AVERAGE WIND SPEED              5.6
HIGHEST WIND SPEED/DIRECTION    28/170    DATE  10/16
HIGHEST GUST SPEED/DIRECTION    37/160    DATE  10/16

AVERAGE RH (PERCENT)     58

WEATHER CONDITIONS. NUMBER OF DAYS WITH
THUNDERSTORM              0     RAIN                       2
HAIL                      0     FOG                       10
FOG W/VIS <= 1/4 MILE     2     HAZE                      12

-  INDICATES NEGATIVE NUMBERS.
R  INDICATES RECORD WAS SET OR TIED.
MM INDICATES DATA IS MISSING.
T  INDICATES TRACE AMOUNT.

$$
