995
CXUS54 KMAF 030119
CLMMAF


CLIMATE REPORT
NATIONAL WEATHER SERVICE MIDLAND TX
817 PM CDT THU NOV 2 2017

...................................

...THE MIDLAND CLIMATE SUMMARY FOR THE MONTH OF OCTOBER 2017...

CLIMATE NORMAL PERIOD 1981 TO 2010
CLIMATE RECORD PERIOD 1930 TO 2017

WEATHER         OBSERVED          NORMAL  DEPART  LAST YEAR`S
                 VALUE   DATE(S)  VALUE   FROM    VALUE  DATE(S)
                                          NORMAL
................................................................
TEMPERATURE (F)
RECORD
 HIGH             100   10/08/1979
 LOW               24   10/30/1993
HIGHEST            92   10/14        77      15       97  10/17
                        10/08
LOWEST             35   10/28        51     -16       47  10/21
AVG. MAXIMUM     79.5              77.9     1.6     86.0
AVG. MINIMUM     53.2              51.8     1.4     59.1
MEAN             66.4              64.8     1.6     72.6
DAYS MAX >= 90      4               2.1     1.9       13
DAYS MAX <= 32      0               0.0     0.0        0
DAYS MIN <= 32      0               0.3    -0.3        0
DAYS MIN <= 0       0               0.0     0.0        0

PRECIPITATION (INCHES)
RECORD
 MAXIMUM         7.45   1986
 MINIMUM         0.00   1952
TOTALS           0.13              1.73   -1.60     0.31
DAILY AVG.       0.00              0.06   -0.06     0.01
DAYS >= .01         2               4.9    -2.9        1
DAYS >= .10         0               2.7    -2.7        1
DAYS >= .50         0               1.1    -1.1        0
DAYS >= 1.00        0               0.5    -0.5        0
GREATEST
 24 HR. TOTAL    0.50   09/30 TO 10/01              0.31

SNOWFALL (INCHES)
RECORDS
 TOTAL            0.6   1993
                        2001
TOTALS            0.0                 T     0.0      0.0
SINCE 7/1         0.0                 T     0.0      0.0
SNOWDEPTH AVG.      0                MM      MM        0
DAYS >= 1.0         0               0.0     0.0        0
GREATEST
 SNOW DEPTH         0   MM                             0  MM
 24 HR TOTAL      0.0   10/31 TO 10/31               0.0

DEGREE_DAYS
HEATING TOTAL     103                98       5       10
 SINCE 7/1        110               109       1       11
COOLING TOTAL     152                93      59      253
 SINCE 1/1       2781              2272     509     2854
.................................................................

WIND (MPH)
AVERAGE WIND SPEED              10.9
HIGHEST WIND SPEED/DIRECTION    38/020    DATE  10/15
HIGHEST GUST SPEED/DIRECTION    46/030    DATE  10/15

SKY COVER
POSSIBLE SUNSHINE (PERCENT)   MM
AVERAGE SKY COVER           0.10
NUMBER OF DAYS FAIR           26
NUMBER OF DAYS PC              5
NUMBER OF DAYS CLOUDY          0

AVERAGE RH (PERCENT)     52

WEATHER CONDITIONS. NUMBER OF DAYS WITH
THUNDERSTORM              0     MIXED PRECIP               0
HEAVY RAIN                0     RAIN                       1
LIGHT RAIN                3     FREEZING RAIN              0
LT FREEZING RAIN          0     HAIL                       0
HEAVY SNOW                0     SNOW                       0
LIGHT SNOW                0     SLEET                      0
FOG                       3     FOG W/VIS <= 1/4 MILE      1
HAZE                      9

-  INDICATES NEGATIVE NUMBERS.
R  INDICATES RECORD WAS SET OR TIED.
MM INDICATES DATA IS MISSING.
T  INDICATES TRACE AMOUNT.

$$
