000
CXUS53 KABR 011635
CLMMBG


CLIMATE REPORT
NATIONAL WEATHER SERVICE ABERDEEN SD
1027 AM CST THU FEB 1 2018

...................................

...THE MOBRIDGE SD CLIMATE SUMMARY FOR THE MONTH OF JANUARY 2018...

CLIMATE NORMAL PERIOD 1981 TO 2010
CLIMATE RECORD PERIOD 1911 TO 2018

WEATHER         OBSERVED          NORMAL  DEPART  LAST YEAR`S
                 VALUE   DATE(S)  VALUE   FROM    VALUE  DATE(S)
                                          NORMAL
................................................................
TEMPERATURE (F)
RECORD
 HIGH              64   01/08/2002
                        01/20/1964
 LOW              -42   01/13/1912
HIGHEST            47   01/20        MM      MM       42  01/30
                        01/19
LOWEST            -30   01/01        MM      MM      -21  01/04
AVG. MAXIMUM     28.7              26.0     2.7     19.7
AVG. MINIMUM      5.6               6.1    -0.5      5.5
MEAN             17.2              16.0     1.2     12.6
DAYS MAX >= 90      0               0.0     0.0        0
DAYS MAX <= 32     15              19.5    -4.5       26
DAYS MIN <= 32     31              30.8     0.2       31
DAYS MIN <= 0       9              10.7    -1.7       12

PRECIPITATION (INCHES)
RECORD
 MAXIMUM         1.58   1949
 MINIMUM            T   1961
                        1935
                        1934
TOTALS           0.06              0.29   -0.23     0.53
DAYS >= .01         4                MM      MM        9
DAYS >= .10         0                MM      MM        1
DAYS >= .50         0                MM      MM        0
DAYS >= 1.00        0                MM      MM        0

SNOWFALL (INCHES)
RECORDS
 TOTAL           23.8   5
 SNOW DEPTH        20   01/07/2010
TOTALS            1.7                MM      MM      9.7
SINCE 7/1        10.3                MM      MM     38.1
SNOWDEPTH AVG.      1                MM      MM       13
DAYS >= TRACE      10
DAYS >= 1.0         1
GREATEST
 SNOW DEPTH         4   01/04                         15  01/27
                        01/03                             01/26
                        01/02                             01/25

DEGREE_DAYS
HEATING TOTAL    1474              1517     -43     1617
 SINCE 7/1       4304              4733    -429     4357
COOLING TOTAL       0                 0       0        0
 SINCE 1/1          0                 0       0        0

FREEZE DATES
RECORD
 EARLIEST     MM
 LATEST       MM
EARLIEST                        MM
LATEST                          MM
.................................................................

WIND (MPH)
AVERAGE WIND SPEED              8.6
RESULTANT WIND SPEED/DIRECTION   1/351
HIGHEST WIND SPEED/DIRECTION    33/330    DATE  01/10
HIGHEST GUST SPEED/DIRECTION    44/340    DATE  01/10

SKY COVER
POSSIBLE SUNSHINE (PERCENT)   MM
AVERAGE SKY COVER           0.40
NUMBER OF DAYS FAIR           16
NUMBER OF DAYS PC              9
NUMBER OF DAYS CLOUDY          6

AVERAGE RH (PERCENT)     73

WEATHER CONDITIONS. NUMBER OF DAYS WITH
THUNDERSTORM              0     MIXED PRECIP               0
HEAVY RAIN                0     RAIN                       0
LIGHT RAIN                1     FREEZING RAIN              0
LT FREEZING RAIN          0     HAIL                       0
HEAVY SNOW                0     SNOW                       1
LIGHT SNOW               10     SLEET                      0
FOG                       9     FOG W/VIS <= 1/4 MILE      4
HAZE                     10

-  INDICATES NEGATIVE NUMBERS.
R  INDICATES RECORD WAS SET OR TIED.
MM INDICATES DATA IS MISSING.
T  INDICATES TRACE AMOUNT.

$$
