000
CXUS53 KABR 011744
CLMMBG


CLIMATE REPORT
NATIONAL WEATHER SERVICE ABERDEEN SD
1227 PM CDT SAT APR 1 2017

...................................

...THE MOBRIDGE SD CLIMATE SUMMARY FOR THE MONTH OF MARCH 2017...

CLIMATE NORMAL PERIOD 1981 TO 2010
CLIMATE RECORD PERIOD 1911 TO 2017

WEATHER         OBSERVED          NORMAL  DEPART  LAST YEAR`S
                 VALUE   DATE(S)  VALUE   FROM    VALUE  DATE(S)
                                          NORMAL
................................................................
TEMPERATURE (F)
RECORD
 HIGH              84   03/27/1946
                        03/23/1939
 LOW              -22   03/10/1948
                        03/03/1916
HIGHEST            69   03/19        MM      MM       76  03/06
LOWEST             -7   03/13        MM      MM        6  03/01
AVG. MAXIMUM     45.7              42.6     3.1     54.5
AVG. MINIMUM     23.4              21.1     2.3     27.6
MEAN             34.6              31.9     2.7     41.0
DAYS MAX >= 90      0               0.0     0.0        0
DAYS MAX <= 32      7               6.5     0.5        1
DAYS MIN <= 32     23              27.4    -4.4       22
DAYS MIN <= 0       2               1.9     0.1        0

PRECIPITATION (INCHES)
RECORD
 MAXIMUM         3.98   1966
 MINIMUM            T   1927
TOTALS           0.62              0.90   -0.28     0.79
DAYS >= .01         8                MM      MM        9
DAYS >= .10         2                MM      MM        2
DAYS >= .50         0                MM      MM        0
DAYS >= 1.00        0                MM      MM        0

SNOWFALL (INCHES)
RECORDS
 TOTAL           36.3   MM
 SNOW DEPTH        MM   MM
TOTALS            8.3                MM      MM      0.3
SINCE 7/1        47.3                MM      MM     18.3
SNOWDEPTH AVG.      1                MM      MM        0
DAYS >= TRACE       8
DAYS >= 1.0         4
GREATEST
 SNOW DEPTH         9   03/14                          1  03/02
                        03/13                             03/01

DEGREE_DAYS
HEATING TOTAL     935              1027     -92      734
 SINCE 7/1       6372              7002    -630     5609
COOLING TOTAL       0                 0       0        0
 SINCE 1/1          0                 0       0        0

FREEZE DATES
RECORD
 EARLIEST          MM
 LATEST            MM
EARLIEST                MM
LATEST                  MM
.................................................................

WIND (MPH)
AVERAGE WIND SPEED              10.9
RESULTANT WIND SPEED/DIRECTION   4/120
HIGHEST WIND SPEED/DIRECTION    45/300    DATE  03/07
HIGHEST GUST SPEED/DIRECTION    59/300    DATE  03/07

SKY COVER
POSSIBLE SUNSHINE (PERCENT)   MM
AVERAGE SKY COVER           0.50
NUMBER OF DAYS FAIR           15
NUMBER OF DAYS PC              7
NUMBER OF DAYS CLOUDY          9

AVERAGE RH (PERCENT)     62

WEATHER CONDITIONS. NUMBER OF DAYS WITH
THUNDERSTORM              0     MIXED PRECIP               0
HEAVY RAIN                0     RAIN                       0
LIGHT RAIN                3     FREEZING RAIN              0
LT FREEZING RAIN          0     HAIL                       0
HEAVY SNOW                1     SNOW                       1
LIGHT SNOW                8     SLEET                      0
FOG                       7     FOG W/VIS <= 1/4 MILE      2
HAZE                     10

-  INDICATES NEGATIVE NUMBERS.
R  INDICATES RECORD WAS SET OR TIED.
MM INDICATES DATA IS MISSING.
T  INDICATES TRACE AMOUNT.

$$
