000
CXUS53 KEAX 011348
CLMMCI

CLIMATE REPORT
NATIONAL WEATHER SERVICE KANSAS CITY/PLEASANT HILL MO
738 AM CST MON JAN 1 2018

...................................

...THE KANSAS CITY INTERNATIONAL MO CLIMATE SUMMARY FOR THE MONTH OF DECEMBER 2017...

CLIMATE NORMAL PERIOD 1981 TO 2010
CLIMATE RECORD PERIOD 1888 TO 2017

WEATHER         OBSERVED          NORMAL  DEPART  LAST YEAR`S
                 VALUE   DATE(S)  VALUE   FROM    VALUE  DATE(S)
                                          NORMAL
................................................................
TEMPERATURE (F)
RECORD
 HIGH              74   12/03/2012
                        12/05/2001
                        12/06/1939
 LOW              -23   12/23/1989
                        12/22/1989
HIGHEST            72   12/04        62      10       65  12/25
LOWEST             -6   12/31         2      -8       -9  12/18
AVG. MAXIMUM     41.5              40.3     1.2     39.5
AVG. MINIMUM     22.6              22.6     0.0     20.7
MEAN             32.1              31.5     0.6     30.1
DAYS MAX >= 90      0               0.0     0.0        0
DAYS MAX <= 32     10               7.7     2.3       11
DAYS MIN <= 32     23              25.6    -2.6       30
DAYS MIN <= 0       2               1.6     0.4        2

PRECIPITATION (INCHES)
RECORD
 MAXIMUM         5.42   1980
 MINIMUM         0.03   1996
                        2002
TOTALS           0.19              1.53   -1.34     1.19
DAILY AVG.       0.01              0.05   -0.04     0.04
DAYS >= .01         3               7.2    -4.2        8
DAYS >= .10         0               3.2    -3.2        3
DAYS >= .50         0               0.9    -0.9        1
DAYS >= 1.00        0               0.3    -0.3        0
GREATEST
 24 HR. TOTAL    0.08   12/17 TO 12/17

SNOWFALL (INCHES)
RECORDS
 TOTAL           16.6   1961
                        0
                        0
TOTALS            2.2               4.8    -2.6      2.3
SINCE 7/1         2.2               6.2    -4.0      2.3
SNOWDEPTH AVG.      0                MM      MM        0
DAYS >= 1.0         2               1.5     0.5        1
GREATEST
 SNOW DEPTH         1   12/27                          2  12/17
                        12/25
                        12/24
 24 HR TOTAL      1.1   12/26 TO 12/26

DEGREE_DAYS
HEATING TOTAL    1011              1040     -29     1073
 SINCE 7/1       1891              2042    -151     1657
COOLING TOTAL       0                 0       0        0
 SINCE 1/1       1325              1360     -35     1585
.................................................................

WIND (MPH)
AVERAGE WIND SPEED              10.5
HIGHEST WIND SPEED/DIRECTION    37/330    DATE  12/13
HIGHEST GUST SPEED/DIRECTION    51/340    DATE  12/13

SKY COVER
POSSIBLE SUNSHINE (PERCENT)   MM
AVERAGE SKY COVER           0.50
NUMBER OF DAYS FAIR           10
NUMBER OF DAYS PC             13
NUMBER OF DAYS CLOUDY          8

AVERAGE RH (PERCENT)     65

WEATHER CONDITIONS. NUMBER OF DAYS WITH
THUNDERSTORM              0     MIXED PRECIP               0
HEAVY RAIN                0     RAIN                       0
LIGHT RAIN                2     FREEZING RAIN              0
LT FREEZING RAIN          0     HAIL                       0
HEAVY SNOW                0     SNOW                       0
LIGHT SNOW                3     SLEET                      0
FOG                      11     FOG W/VIS <= 1/4 MILE      1
HAZE                     12

-  INDICATES NEGATIVE NUMBERS.
R  INDICATES RECORD WAS SET OR TIED.
MM INDICATES DATA IS MISSING.
T  INDICATES TRACE AMOUNT.

$$
