458
CXUS42 KFFC 011836
CLMMCN


CLIMATE REPORT
NATIONAL WEATHER SERVICE PEACHTREE CITY GA
235 PM EDT SUN OCT 1 2017

...................................

...THE MACON CLIMATE SUMMARY FOR THE MONTH OF SEPTEMBER 2017...

CLIMATE NORMAL PERIOD 1981 TO 2010
CLIMATE RECORD PERIOD 1899 TO 2017

WEATHER         OBSERVED          NORMAL  DEPART  LAST YEAR`S
                 VALUE   DATE(S)  VALUE   FROM    VALUE  DATE(S)
                                          NORMAL
................................................................
TEMPERATURE (F)
RECORD
 HIGH             105   09/08/1925
 LOW               35   09/30/1967
HIGHEST            94   09/28        MM      MM       98  09/11
                        09/20                             09/09
LOWEST             51   09/07        MM      MM       50  09/30
AVG. MAXIMUM     87.1              86.1     1.0     91.1
AVG. MINIMUM     62.4              63.9    -1.5     66.1
MEAN             74.8              75.0    -0.2     78.6
DAYS MAX >= 90     12               8.5     3.5       20
DAYS MAX <= 32      0               0.0     0.0        0
DAYS MIN <= 32      0               0.0     0.0        0
DAYS MIN <= 0       0               0.0     0.0        0

PRECIPITATION (INCHES)
RECORD
 MAXIMUM        12.66   2004
 MINIMUM         0.02   2005
TOTALS           3.87              3.59    0.28
DAILY AVG.       0.13              0.12    0.01     0.07
DAYS >= .01         4               7.3    -3.3        4
DAYS >= .10         1               4.5    -3.5        4
DAYS >= .50         1               1.9    -0.9        2
DAYS >= 1.00        1               1.0     0.0        0
GREATEST
 24 HR. TOTAL    3.78   09/11 TO 09/11           09/11 TO 09/12
                                                          09/30 TO 09/30
                                                          09/30 TO 09/30

DEGREE_DAYS
HEATING TOTAL       1                 6      -5        0
 SINCE 7/1          1                 6      -5        0
COOLING TOTAL     303               306      -3      416
 SINCE 1/1       2165              2050     115     2443
.................................................

WIND (MPH)
AVERAGE WIND SPEED              5.3
HIGHEST WIND SPEED/DIRECTION    48/040    DATE  09/11
HIGHEST GUST SPEED/DIRECTION    61/040    DATE  09/11

SKY COVER
POSSIBLE SUNSHINE (PERCENT)   MM
AVERAGE SKY COVER           0.20
NUMBER OF DAYS FAIR           23
NUMBER OF DAYS PC              5
NUMBER OF DAYS CLOUDY          2

AVERAGE RH (PERCENT)     71

WEATHER CONDITIONS. NUMBER OF DAYS WITH
THUNDERSTORM              0     MIXED PRECIP               0
HEAVY RAIN                1     RAIN                       1
LIGHT RAIN                4     FREEZING RAIN              0
LT FREEZING RAIN          0     HAIL                       0
HEAVY SNOW                0     SNOW                       0
LIGHT SNOW                0     SLEET                      0
FOG                      20     FOG W/VIS <= 1/4 MILE      0
HAZE                      5

-  INDICATES NEGATIVE NUMBERS.
R  INDICATES RECORD WAS SET OR TIED.
MM INDICATES DATA IS MISSING.
T  INDICATES TRACE AMOUNT.

$$
