946
CXUS52 KMLB 011733 CCA
CLMMCO

CLIMATE REPORT
NATIONAL WEATHER SERVICE MELBOURNE FL
1233 PM EST FRI DEC 1 2017

...................................

...THE ORLANDO AREA CLIMATE SUMMARY FOR THE MONTH OF NOVEMBER 2017...

CLIMATE NORMAL PERIOD 1981 TO 2010
CLIMATE RECORD PERIOD 1892 TO 2017

WEATHER         OBSERVED          NORMAL  DEPART  LAST YEAR`S
                 VALUE   DATE(S)  VALUE   FROM    VALUE  DATE(S)
                                          NORMAL
................................................................
TEMPERATURE (F)
MONTHLY RECORD
 HOTTEST         75.8   1986
 COLDEST         61.4   1901
DAILY RECORD
 HIGH              93   11/11/1935
 LOW               28   11/28/1903
NOVEMBER 2017
HIGHEST            85   11/06        79               86
LOWEST             49   11/20        58               38
AVG. MAXIMUM     79.3              78.4     0.9     79.9
AVG. MINIMUM     60.5              58.6     1.9     57.5
MEAN             69.9              68.5     1.4     68.7
DAYS MAX >= 90      0               0.1    -0.1        0
DAYS MAX <= 32      0               0.0     0.0        0
DAYS MIN <= 32      0               0.0     0.0        0
DAYS MIN <= 0       0               0.0     0.0        0

PRECIPITATION (INCHES)
MONTHLY RECORD
 MAXIMUM        10.29   1987
 MINIMUM         0.03   1967
DAILY RECORD
 MAXIMUM         3.83   11/16/1994
NOVEMBER 2017
TOTALS           0.17              2.17   -2.00     0.06
DAYS >= .01         4               6.3    -2.3        2
DAYS >= .10         0               3.4    -3.4        0
DAYS >= .50         0               1.2    -1.2        0
DAYS >= 1.00        0               0.6    -0.6        0
GREATEST
 24 HR. TOTAL    0.07   11/23 TO 11/23

SNOWFALL (INCHES)
TOTALS            0.0               0.0     0.0      0.0
SINCE 7/1         0.0               0.0     0.0      0.0
DAYS >= TRACE       0                                  0

DEGREE_DAYS
HEATING TOTAL       6                42     -36       23
 SINCE 7/1         24                47     -23       23
COOLING TOTAL     161               147      14      142
 SINCE 1/1       3603              3354     249     3704
.................................................................

WIND (MPH)
AVERAGE WIND SPEED              8.1
HIGHEST WIND SPEED/DIRECTION    25/050    DATE  11/11
HIGHEST GUST SPEED/DIRECTION    31/050    DATE  11/11

SKY COVER
POSSIBLE SUNSHINE (PERCENT)   MM
AVERAGE SKY COVER           0.50
NUMBER OF DAYS FAIR           10
NUMBER OF DAYS PC             15
NUMBER OF DAYS CLOUDY          5

AVERAGE RH (PERCENT)     77

WEATHER CONDITIONS. NUMBER OF DAYS WITH
THUNDERSTORM              0     MIXED PRECIP               0
HEAVY RAIN                1     RAIN                       2
LIGHT RAIN                8     LT FREEZING RAIN           0
HAIL                      0     LIGHT SNOW                 0
SLEET                     0     FOG                       16
FOG W/VIS <= 1/4 MILE     6     HAZE                       0

-  INDICATES NEGATIVE NUMBERS.
R  INDICATES RECORD WAS SET OR TIED.
MM INDICATES DATA IS MISSING.
T  INDICATES TRACE AMOUNT.

================================================================

...THE ORLANDO INTERNATIONAL CLIMATE SUMMARY FOR THE FALL SEASON,
FROM 9/1/2017 TO 11/30/2017...

CLIMATE NORMAL PERIOD 1981 TO 2010
CLIMATE RECORD PERIOD 1892 TO 2017

WEATHER         OBSERVED          NORMAL  DEPART  LAST YEAR`S
                 VALUE   DATE(S)  VALUE   FROM    VALUE  DATE(S)
                                          NORMAL
................................................................
TEMPERATURE (F)
FALL RECORDS
 WARMEST         78.3   1986
 COOLEST         70.2   1897
DAILY RECORD
 HIGH             103   09/08/1921
 LOW               28   11/28/1903
FALL 2017
HIGHEST            94   09/01                         94
LOWEST             47   10/31                         38
AVG. MAXIMUM     83.7              84.2    -0.5     85.2
AVG. MINIMUM     67.3              65.9     1.4     66.4
MEAN             75.5              75.0     0.5     75.8
DAYS MAX >= 90     17              18.7    -1.7       23
DAYS MAX <= 32      0               0.0     0.0        0
DAYS MIN <= 32      0               0.0     0.0        0
DAYS MIN <= 0       0               0.0                0

PRECIPITATION (INCHES)
FALL RECORDS
 MAXIMUM        26.41   1915
 MINIMUM         3.49   1906
FALL 2017
TOTALS          17.85             11.54    6.31    10.09
DAYS >= .01        35              27.5     7.5       30
DAYS >= .10        20              17.3     2.7       15
DAYS >= .50         9               7.5     1.5        6
DAYS >= 1.00        3               3.4    -0.4        3
GREATEST
 24 HR. TOTAL    6.61   09/10 TO 09/10

SNOWFALL (INCHES)
TOTALS            0.0               0.0     0.0      0.0
SINCE 7/1         0.0               0.0     0.0      0.0
DAYS >= TRACE       0                                  0

DEGREE_DAYS
HEATING TOTAL      24                47     -23       23
COOLING TOTAL    1005               961      44     1031
.................................................................

WIND (MPH)
AVERAGE WIND SPEED              8.5
HIGHEST WIND SPEED/DIRECTION    59/110    DATE  09/11
HIGHEST GUST SPEED/DIRECTION    79/050    DATE  09/10

SKY COVER
POSSIBLE SUNSHINE (PERCENT)   MM
AVERAGE SKY COVER           0.50
NUMBER OF DAYS FAIR           23
NUMBER OF DAYS PC             46
NUMBER OF DAYS CLOUDY         22

AVERAGE RH (PERCENT)     78

WEATHER CONDITIONS. NUMBER OF DAYS WITH
THUNDERSTORM             15     MIXED PRECIP               0
HEAVY RAIN               17     RAIN                      20
LIGHT RAIN               43     LT FREEZING RAIN           0
HAIL                      0     LIGHT SNOW                 0
SLEET                     0     FOG                       43
FOG W/VIS <= 1/4 MILE     6     HAZE                       1

-  INDICATES NEGATIVE NUMBERS.
R  INDICATES RECORD WAS SET OR TIED.
MM INDICATES DATA IS MISSING.
T  INDICATES TRACE AMOUNT.

$$

RODRIGUEZ
