000
CXUS54 KMEG 160129
CLMMEG


CLIMATE REPORT
NATIONAL WEATHER SERVICE MEMPHIS TN
728 PM CST MON JAN 15 2018

...................................

...THE MEMPHIS/GERMANTOWN WFO CLIMATE SUMMARY FOR THE YEAR OF 2017...

CLIMATE NORMAL PERIOD 1981 TO 2010
CLIMATE RECORD PERIOD 1988 TO 2018

WEATHER         OBSERVED          NORMAL  DEPART  LAST YEAR`S
                 VALUE   DATE(S)  VALUE   FROM    VALUE  DATE(S)
                                          NORMAL
................................................................
TEMPERATURE (F)
RECORD
 HIGH             106   08/15/2007
 LOW               -6   12/23/1989
HIGHEST            98   07/22                         99  09/25
                        07/21                             07/22
LOWEST             11   01/08                         14  12/19
AVG. MAXIMUM     74.2              71.6     2.6     74.4
AVG. MINIMUM     53.4              50.2     3.2     53.5
MEAN             63.8              60.9     2.9     64.0
DAYS MAX >= 90     62              58.1     3.9       88
DAYS MAX <= 32      5               5.5    -0.5        2
DAYS MIN <= 32     48              66.5   -18.5       58
DAYS MIN <= 0       0               0.1    -0.1        0

PRECIPITATION (INCHES)
RECORD
 MAXIMUM        79.24   2002
 MINIMUM        36.70   2007
TOTALS          53.09             54.89   -1.80    63.87
DAILY AVG.       0.15              0.15    0.00     0.17
DAYS >= .01       124             112.1    11.9      120
DAYS >= .10        82              76.4     5.6       89
DAYS >= .50        34              37.3    -3.3       39
DAYS >= 1.00       14              17.0    -3.0       22

SNOWFALL (INCHES)
RECORDS
 TOTAL           13.7   2011
 SNOW DEPTH         7   03/01/2009
TOTALS            1.4               2.4    -1.0      0.9
SINCE 7/1         0.0               0.1    -0.1        T
SNOWDEPTH AVG.      0                MM      MM        0
DAYS >= TRACE       5               1.5     3.5        9
DAYS >= 1.0         1               0.6     0.4        0
GREATEST
 SNOW DEPTH         0   MM                             1  01/22

DEGREE_DAYS
HEATING TOTAL    2466              3413    -947     2704
 SINCE 7/1       1223              1324    -101       MM
COOLING TOTAL    2124              1926     198     2428
 SINCE 1/1       2124              1927     197     2428

FREEZE DATES
RECORD
 EARLIEST     10/09/2000
 LATEST       04/15/1997
EARLIEST                        11/04
LATEST                          04/02
.................................................................



-  INDICATES NEGATIVE NUMBERS.
R  INDICATES RECORD WAS SET OR TIED.
MM INDICATES DATA IS MISSING.
T  INDICATES TRACE AMOUNT.

$$
