000
CXUS54 KMEG 222019
CLMMEM


CLIMATE REPORT
NATIONAL WEATHER SERVICE MEMPHIS TN
319 PM CDT FRI MAY 22 2015

...................................

...THE MEMPHIS CLIMATE SUMMARY FOR THE MONTH OF APRIL 2015...

CLIMATE NORMAL PERIOD 1981 TO 2010
CLIMATE RECORD PERIOD 1872 TO 2015

WEATHER         OBSERVED          NORMAL  DEPART  LAST YEAR`S
                 VALUE   DATE(S)  VALUE   FROM    VALUE  DATE(S)
                                          NORMAL
................................................................
TEMPERATURE (F)
RECORD
 HIGH              94   04/21/1987
 LOW               27   04/02/1881
                        04/01/1881
HIGHEST            85   04/09        73      12       83  04/26
                                                          04/24
LOWEST             44   04/05        52      -8       36  04/15
AVG. MAXIMUM     74.5              73.0     1.5     72.3
AVG. MINIMUM     55.8              52.9     2.9     51.7
MEAN             65.2              62.9     2.3     62.0
DAYS MAX >= 90      0               0.2    -0.2        0
DAYS MAX <= 32      0               0.0     0.0        0
DAYS MIN <= 32      0               0.2    -0.2        0
DAYS MIN <= 0       0               0.0     0.0        0

PRECIPITATION (INCHES)
RECORD
 MAXIMUM        17.13   1991
 MINIMUM         0.89   1925
TOTALS           3.07              5.50   -2.43     6.14
DAILY AVG.       0.10              0.18   -0.08     0.20
DAYS >= .01        11               9.6     1.4       11
DAYS >= .10         8               7.0     1.0        8
DAYS >= .50         1               3.8    -2.8        5
DAYS >= 1.00        1               2.0    -1.0        2
GREATEST
 24 HR. TOTAL    1.33   04/24 TO 04/25

SNOWFALL (INCHES)
RECORDS
 TOTAL              T   2008
                        1971
                        1920
TOTALS            0.0               0.0     0.0      0.0
SINCE 7/1         6.1               3.8     2.3      0.8
SNOWDEPTH AVG.      0                MM      MM        0
DAYS >= 1.0         0               0.0     0.0        0
GREATEST
 SNOW DEPTH         0   MM                             0  MM
 24 HR TOTAL      0.0   04/30 TO 04/30

DEGREE_DAYS
HEATING TOTAL      70               137     -67      134
 SINCE 7/1       3171              2945     226     3435
COOLING TOTAL      84                75       9       54
 SINCE 1/1         90                95      -5       56
.................................................................

WIND (MPH)
AVERAGE WIND SPEED              8.7
HIGHEST WIND SPEED/DIRECTION    28/160    DATE  04/25
HIGHEST GUST SPEED/DIRECTION    40/210    DATE  04/02

SKY COVER
POSSIBLE SUNSHINE (PERCENT)   MM
AVERAGE SKY COVER           0.70
NUMBER OF DAYS FAIR            5
NUMBER OF DAYS PC             11
NUMBER OF DAYS CLOUDY         14

AVERAGE RH (PERCENT)     65

WEATHER CONDITIONS. NUMBER OF DAYS WITH
THUNDERSTORM              0     MIXED PRECIP               0
HEAVY RAIN                4     RAIN                       5
LIGHT RAIN               14     FREEZING RAIN              0
LT FREEZING RAIN          0     HAIL                       0
HEAVY SNOW                0     SNOW                       0
LIGHT SNOW                0     SLEET                      0
FOG                      11     FOG W/VIS <= 1/4 MILE      0
HAZE                      0

-  INDICATES NEGATIVE NUMBERS.
R  INDICATES RECORD WAS SET OR TIED.
MM INDICATES DATA IS MISSING.
T  INDICATES TRACE AMOUNT.

$$
