000
CXUS51 KCLE 020055
CLMMFD


CLIMATE REPORT
NATIONAL WEATHER SERVICE CLEVELAND OH
734 PM EST FRI DEC 1 2017

...................................

...THE MANSFIELD OH CLIMATE SUMMARY FOR THE MONTH OF NOVEMBER 2017...

CLIMATE NORMAL PERIOD 1981 TO 2010
CLIMATE RECORD PERIOD 1916 TO 2017

WEATHER         OBSERVED          NORMAL  DEPART  LAST YEAR`S
                 VALUE   DATE(S)  VALUE   FROM    VALUE
                                          NORMAL
.............................................................
TEMPERATURE (F)
RECORD
 HIGH              79   11/01/2016
 LOW                2   11/30/1976
HIGHEST            67   11/05
LOWEST             18   11/11
AVG. MAXIMUM     49.6              49.4     0.2     55.9
AVG. MINIMUM     32.9              33.1    -0.2     36.2
MEAN             41.3              41.3     0.0     46.1
DAYS MAX >= 90      0               0.0     0.0        0
DAYS MAX <= 32      1               1.9    -0.9        1
DAYS MIN <= 32     11              14.5    -3.5        9
DAYS MIN <= 0       0               0.0     0.0        0

PRECIPITATION (INCHES)
RECORD
 MAXIMUM        12.82   1985
 MINIMUM         0.70   1976
TOTALS           6.31              3.81    2.50     1.29
DAYS >= .01        13              12.8     0.2        9
DAYS >= .10         7               7.4    -0.4        5
DAYS >= .50         3               2.3     0.7        0
DAYS >= 1.00        2               0.8     1.2        0
GREATEST
 24 HR. TOTAL    3.01   11/18 TO 11/18              0.38

SNOWFALL (INCHES)
RECORDS
 TOTAL           14.5   1950
TOTALS            0.1               2.2    -2.1      0.2
SINCE 7/1         0.1               2.7    -2.6      0.2
DAYS >= 1.0         0               0.8    -0.8        0
GREATEST
 24 HR TOTAL      0.1   11/01 TO 11/01

DEGREE_DAYS
HEATING TOTAL     705               713      -8      568
 SINCE 7/1       1082              1281    -199      877
COOLING TOTAL       0                 0       0        6
 SINCE 1/1        748               632     116     1084
..............................................................

WIND (MPH)
AVERAGE WIND SPEED              10.4
HIGHEST WIND SPEED/DIRECTION    30/320    DATE  11/18
HIGHEST GUST SPEED/DIRECTION    39/200    DATE  11/21

SKY COVER
AVERAGE SKY COVER           0.50

AVERAGE RH (PERCENT)     73

WEATHER CONDITIONS. NUMBER OF DAYS WITH
THUNDERSTORM              0     MIXED PRECIP               0
HEAVY RAIN                2     RAIN                       5
LIGHT RAIN               11     FREEZING RAIN              0
LT FREEZING RAIN          0     HAIL                       0
HEAVY SNOW                0     SNOW                       0
LIGHT SNOW                9     SLEET                      0
FOG                      14     FOG W/VIS <= 1/4 MILE      1
HAZE                      1

-  INDICATES NEGATIVE NUMBERS.
R  INDICATES RECORD WAS SET OR TIED.
MM INDICATES DATA IS MISSING.
T  INDICATES TRACE AMOUNT.

$$
