000
CXUS54 KBMX 011253
CLMMGM


CLIMATE REPORT
NATIONAL WEATHER SERVICE BIRMINGHAM, AL
752 AM CDT MON JUN 1 2015

...................................

...THE MONTGOMERY CLIMATE SUMMARY FOR THE MONTH OF MAY 2015...

CLIMATE NORMAL PERIOD 1981 TO 2010
CLIMATE RECORD PERIOD 1994 TO 2015

WEATHER         OBSERVED          NORMAL  DEPART  LAST YEAR`S
                 VALUE   DATE(S)  VALUE   FROM    VALUE  DATE(S)
                                          NORMAL
................................................................
TEMPERATURE (F)
RECORD
 HIGH              99   05/27/1916
 LOW               40   05/04/1971
HIGHEST            93   05/10        MM      MM       93  05/25
LOWEST             47   05/02        MM      MM       48  05/16
                                                          05/03
AVG. MAXIMUM     86.7              84.0     2.7     84.8
AVG. MINIMUM     63.3              60.7     2.6     61.1
MEAN             75.0                               73.0
DAYS MAX >= 90      6               4.2     1.8        6
DAYS MAX <= 32      0               0.0     0.0        0
DAYS MIN <= 32      0               0.0     0.0        0
DAYS MIN <= 0       0               0.0     0.0        0

PRECIPITATION (INCHES)
RECORD
 MAXIMUM        12.01   1978
 MINIMUM         0.23   2007
TOTALS           4.34              3.54    0.80     5.55
DAILY AVG.       0.14              0.11    0.03     0.18
DAYS >= .01        12               7.6     4.4        7
DAYS >= .10        11               5.2     5.8        6
DAYS >= .50         3               2.3     0.7        3
DAYS >= 1.00        0               1.2    -1.2        2

DEGREE_DAYS
HEATING TOTAL       1                10      -9       14
 SINCE 7/1       2136              2236    -100     2312
COOLING TOTAL     317               238      79      267
 SINCE 1/1        538               339     199      366
.................................................................

WIND (MPH)
AVERAGE WIND SPEED              4.0
HIGHEST WIND SPEED/DIRECTION    33/290    DATE  05/20
HIGHEST GUST SPEED/DIRECTION    44/280    DATE  05/20

AVERAGE RH (PERCENT)     67

WEATHER CONDITIONS. NUMBER OF DAYS WITH
THUNDERSTORM              0     MIXED PRECIP               0
HEAVY RAIN                9     RAIN                      10
LIGHT RAIN               12     FREEZING RAIN              0
LT FREEZING RAIN          0     HAIL                       0
HEAVY SNOW                0     SNOW                       0
LIGHT SNOW                0     SLEET                      0
FOG                      14     FOG W/VIS <= 1/4 MILE      4
HAZE                      6

-  INDICATES NEGATIVE NUMBERS.
R  INDICATES RECORD WAS SET OR TIED.
MM INDICATES DATA IS MISSING.
T  INDICATES TRACE AMOUNT.

$$
