000
CXUS53 KIND 011510
CLMMIE


CLIMATE REPORT
NATIONAL WEATHER SERVICE INDIANAPOLIS IN
1110 AM EDT MON MAY 1 2017

...................................

...THE MUNCIE IN CLIMATE SUMMARY FOR THE MONTH OF APRIL 2017...

CLIMATE NORMAL PERIOD 1981 TO 2010
CLIMATE RECORD PERIOD 9999 TO 9999

WEATHER         OBSERVED          NORMAL  DEPART  LAST YEAR`S
                 VALUE   DATE(S)  VALUE   FROM    VALUE  DATE(S)
                                          NORMAL
................................................................
TEMPERATURE (F)
HIGHEST            86   04/26                         83  04/18
LOWEST             31   04/08                         27  04/09
                                                          04/03
AVG. MAXIMUM     69.2              61.7     7.5     63.7
AVG. MINIMUM     47.1              41.1     6.0     41.4
MEAN             58.1              51.4     6.7     52.5
DAYS MAX >= 90      0               0.0     0.0        0
DAYS MAX <= 32      0               0.1    -0.1        0
DAYS MIN <= 32      1               5.2    -4.2        8
DAYS MIN <= 0       0               0.0     0.0        0

PRECIPITATION (INCHES)
TOTALS           5.46              3.67    1.79     3.19
DAILY AVG.       0.18              0.12    0.06     0.11
DAYS >= .01        13              12.3     0.7       12
DAYS >= .10         6               7.8    -1.8        8
DAYS >= .50         5               2.3     2.7        2
DAYS >= 1.00        1               0.7     0.3        0
GREATEST
 24 HR. TOTAL    2.04   04/29 TO 04/29

DEGREE_DAYS
HEATING TOTAL     233               422    -189      376
 SINCE 7/1       4207              5592   -1385     4471
COOLING TOTAL      32                14      18       10
 SINCE 1/1         34                15      19       10
.................................................................

WIND (MPH)
AVERAGE WIND SPEED              10.2
HIGHEST WIND SPEED/DIRECTION    36/320    DATE  04/06
HIGHEST GUST SPEED/DIRECTION    50/330    DATE  04/06

SKY COVER
POSSIBLE SUNSHINE (PERCENT)   MM
AVERAGE SKY COVER           0.30
NUMBER OF DAYS FAIR           16
NUMBER OF DAYS PC             11
NUMBER OF DAYS CLOUDY          3

AVERAGE RH (PERCENT)     64

WEATHER CONDITIONS. NUMBER OF DAYS WITH
THUNDERSTORM              9     MIXED PRECIP               0
HEAVY RAIN                5     RAIN                       6
LIGHT RAIN               12     FREEZING RAIN              0
LT FREEZING RAIN          0     HAIL                       0
HEAVY SNOW                0     SNOW                       0
LIGHT SNOW                0     SLEET                      0
FOG                      10     FOG W/VIS <= 1/4 MILE      0
HAZE                      5

-  INDICATES NEGATIVE NUMBERS.
R  INDICATES RECORD WAS SET OR TIED.
MM INDICATES DATA IS MISSING.
T  INDICATES TRACE AMOUNT.

$$
