000
CXUS53 KIND 011742
CLMMIE


CLIMATE REPORT
NATIONAL WEATHER SERVICE INDIANAPOLIS IN
1236 PM EST SUN FEB 1 2015

...................................

...THE MUNCIE IN CLIMATE SUMMARY FOR THE MONTH OF JANUARY 2015...

CLIMATE NORMAL PERIOD 1981 TO 2010
CLIMATE RECORD PERIOD 9999 TO 9999

WEATHER         OBSERVED          NORMAL  DEPART  LAST YEAR`S
                 VALUE   DATE(S)  VALUE   FROM    VALUE  DATE(S)
                                          NORMAL
................................................................
TEMPERATURE (F)
HIGHEST            54   01/03                         48  01/13
LOWEST             -8   01/08                        -14  01/07
AVG. MAXIMUM     32.3              34.0    -1.7     28.5
AVG. MINIMUM     16.5              18.9    -2.4      9.5
MEAN             24.4              26.5    -2.1     19.0
DAYS MAX >= 90      0               0.0     0.0        0
DAYS MAX <= 32     12              13.1    -1.1       20
DAYS MIN <= 32     29              26.6     2.4       27
DAYS MIN <= 0       4               2.7     1.3       10

PRECIPITATION (INCHES)
TOTALS           1.93              2.23   -0.30     0.63
DAILY AVG.       0.06              0.07   -0.01     0.02
DAYS >= .01        11               9.5     1.5        9
DAYS >= .10         5               4.9     0.1        3
DAYS >= .50         1               0.9     0.1        0
DAYS >= 1.00        0               0.2    -0.2        0
GREATEST
 24 HR. TOTAL    0.80   01/03 TO 01/04

DEGREE_DAYS
HEATING TOTAL    1251              1195      56     1326
 SINCE 7/1       3563              3393     170     3666
COOLING TOTAL       0                 0       0        0
 SINCE 1/1          0                 0       0        0
.................................................................

WIND (MPH)
AVERAGE WIND SPEED              9.6
HIGHEST WIND SPEED/DIRECTION    33/280    DATE  01/09
HIGHEST GUST SPEED/DIRECTION    47/280    DATE  01/09

SKY COVER
POSSIBLE SUNSHINE (PERCENT)   MM
AVERAGE SKY COVER           0.50
NUMBER OF DAYS FAIR           11
NUMBER OF DAYS PC             11
NUMBER OF DAYS CLOUDY          9

AVERAGE RH (PERCENT)     75

WEATHER CONDITIONS. NUMBER OF DAYS WITH
THUNDERSTORM              0     MIXED PRECIP               0
HEAVY RAIN                0     RAIN                       1
LIGHT RAIN                8     FREEZING RAIN              0
LT FREEZING RAIN          1     HAIL                       0
HEAVY SNOW                1     SNOW                       5
LIGHT SNOW               13     SLEET                      0
FOG                      24     FOG W/VIS <= 1/4 MILE      2
HAZE                     18

-  INDICATES NEGATIVE NUMBERS.
R  INDICATES RECORD WAS SET OR TIED.
MM INDICATES DATA IS MISSING.
T  INDICATES TRACE AMOUNT.

$$
