000
CXUS53 KMKX 011134
CLMMKE


CLIMATE REPORT
NATIONAL WEATHER SERVICE IN MILWAUKEE
631 AM CDT MON AUG 1 2016

...................................

...THE MILWAUKEE WI CLIMATE SUMMARY FOR THE MONTH OF JULY 2016...

CLIMATE NORMAL PERIOD 1981 TO 2010
CLIMATE RECORD PERIOD 1871 TO 2016

WEATHER         OBSERVED          NORMAL  DEPART  LAST YEAR`S
                 VALUE   DATE(S)  VALUE   FROM    VALUE  DATE(S)
                                          NORMAL
................................................................
TEMPERATURE (F)
RECORD
 HIGH             105   07/24/1934
 LOW               44   07/10/1963
HIGHEST            94   07/24        94       0       91  07/17
LOWEST             55   07/03        52       3       51  07/08
                                                          07/02
                                                          07/01
AVG. MAXIMUM     82.8              80.1     2.7     79.3
AVG. MINIMUM     66.3              63.5     2.8     61.7
MEAN             74.5              71.8     2.7     70.5
DAYS MAX >= 90      6               2.9     3.1        1
DAYS MAX <= 32      0               0.0     0.0        0
DAYS MIN <= 32      0               0.0     0.0        0
DAYS MIN <= 0       0               0.0     0.0        0

PRECIPITATION (INCHES)
RECORD
 MAXIMUM        10.93   2010
 MINIMUM         0.28   1936
TOTALS           1.76              3.67   -1.91     1.60
DAILY AVG.       0.06              0.12   -0.06     0.05
DAYS >= .01         8               9.8    -1.8        5
DAYS >= .10         4               6.1    -2.1        4
DAYS >= .50         2               2.4    -0.4        1
DAYS >= 1.00        0               0.8    -0.8        0
GREATEST
 24 HR. TOTAL    0.88   07/23 TO 07/24              0.56

DEGREE_DAYS
HEATING TOTAL       2                11      -9       28
 SINCE 7/1          2                11      -9       28
COOLING TOTAL     306               222      84      208
 SINCE 1/1        502               372     130      307
.................................................................

WIND (MPH)
AVERAGE WIND SPEED              8.9
HIGHEST WIND SPEED/DIRECTION    33/320    DATE  07/21
HIGHEST GUST SPEED/DIRECTION    45/330    DATE  07/21

SKY COVER
POSSIBLE SUNSHINE (PERCENT)   MM
AVERAGE SKY COVER           0.50
NUMBER OF DAYS FAIR            4
NUMBER OF DAYS PC             23
NUMBER OF DAYS CLOUDY          4

AVERAGE RH (PERCENT)     69

WEATHER CONDITIONS. NUMBER OF DAYS WITH
THUNDERSTORM              7     MIXED PRECIP               0
HEAVY RAIN                2     RAIN                       3
LIGHT RAIN               10     FREEZING RAIN              0
LT FREEZING RAIN          0     HAIL                       0
HEAVY SNOW                0     SNOW                       0
LIGHT SNOW                0     SLEET                      0
FOG                       7     FOG W/VIS <= 1/4 MILE      1
HAZE                      6

-  INDICATES NEGATIVE NUMBERS.
R  INDICATES RECORD WAS SET OR TIED.
MM INDICATES DATA IS MISSING.
T  INDICATES TRACE AMOUNT.

$$
