000
CXUS53 KMKX 031445 CCA
CLMMKE

CLIMATE REPORT
NATIONAL WEATHER SERVICE IN MILWAUKEE
945 AM CDT FRI NOV 3 2017

...................................

...THE MILWAUKEE WI CLIMATE SUMMARY FOR THE MONTH OF OCTOBER 2017
CORRECTED...

CLIMATE NORMAL PERIOD 1981 TO 2010
CLIMATE RECORD PERIOD 1871 TO 2017

WEATHER         OBSERVED          NORMAL  DEPART  LAST YEAR`S
                 VALUE   DATE(S)  VALUE   FROM    VALUE  DATE(S)
                                          NORMAL
................................................................
TEMPERATURE (F)
RECORD
 HIGH              89   10/06/1963
 LOW               15   10/25/1887
HIGHEST            82   10/03        78       4       80  10/17
LOWEST             35   10/31        29       6       37  10/25
                        10/29
                        10/26
AVG. MAXIMUM     64.6              59.3     5.3     64.6
AVG. MINIMUM     49.6              43.2     6.4     47.8
MEAN             57.1              51.3     5.8     56.2
DAYS MAX >= 90      0               0.0     0.0        0
DAYS MAX <= 32      0               0.0     0.0        0
DAYS MIN <= 32      0               2.3    -2.3        0
DAYS MIN <= 0       0               0.0     0.0        0

PRECIPITATION (INCHES)
RECORD
 MAXIMUM         7.15   1877
 MINIMUM         0.09   1924
TOTALS           4.09              2.65    1.44     3.56
DAILY AVG.       0.13              0.09    0.04     0.11
DAYS >= .01        14              10.0     4.0       10
DAYS >= .10         8               5.6     2.4        4
DAYS >= .50         3               1.8     1.2        2
DAYS >= 1.00        0               0.4    -0.4        2
GREATEST
 24 HR. TOTAL    0.86   10/11 TO 10/11              1.80

SNOWFALL (INCHES)
RECORDS
 TOTAL            6.3   1989
TOTALS              T               0.3    -0.3      0.0
SINCE 7/1           T               0.3    -0.3      0.0
SNOWDEPTH AVG.      0                MM      MM        0
DAYS >= 1.0         0               0.1    -0.1        0
GREATEST
 SNOW DEPTH         0   MM                             0  MM
 24 HR TOTAL        T   10/31 TO 10/31               0.0

DEGREE_DAYS
HEATING TOTAL     263               433    -170      275
 SINCE 7/1        335               585    -250      302
COOLING TOTAL      27                 7      20       11
 SINCE 1/1        772               641     131      988
.................................................................

WIND (MPH)
AVERAGE WIND SPEED              10.3
HIGHEST WIND SPEED/DIRECTION    30/290    DATE  10/15
HIGHEST GUST SPEED/DIRECTION    39/310    DATE  10/15

SKY COVER
POSSIBLE SUNSHINE (PERCENT)   MM
AVERAGE SKY COVER           0.70
NUMBER OF DAYS FAIR            5
NUMBER OF DAYS PC             11
NUMBER OF DAYS CLOUDY         14

AVERAGE RH (PERCENT)     70

WEATHER CONDITIONS. NUMBER OF DAYS WITH
THUNDERSTORM         3       MIXED PRECIP       0
HEAVY RAIN           M       RAIN              18
LIGHT RAIN           M       FREEZING RAIN      0
LT FREEZING RAIN     0       HAIL               0
HEAVY SNOW           0       SNOW               2
LIGHT SNOW           2       SLEET              0
FOG                 12  FOG W/VIS <= 1/4 MILE   1
HAZE                 2

-  INDICATES NEGATIVE NUMBERS.
R  INDICATES RECORD WAS SET OR TIED.
MM INDICATES DATA IS MISSING.
T  INDICATES TRACE AMOUNT.

$$
