000
CXUS51 KCAR 011227
CLMMLT


CLIMATE REPORT
NATIONAL WEATHER SERVICE CARIBOU, ME
747 AM EDT TUE APR 1 2014

...................................

...THE MILLINOCKET ME CLIMATE SUMMARY FOR THE MONTH OF MARCH 2014...

CLIMATE NORMAL PERIOD 1981 TO 2010
CLIMATE RECORD PERIOD 1903 TO 2014

WEATHER         OBSERVED          NORMAL  DEPART  LAST YEAR`S
                 VALUE   DATE(S)  VALUE   FROM    VALUE  DATE(S)
                                          NORMAL
................................................................
TEMPERATURE (F)
RECORD
 HIGH              80   03/22/2012
 LOW              -32   03/02/1920
HIGHEST            48   03/29        MM      MM       53  03/31
LOWEST            -12   03/01        MM      MM        8  03/18
AVG. MAXIMUM     31.2              37.9    -6.7     39.5
AVG. MINIMUM      9.5              18.1    -8.6     25.0
MEAN             20.4              28.0    -7.6     32.2
DAYS MAX >= 90      0               0.0     0.0        0
DAYS MAX <= 32     15               7.7     7.3        6
DAYS MIN <= 32     30              28.9     1.1       25
DAYS MIN <= 0       8               2.0     6.0        0

PRECIPITATION (INCHES)
RECORD
 MAXIMUM         4.62   2010
 MINIMUM         0.46   2006
TOTALS           2.60                     -0.46
DAILY AVG.       0.08              0.10   -0.02     0.05
DAYS >= .01        10                MM      MM       10
DAYS >= .10         5                MM      MM        6
DAYS >= .50         2                MM      MM        0
DAYS >= 1.00        0                MM      MM        0

SNOWFALL (INCHES)
RECORDS
 TOTAL             MM   MM
TOTALS             MM                MM      MM      0.0
SINCE 7/1          MM                MM      MM      0.0
SNOWDEPTH AVG.     MM                MM      MM        0
DAYS >= 1.0         0                MM      MM        0
GREATEST
 SNOW DEPTH        MM                                  0  MM
 24 HR TOTAL       MM                            03/31 TO 03/31
                                                          03/31 TO 03/31
                                                          03/31 TO 03/31

DEGREE_DAYS
HEATING TOTAL    1378              1147     231     1007
 SINCE 7/1       7416              7199     217     6558
COOLING TOTAL       0                 0       0        0
 SINCE 1/1          0                 0       0        0
..................................................

WIND (MPH)
AVERAGE WIND SPEED              7.3
HIGHEST WIND SPEED/DIRECTION    31/330    DATE  03/26
HIGHEST GUST SPEED/DIRECTION    42/300    DATE  03/14

SKY COVER
POSSIBLE SUNSHINE (PERCENT)   MM
AVERAGE SKY COVER           0.50
NUMBER OF DAYS FAIR           14
NUMBER OF DAYS PC              7
NUMBER OF DAYS CLOUDY         10

AVERAGE RH (PERCENT)     60

WEATHER CONDITIONS. NUMBER OF DAYS WITH
THUNDERSTORM              0     MIXED PRECIP               0
HEAVY RAIN                1     RAIN                       1
LIGHT RAIN                2     FREEZING RAIN              0
LT FREEZING RAIN          1     HAIL                       0
HEAVY SNOW                3     SNOW                       7
LIGHT SNOW               13     SLEET                      0
FOG                      11     FOG W/VIS <= 1/4 MILE      5
HAZE                     14

-  INDICATES NEGATIVE NUMBERS.
R  INDICATES RECORD WAS SET OR TIED.
MM INDICATES DATA IS MISSING.
T  INDICATES TRACE AMOUNT.

$$
