000
CXUS51 KCAR 101809
CLMMLT


CLIMATE REPORT
NATIONAL WEATHER SERVICE CARIBOU, ME
207 PM EDT TUE MAR 10 2015

...................................

...THE MILLINOCKET ME CLIMATE SUMMARY FOR THE SEASON, FROM
12/1/2014 TO 2/28/2015...

CLIMATE NORMAL PERIOD 1981 TO 2010
CLIMATE RECORD PERIOD 1903 TO 2015

WEATHER         OBSERVED          NORMAL  DEPART  LAST YEAR`S
                 VALUE   DATE(S)  VALUE   FROM    VALUE  DATE(S)
                                          NORMAL
................................................................
TEMPERATURE (F)
RECORD
 HIGH              62   02/21/1994
                        12/11/1907
 LOW              -42   02/02/1962
HIGHEST            47   12/25        MM      MM       53  01/06
LOWEST            -18   01/14        MM      MM      -16  01/02
                                                          01/01
AVG. MAXIMUM     24.1              27.4    -3.3     25.5
AVG. MINIMUM      5.9               9.0    -3.1      7.4
MEAN             15.0              18.2    -3.2     16.5
DAYS MAX >= 90      0               0.0     0.0        0
DAYS MAX <= 32     68              59.3     8.7       66
DAYS MIN <= 32     84              88.0    -4.0       86
DAYS MIN <= 0      40              22.7    17.3       34

PRECIPITATION (INCHES)
RECORD
 MAXIMUM         9.71   2008
 MINIMUM         6.19   2007
TOTALS           8.75                      0.11
DAILY AVG.       0.10              0.10    0.00     0.08
DAYS >= .01        38                MM      MM       34
DAYS >= .10        20                MM      MM       23
DAYS >= .50         4                MM      MM        4
DAYS >= 1.00        2                MM      MM        1
GREATEST
 24 HR. TOTAL    1.93   MM                       02/28 TO 02/28
                                                          02/28 TO 02/28
                                                          02/28 TO 02/28

SNOWFALL (INCHES)
RECORDS
 TOTAL             MM   MM
TOTALS             MM                MM      MM       MM
SINCE 7/1          MM                MM      MM      0.0
SNOWDEPTH AVG.     MM                MM      MM        0
DAYS >= 1.0         0                MM      MM        0
GREATEST
 SNOW DEPTH        MM                                  0  MM
 24 HR TOTAL       MM                                 MM

DEGREE_DAYS
HEATING TOTAL    4449              4209     240     4346
 SINCE 7/1       6045              6052      -7     6038
COOLING TOTAL       0                 0       0        0
 SINCE 1/1          0                 0       0        0
.........................................................

WIND (MPH)
AVERAGE WIND SPEED              6.4
HIGHEST WIND SPEED/DIRECTION    32/320    DATE  02/16
HIGHEST GUST SPEED/DIRECTION    47/270    DATE  01/05

SKY COVER
POSSIBLE SUNSHINE (PERCENT)   MM
AVERAGE SKY COVER           0.60
NUMBER OF DAYS FAIR           33
NUMBER OF DAYS PC             24
NUMBER OF DAYS CLOUDY         33

AVERAGE RH (PERCENT)     69

WEATHER CONDITIONS. NUMBER OF DAYS WITH
THUNDERSTORM              0     MIXED PRECIP               0
HEAVY RAIN                1     RAIN                       5
LIGHT RAIN               10     FREEZING RAIN              1
LT FREEZING RAIN          6     HAIL                       0
HEAVY SNOW                4     SNOW                      15
LIGHT SNOW               44     SLEET                      0
FOG                      56     FOG W/VIS <= 1/4 MILE      9
HAZE                     44

-  INDICATES NEGATIVE NUMBERS.
R  INDICATES RECORD WAS SET OR TIED.
MM INDICATES DATA IS MISSING.
T  INDICATES TRACE AMOUNT.

$$
