000
CXUS55 KMSO 011620
CLMMSO


CLIMATE REPORT
NATIONAL WEATHER SERVICE MISSOULA, MT
1020 AM MDT SAT JUL 1 2017

...................................

...THE MISSOULA MT CLIMATE SUMMARY FOR THE MONTH OF JUNE 2017...

CLIMATE NORMAL PERIOD 1981 TO 2010
CLIMATE RECORD PERIOD 1893 TO 2017

WEATHER         OBSERVED          NORMAL  DEPART  LAST YEAR`S
                 VALUE   DATE(S)  VALUE   FROM    VALUE
                                          NORMAL
.............................................................
TEMPERATURE (F)
RECORD
 HIGH             102   06/28/2015
 LOW               30   06/10/1999
                        06/19/1920
                        06/01/1917
HIGHEST            94   06/26        MM      MM       94
LOWEST             34   06/11        MM      MM       34
AVG. MAXIMUM     76.4              75.2     1.2     80.0
AVG. MINIMUM     48.0              46.6     1.4     46.3
MEAN             62.2              60.9     1.3     63.2
DAYS MAX >= 90      3               2.3     0.7        7
DAYS MAX <= 32      0               0.0     0.0        0
DAYS MIN <= 32      0               0.2    -0.2        0
DAYS MIN <= 0       0               0.0     0.0        0

PRECIPITATION (INCHES)
RECORD
 MAXIMUM         4.79   1907
 MINIMUM         0.22   1918
TOTALS           2.02              2.07   -0.05     0.76
DAILY AVG.       0.07              0.07    0.00     0.03
DAYS >= .01        12              12.1    -0.1        9
DAYS >= .10         5               6.1    -1.1        3
DAYS >= .50         1               1.0     0.0        0
DAYS >= 1.00        0               0.0     0.0        0
GREATEST
 24 HR. TOTAL    1.10   06/12 TO 06/13              0.27

SNOWFALL (INCHES)
TOTALS              T                 T     0.0        T
SINCE 7/1        67.3              37.9    29.4     30.2
DAYS >= TRACE       1               0.1     0.9        2
DAYS >= 1.0         0               0.0     0.0        0
GREATEST
 SNOW DEPTH         0   MM                             0
 24 HR TOTAL        T   06/04 TO 06/04                 T

DEGREE_DAYS
HEATING TOTAL     115               160     -45
 SINCE 7/1       7593              7284     309
COOLING TOTAL      40                37       3
 SINCE 1/1         49                43       6
..............................................................

WIND (MPH)
AVERAGE WIND SPEED              5.8
HIGHEST WIND SPEED/DIRECTION    35/180    DATE  06/12
HIGHEST GUST SPEED/DIRECTION    44/180    DATE  06/12

SKY COVER
POSSIBLE SUNSHINE (PERCENT)   MM
AVERAGE SKY COVER           0.30
NUMBER OF DAYS FAIR           17
NUMBER OF DAYS PC              9
NUMBER OF DAYS CLOUDY          4

AVERAGE RH (PERCENT)     59

WEATHER CONDITIONS. NUMBER OF DAYS WITH
THUNDERSTORM              0     MIXED PRECIP               0
HEAVY RAIN                2     RAIN                       5
LIGHT RAIN               15     FREEZING RAIN              0
LT FREEZING RAIN          0     HAIL                       1
HEAVY SNOW                0     SNOW                       0
LIGHT SNOW                0     SLEET                      0
FOG                       9     FOG W/VIS <= 1/4 MILE      1
HAZE                      0

-  INDICATES NEGATIVE NUMBERS.
R  INDICATES RECORD WAS SET OR TIED.
MM INDICATES DATA IS MISSING.
T  INDICATES TRACE AMOUNT.

$$
