000
CXUS56 KOTX 011142
CLMMWH


CLIMATE REPORT
NATIONAL WEATHER SERVICE SPOKANE, WA
327 AM PST FRI DEC 1 2017

...................................

...THE MOSES LAKE WA AIRPORT CLIMATE SUMMARY FOR THE MONTH OF NOVEMBER 2017...

CLIMATE NORMAL PERIOD 1981 TO 2010
CLIMATE RECORD PERIOD 9999 TO 9999

WEATHER         OBSERVED          NORMAL  DEPART  LAST YEAR`S
                 VALUE   DATE(S)  VALUE   FROM    VALUE  DATE(S)
                                          NORMAL
................................................................
TEMPERATURE (F)
RECORD
 HIGH              MM   MM
 LOW               MM   MM
HIGHEST            64   11/23        MM      MM       66  11/10
LOWEST             20   11/07        MM      MM       24  11/17
AVG. MAXIMUM     46.3              46.1     0.2     53.7
AVG. MINIMUM     30.7              29.0     1.7     37.2
MEAN             38.5              37.5     1.0     45.5
DAYS MAX >= 90      0               0.0     0.0        0
DAYS MAX <= 32      0               2.2    -2.2        0
DAYS MIN <= 32     20              18.4     1.6        6
DAYS MIN <= 0       0               0.1    -0.1        0

PRECIPITATION (INCHES)
RECORD
 MAXIMUM           MM   MM
 MINIMUM           MM   MM
TOTALS           1.89              1.20    0.69     0.93
DAILY AVG.       0.06              0.04    0.02     0.03
DAYS >= .01        15                MM      MM       14
DAYS >= .10         6                MM      MM        5
DAYS >= .50         0                MM      MM        0
DAYS >= 1.00        0                MM      MM        0
GREATEST
 24 HR. TOTAL    0.43   11/15 TO 11/15           11/14 TO 11/15

SNOWFALL (INCHES)
RECORDS
 TOTAL             MM   MM
TOTALS             MM                MM      MM       MM
SINCE 7/1          MM                MM      MM       MM
SNOWDEPTH AVG.     MM                MM      MM       MM
DAYS >= 1.0        MM                MM      MM       MM
GREATEST
 SNOW DEPTH        MM                                 MM  MM
 24 HR TOTAL       MM                                 MM

DEGREE_DAYS
HEATING TOTAL     787               824     -37      581
 SINCE 7/1       1419              1461     -42     1113
COOLING TOTAL       0                 0       0        0
 SINCE 1/1        886               615     271      629
..........................................................

WIND (MPH)
AVERAGE WIND SPEED              6.6
HIGHEST WIND SPEED/DIRECTION    28/190    DATE  11/13
HIGHEST GUST SPEED/DIRECTION    37/210    DATE  11/13

SKY COVER
POSSIBLE SUNSHINE (PERCENT)   MM
AVERAGE SKY COVER           0.50
NUMBER OF DAYS FAIR           10
NUMBER OF DAYS PC             10
NUMBER OF DAYS CLOUDY         10

AVERAGE RH (PERCENT)     77

WEATHER CONDITIONS. NUMBER OF DAYS WITH
THUNDERSTORM              0     MIXED PRECIP               0
HEAVY RAIN                0     RAIN                       2
LIGHT RAIN               13     FREEZING RAIN              0
LT FREEZING RAIN          0     HAIL                       0
HEAVY SNOW                0     SNOW                       0
LIGHT SNOW                2     SLEET                      0
FOG                      12     FOG W/VIS <= 1/4 MILE      5
HAZE                      0

-  INDICATES NEGATIVE NUMBERS.
R  INDICATES RECORD WAS SET OR TIED.
MM INDICATES DATA IS MISSING.
T  INDICATES TRACE AMOUNT.

$$
