283
CXUS53 KOAX 011710
CLMOAX

CLIMATE REPORT
NATIONAL WEATHER SERVICE OMAHA NEBRASKA
1209 PM CDT FRI APR 1 2016

...................................

...THE VALLEY  NWS, NEBRASKA CLIMATE SUMMARY FOR THE MONTH OF MARCH 2016...

CLIMATE NORMAL PERIOD 1981 TO 2010
CLIMATE RECORD PERIOD 1997 TO 2016

WEATHER         OBSERVED          NORMAL  DEPART  LAST YEAR`S
                 VALUE   DATE(S)  VALUE   FROM    VALUE
                                          NORMAL
.............................................................
TEMPERATURE (F)
HIGHEST            77   03/07
LOWEST             21   03/01
AVG. MAXIMUM     57.8              48.6     9.2
AVG. MINIMUM     36.1              28.0     8.1
MEAN             47.0              38.3     8.7
DAYS MAX >= 90      0
DAYS MAX <= 32      1
DAYS MIN <= 32     14
DAYS MIN <= 0       0

PRECIPITATION (INCHES)
TOTALS           1.18
DAYS >= .01         9
DAYS >= .10         3
DAYS >= .50         1
DAYS >= 1.00        0
GREATEST
 24 HR. TOTAL    0.57   03/26 TO 03/26

SNOWFALL (INCHES)
TOTALS            0.2                                0.2
 LIQUID EQUIV    0.02
SINCE 7/1        28.7
SNOWDEPTH AVG.      0
DAYS >= TRACE       5
DAYS >= 1.0         0
GREATEST
 SNOW DEPTH         0
 24 HR TOTAL      0.1   03/19 TO 03/19
                        03/01 TO 03/01

DEGREE DAYS
HEATING TOTAL     553
 SINCE 7/1       4541
COOLING TOTAL       0
 SINCE 1/1          0
..............................................................

WIND (MPH)
HIGHEST GUST SPEED  51


WEATHER CONDITIONS. NUMBER OF DAYS WITH
THUNDERSTORM              3     MIXED PRECIP               1
HEAVY RAIN                1     RAIN                       3
LIGHT RAIN               10     FREEZING RAIN              0
LT FREEZING RAIN          0     HAIL                       0
HEAVY SNOW                0     SNOW                       0
LIGHT SNOW                5     SLEET                      1
FOG                       7     FOG W/VIS <= 1/4 MILE      3
HAZE                      1

-  INDICATES NEGATIVE NUMBERS.
R  INDICATES RECORD WAS SET OR TIED.
MM INDICATES DATA IS MISSING.
T  INDICATES TRACE AMOUNT.
>= INDICATES GREATER THAN OR EQUAL TO.
<= INDICATES LESS THAN OR EQUAL TO.

$$

JEK
