000
CXUS53 KGID 211826 AAA
CLMODX

CLIMATE REPORT...UPDATED
NATIONAL WEATHER SERVICE HASTINGS NE
1226 PM CST FRI NOV 21 2014

UPDATED TO INCLUDE ADDITIONAL MONTHLY INFO AT BOTTOM

...................................

...THE ORD NE CLIMATE SUMMARY FOR THE MONTH OF OCTOBER 2014...

CLIMATE NORMAL PERIOD 1981 TO 2010
CLIMATE RECORD PERIOD 1895 TO 2014

WEATHER         OBSERVED          NORMAL  DEPART  LAST YEAR`S
                 VALUE   DATE(S)  VALUE   FROM    VALUE
                                          NORMAL
.............................................................
TEMPERATURE (F)
HIGHEST            79   10/24        MM      MM       81
LOWEST             19   10/31        MM      MM       23
                        10/29
AVG. MAXIMUM     66.8              63.0     3.8     61.0
AVG. MINIMUM     36.0              36.3    -0.3     35.0
MEAN             51.4              49.6     1.8     48.0
DAYS MAX >= 90      0               0.5    -0.5        0
DAYS MAX <= 32      0
DAYS MIN <= 32      8               9.8    -1.8       14
DAYS MIN <= 0       0

PRECIPITATION (INCHES)
TOTALS           1.14              1.93   -0.79     1.62
DAILY AVG.       0.04              0.06   -0.02     0.05
DAYS >= .01         6                MM      MM        8
DAYS >= .10         3                MM      MM        2
DAYS >= .50         1                MM      MM        1
DAYS >= 1.00        0                MM      MM        1
GREATEST
 24 HR. TOTAL    0.89   10/01 TO 10/02

DEGREE_DAYS
HEATING TOTAL     414
 SINCE 7/1        570
COOLING TOTAL       0
 SINCE 1/1        692
..............................................................

WIND (MPH)
AVERAGE WIND SPEED              8.0
HIGHEST WIND SPEED/DIRECTION    36/340    DATE  10/05
HIGHEST GUST SPEED/DIRECTION    50/330    DATE  10/05

SKY COVER
POSSIBLE SUNSHINE (PERCENT)   MM
NUMBER OF DAYS FAIR           25
NUMBER OF DAYS PC              6
NUMBER OF DAYS CLOUDY          0

AVERAGE RH (PERCENT)     62

WEATHER CONDITIONS. NUMBER OF DAYS WITH
THUNDERSTORM              1     MIXED PRECIP               0
HEAVY RAIN                1     RAIN                       2
LIGHT RAIN                6     FREEZING RAIN              0
LT FREEZING RAIN          0     HAIL                       0
HEAVY SNOW                0     SNOW                       0
LIGHT SNOW                0     SLEET                      0
FOG                       5     FOG W/VIS <= 1/4 MILE      3
HAZE                      3

-  INDICATES NEGATIVE NUMBERS.
R  INDICATES RECORD WAS SET OR TIED.
MM INDICATES DATA IS MISSING.
T  INDICATES TRACE AMOUNT.

&&

...OCTOBER 2014 SUMMARY FOR ORD EVELYN SHARP FIELD AIRPORT...

...TEMPERATURES

AVERAGE HIGH TEMPERATURE:     66.8 DEGREES (3.8 ABOVE NORMAL)
AVERAGE LOW TEMPERATURE:      36.0 DEGREES (0.3 BELOW NORMAL)
AVERAGE MEAN TEMPERATURE:     51.4 DEGREES (1.8 ABOVE NORMAL)

WARMEST HIGH TEMPERATURE:      79 DEGREES ON THE 24TH
COOLEST HIGH TEMPERATURE:      43 DEGREES ON THE 31ST

COLDEST LOW TEMPERATURE:       19 DEGREES ON THE 29TH, 31ST
WARMEST LOW TEMPERATURE:       53 DEGREES ON THE 1ST

WARMEST 2-DAY STRETCH BASED
ON AVERAGE HIGH TEMPERATURE:   76.0 DEGREES FROM THE 23RD-24TH

COOLEST 2-DAY STRETCH BASED
ON AVERAGE HIGH TEMPERATURE:   51.5 DEGREES FROM THE 30TH-31ST

WARMEST WEEK BASED
ON AVERAGE MEAN TEMPERATURE:   55.8 DEGREES FROM THE 20TH-26TH

COOLEST WEEK BASED
ON AVERAGE MEAN TEMPERATURE:   45.7 DEGREES FROM THE 25TH-31ST

WARMEST WEEK BASED
ON AVERAGE HIGH TEMPERATURE:   73.9 DEGREES FROM THE 20TH-26TH

COOLEST WEEK BASED
ON AVERAGE HIGH TEMPERATURE:   62.1 DEGREES FROM THE 25TH-31ST

COOLEST WEEK BASED
ON AVERAGE LOW TEMPERATURE:    29.3 DEGREES FROM THE 25TH-31ST


...PRECIPITATION

TOTAL MONTHLY PRECIPITATION: 1.14 INCHES  (0.79 BELOW NORMAL)

NUMBER OF DAYS WITH MEASURABLE PRECIPITATION (0.01 OR MORE): 6

HIGHEST CALENDAR DAY PRECIPITATION:  0.66 INCHES ON THE 2ND
HIGHEST 2-DAY PRECIPITATION TOTAL:   0.89 INCHES ON THE 1ST-2ND


PRECIPITATION TOTALS AND DEPARTURES
FROM NORMAL FOR THE PAST 12 MONTHS:

MONTH          PRECIP.  DEPARTURE

NOV  2013       0.50      -0.57
DEC  2013       TRACE     -0.59
JAN  2014       0.06      -0.31
FEB  2014       0.19      -0.25
MAR  2014       0.20      -1.25
APR  2014       1.26      -1.33
MAY  2014       0.51      -3.30
JUN  2014       8.08      +3.96
JUL  2014       2.07      -0.90
AUG  2014       5.27      +2.11
SEP  2014       1.68      -0.76
OCT  2014       1.14      -0.79

12-MONTH TOTAL  20.96     -3.98


...OTHER WEATHER ELEMENTS

HIGHEST WIND GUST: 50 MPH FROM THE NORTHWEST ON THE 5TH
(OCCURRED AT 601 PM CDT WITH A RAIN SHOWER IN THE AREA)

HIGHEST SURFACE SEA LEVEL PRESSURE: 30.64 ON THE 31ST
LOWEST SURFACE SEA LEVEL PRESSURE:  29.54 ON THE 26TH

...SEVERE-CRITERIA THUNDERSTORM REPORTS IN/NEAR ORD

NWS HASTINGS RECEIVED NO REPORTS OF SEVERE-CRITERIA HAIL OR
THUNDERSTORM WIND GUSTS DURING OCTOBER 2014 FROM ANYWHERE IN
VALLEY COUNTY.

$$

PFANNKUCH
