000
CXUS52 KCAE 022320
CLMOGB


CLIMATE REPORT
NATIONAL WEATHER SERVICE COLUMBIA SC
657 PM EDT TUE MAY 2 2017

...................................

...THE ORANGEBURG AIRPORT SC CLIMATE SUMMARY FOR THE MONTH OF APRIL 2017...

CLIMATE NORMAL PERIOD 1981 TO 2010
CLIMATE RECORD PERIOD 9999 TO 9999

WEATHER         OBSERVED          NORMAL  DEPART
                 VALUE   DATE(S)  VALUE   FROM
                                          NORMAL
................................................
TEMPERATURE (F)
HIGHEST            90   04/28        MM      MM
LOWEST             37R  04/08        MM      MM
AVG. MAXIMUM     80.4              76.6     3.8
AVG. MINIMUM     56.3              50.5     5.8
MEAN             68.3              63.5     4.8
DAYS MAX >= 90      1               0.9     0.1
DAYS MAX <= 32      0               0.0     0.0
DAYS MIN <= 32      0               0.3    -0.3
DAYS MIN <= 0       0               0.0     0.0

PRECIPITATION (INCHES)
TOTALS           5.50              2.85    2.65
DAYS >= .01         6                MM      MM
DAYS >= .10         4                MM      MM
DAYS >= .50         3                MM      MM
DAYS >= 1.00        2                MM      MM
GREATEST
 24 HR. TOTAL    3.22   04/24 TO 04/24

SNOWFALL (INCHES)
DAYS >= TRACE       0

DEGREE_DAYS
HEATING TOTAL      37               108     -71
 SINCE 7/1       1618              2317    -699
COOLING TOTAL     139                65      74
 SINCE 1/1        211                85     126
.................................................

WIND (MPH)
AVERAGE WIND SPEED              6.3
RESULTANT WIND SPEED/DIRECTION   3/202
HIGHEST WIND SPEED/DIRECTION    32/280    DATE  04/03
HIGHEST GUST SPEED/DIRECTION    46/270    DATE  04/03

SKY COVER
POSSIBLE SUNSHINE (PERCENT)   MM
AVERAGE SKY COVER           0.30
NUMBER OF DAYS FAIR           20
NUMBER OF DAYS PC              9
NUMBER OF DAYS CLOUDY          1

AVERAGE RH (PERCENT)     70

WEATHER CONDITIONS. NUMBER OF DAYS WITH
THUNDERSTORM              6     MIXED PRECIP               0
HEAVY RAIN                4     RAIN                       4
LIGHT RAIN                7     FREEZING RAIN              0
LT FREEZING RAIN          0     HAIL                       0
HEAVY SNOW                0     SNOW                       0
LIGHT SNOW                0     SLEET                      0
FOG                      16     FOG W/VIS <= 1/4 MILE      4
HAZE                      0

-  INDICATES NEGATIVE NUMBERS.
R  INDICATES RECORD WAS SET OR TIED.
MM INDICATES DATA IS MISSING.
T  INDICATES TRACE AMOUNT.

$$
