646
CXAK59 PAOM 120100
CLMOME

CLIMATE REPORT
NATIONAL WEATHER SERVICE NOME, AK
4 PM AKST MON JAN 11 2016

...................................

...THE NOME WSO AP CLIMATE SUMMARY FOR THE MONTH OF DECEMBER 2015...

CLIMATE NORMAL PERIOD 1981 TO 2010
CLIMATE RECORD PERIOD 1906 TO 2015

WEATHER         OBSERVED          NORMAL  DEPART  LAST YEAR`S
                 VALUE   DATE(S)  VALUE   FROM    VALUE  DATE(S)
                                          NORMAL
................................................................
TEMPERATURE (F)
RECORD
 HIGH              43   12/20/1969
 LOW              -42   12/29/1929
HIGHEST            38   12/30        34       4      35  12/30
LOWEST            -17   12/23       -21       4     -16  12/26
AVG. MAXIMUM       18.2              16.8     1.4    21.5
AVG. MINIMUM        4.9               2.2     2.7     9.7
MEAN               11.5               9.5     2.0    15.6
DAYS MAX >= 90      0                 0.0     0.0     0
DAYS MAX <= 32     28                27.2     0.8    28
DAYS MAX >= 80      0                 0.0     0.0     0
DAYS MAX >= 70      0                 0.0     0.0     0
DAYS MIN <= 32     31                30.8     0.2    31
DAYS MIN <= 0      15                14.3     0.7     7

PRECIPITATION (INCHES)
RECORD
 MAXIMUM            3.84   1931
 MINIMUM            0.00   1917
TOTALS              0.78              1.08   -0.30    0.54
DAILY AVG.          0.03              0.04   -0.01    0.02
DAYS >= .01        10                11.9    -1.9     9
DAYS >= .10         4                 3.8     0.2     1
DAYS >= .50         0                 0.1    -0.1     0
DAYS >= 1.0         0                 0.0     0.0     0
GREATEST
 24 HR TOTAL        0.24   12/30                      0.19  12/30

SNOWFALL (INCHES)
RECORDS
 TOTAL             31.0   1931
 24 HR TOTAL       14.0   12-31-1997
 SNOW DEPTH        46     12-31-1994
TOTALS              8.3              14.5    -6.2     5.1
SINCE 7/1          26.5              31.4    -4.9    22.7
SNOWDEPTH AVG.     11                 9       1      10
DAYS >= TRACE      15                18.6    -3.6    14
DAYS >= 1.0         3                 4.9    -1.9     0
DAYS >= 6.0         0                 0.2    -0.2     0
GREATEST
 SNOW DEPTH        14   12/30                        12  12/14
 24 HR TOTAL      2.3   12/14                       0.9  12/13

DEGREE_DAYS
HEATING TOTAL    1649              1720     -71    1522
 SINCE 7/1       5445              5818    -373    5067
COOLING TOTAL       0                 0       0       0
 SINCE 1/1          5                 0       5       3
................................................................

WIND (MPH)
AVERAGE WIND SPEED               11.3
HIGHEST WIND SPEED/DIRECTION     39/140    DATE   12/30
HIGHEST GUST SPEED/DIRECTION     49/140    DATE   12/30

SKY COVER
POSSIBLE SUNSHINE (PERCENT)   MM
AVERAGE SKY COVER             MM
NUMBER OF DAYS FAIR           MM
NUMBER OF DAYS PC             MM
NUMBER OF DAYS CLOUDY         MM

AVERAGE RH (PERCENT)     MM

WEATHER CONDITIONS. NUMBER OF DAYS WITH
THUNDERSTORM              0     ICE PELLETS                 0
RAIN                      3     GLAZE                       2
DRIZZLE                   0     HAIL                        0
SNOW                     12     HAZE                        0
FOG                      12     FOG W/VIS <= 1/4 MILE       0
BLOWING SNOW              8


-  INDICATES NEGATIVE NUMBERS.
R  INDICATES RECORD WAS SET OR TIED.
MM INDICATES DATA IS MISSING.
T  INDICATES TRACE AMOUNT.

&&


$$

CKC JAN 16
