000
CXUS51 KAKQ 011530
CLMORF


CLIMATE REPORT
NATIONAL WEATHER SERVICE WAKEFIELD, VA
1126 AM EDT MON AUG 1 2016

...................................

...THE NORFOLK VA CLIMATE SUMMARY FOR THE MONTH OF JULY 2016...

CLIMATE NORMAL PERIOD 1981 TO 2010
CLIMATE RECORD PERIOD 1871 TO 2016

WEATHER         OBSERVED          NORMAL  DEPART  LAST YEAR`S
                 VALUE   DATE(S)  VALUE   FROM    VALUE  DATE(S)
                                          NORMAL
................................................................
TEMPERATURE (F)
RECORD
 HIGH             105   07/25/2010
                        07/24/2010
                        06/06/3755
 LOW               54   07/07/1979
                        07/13/1978
HIGHEST            98   07/28        98       0       96  07/30
LOWEST             65   07/03        63       2       67  07/26
AVG. MAXIMUM     90.5              87.4     3.1     87.6
AVG. MINIMUM     74.5              71.9     2.6     73.2
MEAN             82.5              79.6     2.9     80.4
DAYS MAX >= 90     22              10.9    11.1        9
DAYS MAX <= 32      0               0.0     0.0        0
DAYS MIN <= 32      0               0.0     0.0        0
DAYS MIN <= 0       0               0.0     0.0        0

PRECIPITATION (INCHES)
RECORD
 MAXIMUM        14.37   1994
 MINIMUM         0.37   1993
TOTALS          10.33              5.14    5.19     7.93
DAILY AVG.       0.33              0.17    0.16     0.26
DAYS >= .01        12              11.1     0.9       13
DAYS >= .10         8               7.2     0.8        9
DAYS >= .50         5               3.2     1.8        3
DAYS >= 1.00        1               1.7    -0.7        3
GREATEST
 24 HR. TOTAL    6.98   07/30 TO 07/31
                        07/31 TO 07/31

SNOWFALL (INCHES)
RECORDS
 TOTAL            0.0   5
                        0
                        -26215
TOTALS            0.0
SINCE 7/1         0.0               0.0     0.0      0.0
SNOWDEPTH AVG.      0                MM      MM        0
DAYS >= 1.0         0               0.0     0.0        0
GREATEST
 SNOW DEPTH         0   MM                             0  MM
 24 HR TOTAL      0.0   07/31 TO 07/31           07/31 TO 07/31
                                                          07/18 TO 07/18
                                                          07/19 TO 07/19

DEGREE_DAYS
HEATING TOTAL       0
 SINCE 7/1          0                 0       0        0
COOLING TOTAL     554               454     100      486
 SINCE 1/1       1035               935     100     1140
..........................................................

WIND (MPH)
AVERAGE WIND SPEED              7.5
HIGHEST WIND SPEED/DIRECTION    32/040    DATE  07/15
HIGHEST GUST SPEED/DIRECTION    41/040    DATE  07/15

SKY COVER
POSSIBLE SUNSHINE (PERCENT)   MM
AVERAGE SKY COVER           0.20

AVERAGE RH (PERCENT)     71

WEATHER CONDITIONS. NUMBER OF DAYS WITH
THUNDERSTORM              4     MIXED PRECIP               0
HEAVY RAIN                8     RAIN                       4
LIGHT RAIN               15     FREEZING RAIN              0
LT FREEZING RAIN          0     HAIL                       0
HEAVY SNOW                0     SNOW                       0
LIGHT SNOW                0     SLEET                      0
FOG                      12     FOG W/VIS <= 1/4 MILE      2
HAZE                      4

-  INDICATES NEGATIVE NUMBERS.
R  INDICATES RECORD WAS SET OR TIED.
MM INDICATES DATA IS MISSING.
T  INDICATES TRACE AMOUNT.

$$
