000
CXUS51 KBOX 011442
CLMORH


CLIMATE REPORT
NATIONAL WEATHER SERVICE TAUNTON MA
1031 AM EDT THU JUN 1 2017

...................................

...THE WORCESTER MA CLIMATE SUMMARY FOR THE MONTH OF MAY 2017...

CLIMATE NORMAL PERIOD 1981 TO 2010
CLIMATE RECORD PERIOD 1892 TO 2017

WEATHER         OBSERVED          NORMAL  DEPART
                 VALUE   DATE(S)  VALUE   FROM
                                          NORMAL
................................................
TEMPERATURE (F)
RECORD
 HIGH              94   05/26/2010
 LOW               27   05/19/1944
HIGHEST            90   05/18
LOWEST             34   05/09
AVG. MAXIMUM     61.9              65.9    -4.0
AVG. MINIMUM     45.6              46.8    -1.2
MEAN             53.8              56.3    -2.5
DAYS MAX >= 90      1               0.1     0.9
DAYS MAX <= 32      0               0.0     0.0
DAYS MIN <= 32      0               0.2    -0.2
DAYS MIN <= 0       0               0.0     0.0

PRECIPITATION (INCHES)
RECORD
 MAXIMUM         9.94   1984
 MINIMUM         0.60   2015
TOTALS           5.97              4.19    1.78
DAYS >= .01        13              13.6    -0.6
DAYS >= .10        10               8.3     1.7
DAYS >= .50         4               3.0     1.0
DAYS >= 1.00        2               1.0     1.0
GREATEST
 24 HR. TOTAL    1.30   05/26 TO 05/26

SNOWFALL (INCHES)
RECORDS
 TOTAL           12.7   1977
 SNOW DEPTH      22.7   1977
TOTALS            0.0                 T     0.0
SINCE 7/1        78.3              64.1    14.2
SNOWDEPTH AVG.     MM
GREATEST
 SNOW DEPTH        MM
 24 HR TOTAL      0.0   05/31 TO 05/31

DEGREE_DAYS
HEATING TOTAL     365               287      78
 SINCE 7/1       6185              6634    -449
COOLING TOTAL      24                19       5
 SINCE 1/1         34                22      12
.................................................

WIND (MPH)
AVERAGE WIND SPEED              9.4
RESULTANT WIND SPEED/DIRECTION   2/276
HIGHEST WIND SPEED/DIRECTION    31/270    DATE  05/02
HIGHEST GUST SPEED/DIRECTION    40/250    DATE  05/02

SKY COVER
POSSIBLE SUNSHINE (PERCENT)   MM
AVERAGE SKY COVER           0.60
NUMBER OF DAYS FAIR           10
NUMBER OF DAYS PC              5
NUMBER OF DAYS CLOUDY         16

AVERAGE RH (PERCENT)     66

WEATHER CONDITIONS. NUMBER OF DAYS WITH
THUNDERSTORM              5     MIXED PRECIP               0
HEAVY RAIN                5     RAIN                       9
LIGHT RAIN               16     FREEZING RAIN              0
LT FREEZING RAIN          0     HAIL                       0
HEAVY SNOW                0     SNOW                       0
LIGHT SNOW                0     SLEET                      0
FOG                      14     FOG W/VIS <= 1/4 MILE     10
HAZE                      2

-  INDICATES NEGATIVE NUMBERS.
R  INDICATES RECORD WAS SET OR TIED.
MM INDICATES DATA IS MISSING.
T  INDICATES TRACE AMOUNT.

$$

SIPPRELL
