000
CXUS54 KLZK 041552
CLMPBF


CLIMATE REPORT
NATIONAL WEATHER SERVICE LITTLE ROCK AR
1049 AM CDT TUE JUL 4 2017

...................................

...THE PINE BLUFF CLIMATE SUMMARY FOR THE MONTH OF JUNE 2017...

CLIMATE NORMAL PERIOD 1981 TO 2010
CLIMATE RECORD PERIOD 1883 TO 2017

WEATHER         OBSERVED          NORMAL  DEPART  LAST YEAR`S
                 VALUE   DATE(S)  VALUE   FROM    VALUE  DATE(S)
                                          NORMAL
................................................................
TEMPERATURE (F)
RECORD
 HIGH             107   06/20/1936
                        06/20/1918
 LOW               49   06/02/1984
                        06/03/1956
                        06/12/1903
HIGHEST            91   06/16        89       2       95  06/26
                        06/12
LOWEST             57   06/09        69     -12       63  06/07
AVG. MAXIMUM     85.6              89.1    -3.5     89.5
AVG. MINIMUM     67.5              69.0    -1.5     71.1
MEAN             76.6              79.1    -2.5     80.3
DAYS MAX >= 90      4              15.2   -11.2       16
DAYS MAX <= 32      0               0.0     0.0        0
DAYS MIN <= 32      0               0.0     0.0        0
DAYS MIN <= 0       0               0.0     0.0        0

PRECIPITATION (INCHES)
RECORD
 MAXIMUM        10.18   1927
 MINIMUM         0.05   1930
TOTALS           5.63              3.58    2.05     3.04
DAILY AVG.       0.19              0.12    0.07     0.10
DAYS >= .01        10               8.9     1.1        6
DAYS >= .10         8                                  5
DAYS >= .50         4                                  4
DAYS >= 1.00        1               0.8     0.2        1
GREATEST
 24 HR. TOTAL    2.41   06/23 TO 06/23

SNOWFALL (INCHES)
TOTALS            0.0               0.0     0.0      0.0
 LIQUID EQUIV    0.00              0.00    0.00     0.00
SINCE 7/1         1.5               3.1    -1.6      3.6
 LIQUID 7/1      0.15              0.30   -0.15     0.36
SNOWDEPTH AVG.      0
DAYS >= TRACE       0               0.0     0.0        0
DAYS >= 1.0         0                                  0
GREATEST
 SNOW DEPTH         0   MM
 24 HR TOTAL      0.0

DEGREE_DAYS
HEATING TOTAL       0                 0       0        0
 SINCE 7/1       2034              2881    -847     2234
COOLING TOTAL     356               422     -66      466
 SINCE 1/1        699               729     -30      714

FREEZE DATES
RECORD
 EARLIEST     10/10/2000
 LATEST       04/25/1910
EARLIEST      11/13             11/12
LATEST        03/15             03/16
.................................................

WIND (MPH)
AVERAGE WIND SPEED              6.3
HIGHEST WIND SPEED/DIRECTION    28/360    DATE  06/23
HIGHEST GUST SPEED/DIRECTION    39/010    DATE  06/23

SKY COVER
POSSIBLE SUNSHINE (PERCENT)   MM
AVERAGE SKY COVER           0.30
NUMBER OF DAYS FAIR           16
NUMBER OF DAYS PC             12
NUMBER OF DAYS CLOUDY          2

AVERAGE RH (PERCENT)     77

WEATHER CONDITIONS. NUMBER OF DAYS WITH
THUNDERSTORM              0     MIXED PRECIP               0
HEAVY RAIN                7     RAIN                       6
LIGHT RAIN               12     FREEZING RAIN              0
LT FREEZING RAIN          0     HAIL                       0
HEAVY SNOW                0     SNOW                       0
LIGHT SNOW                0     SLEET                      0
FOG                      17     FOG W/VIS <= 1/4 MILE      1
HAZE                      1

-  INDICATES NEGATIVE NUMBERS.
R  INDICATES RECORD WAS SET OR TIED.
MM INDICATES DATA IS MISSING.
T  INDICATES TRACE AMOUNT.

&&

...Data for Pine Bluff for June 2017...

.Summary...
Things were very different this June compared to much of the last
few years. While there were a few days with temperatures above the
30-year average, this was not the case in most of the month. This
was the coolest June by average high and monthly temperatures in at
least 13 years.

There were only four 90-degree days, which was the fewest since
1912, and the 2nd fewest on record in the month of June.

Speaking of 90-degree days, the first one for the year was on June
12th. This was the latest first 90-degree day at Pine Bluff since
1997, and the 4th latest since records began in late 1883.

The lowest temperature during the month was 57 degrees, and this was
the coolest June reading since 2009.

Rainfall was well above average, and it was the wettest June in 20
years.

.Monthly Temperatures...
The average high temperature was the coolest since 2004, and the 9th
coolest on record. The average low temperature was the coolest since
2012. The average monthly temperature was the coolest since 2003.

.Daily Temperatures...
Daily temperatures were above average on five days, average on
four days, and below average on 21 days.

.Daily Record Temperatures Tied or Broken During the Month...
None.

.Monthly Rainfall...
It was the wettest June since 1997, and preliminarily the 19th
wettest on record.

.Daily Rainfall Records Tied or Broken...

Date   New Record        Previous Record
24th   2.41 in 2017        1.55 in 1905

$$

57
