000
CXUS52 KMFL 011336
CLMPBI


CLIMATE REPORT
NATIONAL WEATHER SERVICE MIAMI, FL
922 AM EDT TUE AUG 1 2017

...................................

...THE WEST PALM BEACH CLIMATE SUMMARY FOR THE MONTH OF JULY 2017...

CLIMATE NORMAL PERIOD 1981 TO 2010
CLIMATE RECORD PERIOD 1888 TO 2017

WEATHER         OBSERVED          NORMAL  DEPART  LAST YEAR`S
                 VALUE   DATE(S)  VALUE   FROM    VALUE
                                          NORMAL
.............................................................
TEMPERATURE (F)
RECORD
 HIGH             101   07/21/1942
 LOW               64   07/26/1940
                        07/18/1940
HIGHEST            94   07/29                         95
                        07/28
LOWEST             74   07/31                         75
                        07/17
AVG. MAXIMUM     90.7              89.9     0.8     92.6
AVG. MINIMUM     77.8              75.5     2.3     79.9
MEAN             84.3              82.7     1.6     86.2
DAYS MAX >= 90     29                                 30
DAYS MAX <= 32      0                                  0
DAYS MIN <= 32      0                                  0
DAYS MIN <= 0       0                                  0

PRECIPITATION (INCHES)
RECORD
 MAXIMUM        23.28   1933
 MINIMUM         0.51   1892
TOTALS           7.44              5.76    1.68     1.59
DAILY AVG.       0.24              0.19    0.05     0.05
DAYS >= .01        14                                 10
DAYS >= .10        11                                  5
DAYS >= .50         5                                  0
DAYS >= 1.00        2                                  0
GREATEST
 24 HR. TOTAL    1.91   07/12 TO 07/12              0.59

DEGREE_DAYS
HEATING TOTAL       0                 0       0        0
 SINCE 7/1          0                 0       0        0
COOLING TOTAL     603               549      54      665
 SINCE 1/1       2443              2148     295     2495
..............................................................

WIND (MPH)
AVERAGE WIND SPEED              8.0
HIGHEST WIND SPEED/DIRECTION    40/230    DATE  07/30
HIGHEST GUST SPEED/DIRECTION    54/260    DATE  07/21

SKY COVER
POSSIBLE SUNSHINE (PERCENT)   MM
AVERAGE SKY COVER           0.60
NUMBER OF DAYS FAIR            1
NUMBER OF DAYS PC             29
NUMBER OF DAYS CLOUDY          1

AVERAGE RH (PERCENT)     71

WEATHER CONDITIONS. NUMBER OF DAYS WITH
THUNDERSTORM             19     MIXED PRECIP               0
HEAVY RAIN               10     RAIN                      11
LIGHT RAIN               14     FREEZING RAIN              0
LT FREEZING RAIN          0     HAIL                       0
HEAVY SNOW                0     SNOW                       0
LIGHT SNOW                0     SLEET                      0
FOG                       7     FOG W/VIS <= 1/4 MILE      1
HAZE                      3

-  INDICATES NEGATIVE NUMBERS.
R  INDICATES RECORD WAS SET OR TIED.
MM INDICATES DATA IS MISSING.
T  INDICATES TRACE AMOUNT.

$$
