000
CXUS52 KMFL 011230
CLMPBI


CLIMATE REPORT
NATIONAL WEATHER SERVICE MIAMI, FL
827 AM EDT FRI JUL 1 2016

...................................

...THE WEST PALM BEACH CLIMATE SUMMARY FOR THE MONTH OF JUNE 2016...

CLIMATE NORMAL PERIOD 1981 TO 2010
CLIMATE RECORD PERIOD 1888 TO 2016

WEATHER         OBSERVED          NORMAL  DEPART  LAST YEAR`S
                 VALUE   DATE(S)  VALUE   FROM    VALUE
                                          NORMAL
.............................................................
TEMPERATURE (F)
RECORD
 HIGH             100   06/20/1921
 LOW               60   06/14/1920
                        06/13/1920
HIGHEST            93   06/07                         94
LOWEST             73   06/11                         70
AVG. MAXIMUM     89.4              88.4     1.0     89.4
AVG. MINIMUM     76.8              74.3     2.5     75.9
MEAN             83.1              81.4     1.7     82.7
DAYS MAX >= 90     17                                 16
DAYS MAX <= 32      0                                  0
DAYS MIN <= 32      0                                  0
DAYS MIN <= 0       0                                  0

PRECIPITATION (INCHES)
RECORD
 MAXIMUM        25.19   1912
 MINIMUM         0.12   1898
TOTALS           4.52              8.30   -3.78     4.02
DAILY AVG.       0.15              0.28   -0.13     0.13
DAYS >= .01        15                                 12
DAYS >= .10        11                                  8
DAYS >= .50         3                                  2
DAYS >= 1.00        0                                  2
GREATEST
 24 HR. TOTAL    1.26   06/08 TO 06/09              1.65

DEGREE_DAYS
HEATING TOTAL       0                 0       0        0
 SINCE 7/1        135               233     -98      126
COOLING TOTAL     549               490      59      535
 SINCE 1/1       1830              1599     231     2069
..............................................................

WIND (MPH)
AVERAGE WIND SPEED              8.7
HIGHEST WIND SPEED/DIRECTION    29/240    DATE  06/16
HIGHEST GUST SPEED/DIRECTION    39/240    DATE  06/16

SKY COVER
POSSIBLE SUNSHINE (PERCENT)   MM
AVERAGE SKY COVER           0.60
NUMBER OF DAYS FAIR            0
NUMBER OF DAYS PC             25
NUMBER OF DAYS CLOUDY          5

AVERAGE RH (PERCENT)     72

WEATHER CONDITIONS. NUMBER OF DAYS WITH
THUNDERSTORM             15     MIXED PRECIP               0
HEAVY RAIN                9     RAIN                       8
LIGHT RAIN               16     FREEZING RAIN              0
LT FREEZING RAIN          0     HAIL                       0
HEAVY SNOW                0     SNOW                       0
LIGHT SNOW                0     SLEET                      0
FOG                       5     FOG W/VIS <= 1/4 MILE      0
HAZE                      4

-  INDICATES NEGATIVE NUMBERS.
R  INDICATES RECORD WAS SET OR TIED.
MM INDICATES DATA IS MISSING.
T  INDICATES TRACE AMOUNT.

$$
