000
CXUS56 KPDT 011524
CLMPDT

CLIMATE REPORT
NATIONAL WEATHER SERVICE PENDLETON OREGON
822 AM PDT TUE JUL 01 2014

....................................

...THE PENDLETON OR CLIMATE SUMMARY FOR THE MONTH OF JUNE 2014...

CLIMATE NORMAL PERIOD 1981 TO 2010
CLIMATE RECORD PERIOD 1934 TO 2014

WEATHER         OBSERVED          NORMAL  DEPART  LAST YEAR`S
                 VALUE   DATE(S)  VALUE   FROM    VALUE  DATE(S)
                                          NORMAL

................................................................

TEMPERATURE (F)
RECORD
 HIGH             108   6/17/1961
 LOW               35   6/ 4/1991
HIGHEST            91   6/23       94        -3           102   6/30
LOWEST             45   6/ 6       41         4            41   6/ 1
AVG. MAXIMUM     79.0            78.2       0.8          79.4
AVG. MINUMUM     51.6            51.5       0.1          51.1
MEAN             65.3            64.8       0.5          65.2
DAYS MAX >= 90      1               4        -3             6
DAYS MAX <= 32      0               0         0             0
DAYS MIN <= 32      0               0         0             0
DAYS MIN <= 0       0               0         0             0


PRECIPITATION (INCHES)
RECORD
 MAXIMUM          2.70   1947
 MINIMUM             T   2003
TOTALS            1.02            0.98      0.04          0.88
DAILY AVG.        0.03            0.03      0.00          0.03
DAYS >=  0.01        6               6         0             7
DAYS >=  0.10        4               3         1             4
DAYS >=  0.50        0               0         0             0
DAYS >=  1.00        0               0         0             0
GREATEST
 24 HR. TOTAL     0.33   6/17



SNOWFALL (INCHES)
RECORD
 MAXIMUM           0.0   2012
 MINIMUM           0.0   2013
TOTALS             0.0             0.0       0.0           0.0
SINCE 7/1         21.7            15.2       6.5           2.0
DAYS >=  TRACE                       0         0
DAYS >=  1.0         0               0         0             0
GREATEST
 24 HR. TOTAL      0.0   6/30


DEGREE DAYS
HEATING TOTAL       43              83       -40            80
 SINCE 7/1        5486            5271       215          5105
COOLING TOTAL       60              79       -19            95
 SINCE 1/1          82             101       -19           126

.............................................................

WIND (MPH)
AVERAGE WIND SPEED                    10.3
RESULTANT WIND SPEED/DIRECTION         7/226
HIGHEST WIND SPEED/DIRECTION          37/270      DATE          06/12
HIGHEST GUST SPEED/DIRECTION          44/270      DATE          06/12


WEATHER CONDITIONS. NUMBER OF DAYS WITH
THUNDERSTORM               2    MIXED PRECIP                           0
HEAVY RAIN                 0    RAIN                                   3
LIGHT RAIN                 8    FREEZING RAIN                          0
LT FREEZING RAIN           0    HAIL                                   0
HEAVY SNOW                 0    SNOW                                   0
LIGHT SNOW                 0    SLEET                                  0
FOG                        4    FOG W/VIS <=1/4 MILE                   0
HAZE                       3

-  INDICATES NEGATIVE NUMBERS.
R  INDICATES RECORD WAS SET OR TIED.
MM INDICATES DATA IS MISSING.
T  INDICATES TRACE AMOUNT.

$$
