000
CXUS56 KPDT 011419
CLMPDT

CLIMATE REPORT
NATIONAL WEATHER SERVICE PENDLETON OREGON
718 AM PDT SAT OCT 01 2016

....................................

...THE PENDLETON OR CLIMATE SUMMARY FOR THE MONTH OF SEPTEMBER 2016...

CLIMATE NORMAL PERIOD 1981 TO 2010
CLIMATE RECORD PERIOD 1934 TO 2016

WEATHER         OBSERVED          NORMAL  DEPART  LAST YEAR`S
                 VALUE   DATE(S)  VALUE   FROM    VALUE  DATE(S)
                                          NORMAL

................................................................

TEMPERATURE (F)
RECORD
 HIGH             102   9/ 6/1955
 LOW               30   9/25/1970
HIGHEST            89   9/26       92        -3            90   9/12
LOWEST             39   9/13       38         1            36   9/28
AVG. MAXIMUM     74.6            77.4      -2.8          75.2
AVG. MINUMUM     48.2            49.4      -1.2          47.3
MEAN             61.4            63.4      -2.0          61.3
DAYS MAX >= 90      0               2        -2             2
DAYS MAX <= 32      0               0         0             0
DAYS MIN <= 32      0               0         0             0
DAYS MIN <= 0       0               0         0             0


PRECIPITATION (INCHES)
RECORD
 MAXIMUM          2.34   1941
 MINIMUM          0.00   1975
TOTALS            0.68            0.57      0.11          0.81
DAILY AVG.        0.02            0.02      0.00          0.03
DAYS >=  0.01        5               4         1             5
DAYS >=  0.10        3               2         1             3
DAYS >=  0.50        0               0         0             0
DAYS >=  1.00        0               0         0             0
GREATEST
 24 HR. TOTAL     0.33   9/ 6



SNOWFALL (INCHES)
RECORD
 MAXIMUM           0.0   2015
 MINIMUM           0.0   2015
TOTALS             0.0             0.0       0.0           0.0
SINCE 7/1          0.0             0.0       0.0           0.0
DAYS >=  TRACE                       0         0
DAYS >=  1.0         0               0         0             0
GREATEST
 24 HR. TOTAL      0.0   9/30


DEGREE DAYS
HEATING TOTAL      117             112         5           136
 SINCE 7/1         119             127        -8           144
COOLING TOTAL       17              64       -47            32
 SINCE 1/1         605             633       -28           908

.............................................................

WIND (MPH)
AVERAGE WIND SPEED                     8.1
RESULTANT WIND SPEED/DIRECTION         5/190
HIGHEST WIND SPEED/DIRECTION          28/230      DATE          09/30
HIGHEST GUST SPEED/DIRECTION          35/250      DATE          09/07


WEATHER CONDITIONS. NUMBER OF DAYS WITH
THUNDERSTORM               0    MIXED PRECIP                           0
HEAVY RAIN                 0    RAIN                                   2
LIGHT RAIN                 9    FREEZING RAIN                          0
LT FREEZING RAIN           0    HAIL                                   0
HEAVY SNOW                 0    SNOW                                   0
LIGHT SNOW                 0    SLEET                                  0
FOG                        2    FOG W/VIS <=1/4 MILE                   0
HAZE                       3

-  INDICATES NEGATIVE NUMBERS.
R  INDICATES RECORD WAS SET OR TIED.
MM INDICATES DATA IS MISSING.
T  INDICATES TRACE AMOUNT.

$$
