000
CXUS53 KUNR 011603
CLMPHP


CLIMATE REPORT
NATIONAL WEATHER SERVICE RAPID CITY SD
1002 AM MDT SUN OCT 1 2017

...................................

...THE PHILIP SD CLIMATE SUMMARY FOR THE MONTH OF SEPTEMBER 2017...

CLIMATE NORMAL PERIOD 1981 TO 2010
CLIMATE RECORD PERIOD 9999 TO 9999

WEATHER         OBSERVED          NORMAL  DEPART  LAST YEAR`S
                 VALUE   DATE(S)  VALUE   FROM    VALUE  DATE(S)
                                          NORMAL
................................................................
TEMPERATURE (F)
HIGHEST           103   09/12                         93  09/11
LOWEST             34   09/17                         37  09/29
AVG. MAXIMUM     79.7              77.6     2.1     79.5
AVG. MINIMUM     47.1              46.9     0.2     48.1
MEAN             63.4              62.3     1.1     63.8
DAYS MAX >= 90     10                                  3
DAYS MAX <= 32      0                                  0
DAYS MIN <= 32      0                                  0
DAYS MIN <= 0       0                                  0

PRECIPITATION (INCHES)
TOTALS           1.03              1.49   -0.46     0.23
DAILY AVG.       0.03              0.05   -0.02     0.01
DAYS >= .01         7                                  6
DAYS >= .10         4                                  1
DAYS >= .50         1                                  0
DAYS >= 1.00        0                                  0
GREATEST
 24 HR. TOTAL    0.50   09/23 TO 09/23              0.10

DEGREE_DAYS
HEATING TOTAL     150               161     -11       92
 SINCE 7/1        156               186     -30      111
COOLING TOTAL     109                79      30       62
 SINCE 1/1        905               814      91      892
.................................................................

WIND (MPH)
AVERAGE WIND SPEED              9.0
HIGHEST WIND SPEED/DIRECTION    30/310    DATE  09/19
HIGHEST GUST SPEED/DIRECTION    39/350    DATE  09/04

AVERAGE RH (PERCENT)     63

WEATHER CONDITIONS. NUMBER OF DAYS WITH
THUNDERSTORM              0     MIXED PRECIP               0
HEAVY RAIN                1     RAIN                       5
LIGHT RAIN                8     FREEZING RAIN              0
LT FREEZING RAIN          0     HAIL                       0
HEAVY SNOW                0     SNOW                       0
LIGHT SNOW                0     SLEET                      0
FOG                       5     FOG W/VIS <= 1/4 MILE      0
HAZE                      4

-  INDICATES NEGATIVE NUMBERS.
R  INDICATES RECORD WAS SET OR TIED.
MM INDICATES DATA IS MISSING.
T  INDICATES TRACE AMOUNT.

$$
