006
CXUS51 KRLX 030649
CLMPKB


CLIMATE REPORT
NATIONAL WEATHER SERVICE CHARLESTON WV
148 AM EST FRI MAR 3 2017

...................................

...THE PARKERSBURG WV CLIMATE SUMMARY FOR THE MONTH OF FEBRUARY 2017...

CLIMATE NORMAL PERIOD 1981 TO 2010
CLIMATE RECORD PERIOD 1889 TO 2017

WEATHER         OBSERVED          NORMAL  DEPART  LAST YEAR`S
                 VALUE   DATE(S)  VALUE   FROM    VALUE  DATE(S)
                                          NORMAL
................................................................
TEMPERATURE (F)
RECORD
 HIGH              79   02/24/2017
 LOW              -27   02/10/1899
HIGHEST            79R  02/24        MM      MM       71  02/20
LOWEST             12   02/04        MM      MM       -3  02/14
AVG. MAXIMUM     54.0              44.0    10.0     45.7
AVG. MINIMUM     33.1              25.6     7.5     27.0
MEAN             43.6              34.8     8.8     36.3
DAYS MAX >= 90      0               0.0     0.0        0
DAYS MAX <= 32      2               4.3    -2.3        6
DAYS MIN <= 32     16              21.0    -5.0       22
DAYS MIN <= 0       0               0.3    -0.3        1

PRECIPITATION (INCHES)
RECORD
 MAXIMUM         7.42   1887
 MINIMUM         0.51   2006
TOTALS           3.99              2.70    1.29     3.79
DAILY AVG.       0.14              0.10    0.04     0.13
DAYS >= .01         9              11.4    -2.4       14
DAYS >= .10         5               6.2    -1.2        7
DAYS >= .50         4               1.4     2.6
DAYS >= 1.00        1               0.3     0.7        0
GREATEST
 24 HR. TOTAL    1.16   02/28 TO 02/28           02/15 TO 02/16
                                                          02/16 TO 02/16
                                                          02/16 TO 02/16
 STORM TOTAL       MM                                 MM
 (MM/DD(HH))            MM                    02/16(00) TO 02/16(00)
                                                 02/16(00) TO 02/16(00)6
                                                 02/16(00) TO 02/16(00)6

SNOWFALL (INCHES)
TOTALS             MM

DEGREE_DAYS
HEATING TOTAL     594               845    -251      823
 SINCE 7/1       3031              3790    -759     3213
COOLING TOTAL       4                 0       4        0
 SINCE 1/1          4                 0       4        0
.......................................................

WIND (MPH)
AVERAGE WIND SPEED              7.1
HIGHEST WIND SPEED/DIRECTION    32/300    DATE  02/12
HIGHEST GUST SPEED/DIRECTION    50/290    DATE  02/12

SKY COVER
POSSIBLE SUNSHINE (PERCENT)   MM
AVERAGE SKY COVER           0.50
NUMBER OF DAYS FAIR           11
NUMBER OF DAYS PC              6
NUMBER OF DAYS CLOUDY         11

AVERAGE RH (PERCENT)     63

WEATHER CONDITIONS. NUMBER OF DAYS WITH
THUNDERSTORM              0     MIXED PRECIP               0
HEAVY RAIN                3     RAIN                       4
LIGHT RAIN               10     FREEZING RAIN              0
LT FREEZING RAIN          0     HAIL                       0
HEAVY SNOW                1     SNOW                       2
LIGHT SNOW                3     SLEET                      0
FOG                      16     FOG W/VIS <= 1/4 MILE      2
HAZE                     15

-  INDICATES NEGATIVE NUMBERS.
R  INDICATES RECORD WAS SET OR TIED.
MM INDICATES DATA IS MISSING.
T  INDICATES TRACE AMOUNT.

$$
