000
CXZS50 NSTU 100704
CLMPPG

CLIMATE REPORT
NATIONAL WEATHER SERVICE PAGO PAGO AS
804 PM SST TUE AUG 9 2016

.....................................

...THE PAGO PAGO AIRPORT CLIMATE SUMMARY FOR THE MONTH OF JULY 2016...

CLIMATE NORMAL PERIOD 1981 TO 2010
CLIMATE RECORD PERIOD 1956 TO 2016

WEATHER ITEM      OBSERVED    DATES       NORMAL      DEPARTURE   LAST YEAR
                  VALUE                   VALUE       FROM        VALUE DATE(S)
                                                      NORMAL
.............................................................................
TEMPERATURE (F)
RECORD
 HIGH             91          07/28/2002
 LOW              62          07/04/1964

HIGHEST           87          07/01        84         3           87 07/12

LOWEST            70          07/08        76        -6           75 07/10
                              07/01                                  07/09
                                                                     07/06
                                                                     07/05

AVG. MAXIMUM      83.7                    84.2       -0.5         82.5
AVG. MINIMUM      77.1                    76.3        0.8         76.7
MEAN              80.6                    80.3        0.3         79.6
DAYS MAX >= 90     0                       0.2       -0.2          0
DAYS MAX <= 32     0                       0.0        0.0          0
DAYS MIN <= 32     0                       0.0        0.0          0
DAYS MIN <= 0      0                       0.0        0.0          0

PRECIPITATION (INCHES)
RECORD
 MAXIMUM          19.59      1962
 MINIMUM           0.72      1974
TOTALS             4.48                   6.47       -1.99         3.99
DAILY AVG.         0.14                   0.21       -0.07         0.13
DAYS >= .01       13                     19.3        -6.3         20
DAYS >= .10        7                     10.4        -3.4          9
DAYS >= .50        3                      3.8        -0.8          2
DAYS >= 1.00       1                      1.9        -0.9          0
GREATEST
 24 HR. TOTAL      2.66      07/18 TO 19               1.22     07/09 TO 10

DEGREE DAYS
HEATING TOTAL     000                     00          00          00
SINCE 1/1         000                     00          00          00
COOLING TOTAL     485                    473          12         462
SINCE 1/1        3828                   3583         245        3595

WIND (MPH)
AVERAGE WIND SPEED 12.9
HIGHEST WIND SPEED/DIRECTION   24/090     DATE 07/19
HIGHEST GUST SPEED/DIRECTION   MM         DATE MM

SKY COVER
POSSIBLE SUNSHINE (PERCENT)    MM
AVERAGE SKY COVER               5.6
NUMBER OF DAYS FAIR            00
NUMBER OF DAYS PC              20
NUMBER OF DAYS CLOUDY          11

AVERAGE RH (PERCENT)           85.1

WEATHER CONDITIONS NUMBER OF DAYS WITH
THUNDERSTORM            00    MIXED PRECIP            00
HEAVY RAIN              07    RAIN                    01
LIGHT RAIN              18    FREEZING RAIN           00
LT FREEZING RAIN        00    HAIL                    00
HEAVY SNOW              00    SNOW                    00
LIGHT SNOW              00    SLEET                   00
FOG                     00    FOG W/VIS <= 1/4 MILE   00
HAZE                    00

- INDICATES NEGATIVE NUMBERS
R INDICATES RECORD WAS SET OR TIED
MM INDICATES DATA IS MISSING
T INDICATES TRACE AMOUNTTEMPERATURE (F)
