000
CXUS56 KPDT 011636
CLMPSC

CLIMATE REPORT
NATIONAL WEATHER SERVICE PENDLETON OREGON
921 AM PDT SUN MAY 01 2016

....................................

...THE PASCO WA CLIMATE SUMMARY FOR THE MONTH OF APRIL 2016...

CLIMATE NORMAL PERIOD 1981 TO 2010
CLIMATE RECORD PERIOD 1942 TO 2016

WEATHER         OBSERVED          NORMAL  DEPART  LAST YEAR`S
                 VALUE   DATE(S)  VALUE   FROM    VALUE  DATE(S)
                                          NORMAL

................................................................

TEMPERATURE (F)
RECORD
 HIGH              94   4/30/1998
 LOW               21   4/ 1/2008
HIGHEST            89   4/20       36        53            86   4/28
LOWEST             32   4/25       10        22            25   4/ 5
AVG. MAXIMUM     74.5            67.4       7.1          67.9
AVG. MINUMUM     42.5            38.5       4.0          36.4
MEAN             58.5            53.0       5.5          52.1
DAYS MAX >= 90      0               0         0             0
DAYS MAX <= 32      0              17       -17             0
DAYS MIN <= 32      1              20       -19             8
DAYS MIN <= 0       0              17       -17             8


PRECIPITATION (INCHES)
RECORD
 MAXIMUM          1.28   2006
 MINIMUM          0.15   1946
TOTALS            0.28            0.65     -0.37          0.20
DAILY AVG.        0.01            0.02     -0.01          0.01
DAYS >=  0.01        3               2         1             4
DAYS >=  0.10        1               1         0             1
DAYS >=  0.50        0               0         0             0
DAYS >=  1.00        0               0         0             0
GREATEST
 24 HR. TOTAL     0.21   4/14



SNOWFALL (INCHES)
RECORD
 MAXIMUM           0.0   1945
 MINIMUM           0.0   2015
TOTALS             0.0             0.0       0.0           0.0
SINCE 7/1          4.2             0.0       4.2           0.9
DAYS >=  TRACE                       0         0
DAYS >=  1.0         0               0         0             0
GREATEST
 24 HR. TOTAL      0.0   4/30


DEGREE DAYS
HEATING TOTAL      192             363      -171           379
 SINCE 7/1        4239            4841      -602          4284
COOLING TOTAL        4               0         4             0
 SINCE 1/1           4               0         4             0

.............................................................

WIND (MPH)
AVERAGE WIND SPEED                     6.7
RESULTANT WIND SPEED/DIRECTION         5/238
HIGHEST WIND SPEED/DIRECTION          32/220      DATE          04/04
HIGHEST GUST SPEED/DIRECTION          40/220      DATE          04/04


WEATHER CONDITIONS. NUMBER OF DAYS WITH
THUNDERSTORM               0    MIXED PRECIP                        0
HEAVY RAIN                 0    RAIN                                0
LIGHT RAIN                 8    FREEZING RAIN                       0
LT FREEZING RAIN           0    HAIL                                0
HEAVY SNOW                 0    SNOW                                0
LIGHT SNOW                 0    SLEET                               0
FOG                        1    FOG W/VIS <=1/4 MILE                0
HAZE                       0

-  INDICATES NEGATIVE NUMBERS.
R  INDICATES RECORD WAS SET OR TIED.
MM INDICATES DATA IS MISSING.
T  INDICATES TRACE AMOUNT.

$$
