557
CXUS51 KALY 012254 CCA
CLMPSF

CLIMATE REPORT
NATIONAL WEATHER SERVICE ALBANY NY
653 PM EDT THU SEP 1 2016

...................................

...THE PITTSFIELD MA CLIMATE SUMMARY FOR THE MONTH OF AUGUST 2016...

CLIMATE NORMAL PERIOD 1981 TO 2010
CLIMATE RECORD PERIOD 9999 TO 9999

WEATHER         OBSERVED          NORMAL  DEPART  LAST YEAR`S
                 VALUE   DATE(S)  VALUE   FROM    VALUE  DATE(S)
                                          NORMAL
................................................................
TEMPERATURE (F)
HIGHEST            90   08/13                         88  08/18
LOWEST             45   08/23                         48  08/29
AVG. MAXIMUM     80.3              77.2     3.1     79.3
AVG. MINIMUM     57.7              55.8     1.9     56.7
MEAN             69.0              66.5     2.5     68.0
DAYS MAX >= 90      1               0.3     0.7        0
DAYS MAX <= 32      0               0.0     0.0        0
DAYS MIN <= 32      0               0.0     0.0        0
DAYS MIN <= 0       0               0.0     0.0        0

PRECIPITATION (INCHES)
TOTALS           2.62              4.09   -1.47     2.97
DAILY AVG.       0.08              0.13   -0.05     0.10
DAYS >= .01        10                                  6
DAYS >= .10         7                                  6
DAYS >= .50         2                                  2
DAYS >= 1.00        0                                  1
GREATEST
 24 HR. TOTAL    1.63   07/31 TO 08/01

DEGREE_DAYS
HEATING TOTAL      13                47     -34        9
 SINCE 7/1         24                78     -54       28
COOLING TOTAL     146                93      53      110
 SINCE 1/1        381               270     111      308

FREEZE DATES
EARLIEST                        10/04
LATEST                          05/07
.................................................................

WIND (MPH)
AVERAGE WIND SPEED              4.9
HIGHEST WIND SPEED/DIRECTION    25/300    DATE  08/12
HIGHEST GUST SPEED/DIRECTION    40/290    DATE  08/12

SKY COVER
AVERAGE SKY COVER           0.30

AVERAGE RH (PERCENT)     74

WEATHER CONDITIONS. NUMBER OF DAYS WITH
THUNDERSTORM              3     MIXED PRECIP               0
HEAVY RAIN                5     RAIN                       7
LIGHT RAIN               12     FREEZING RAIN              0
LT FREEZING RAIN          0     HAIL                       0
HEAVY SNOW                0     SNOW                       0
LIGHT SNOW                0     SLEET                      0
FOG                      24     FOG W/VIS <= 1/4 MILE     10
HAZE                      0

-  INDICATES NEGATIVE NUMBERS.
R  INDICATES RECORD WAS SET OR TIED.
MM INDICATES DATA IS MISSING.
T  INDICATES TRACE AMOUNT.

$$
