000
CXUS55 KPUB 011720
CLMPUB


CLIMATE REPORT
NATIONAL WEATHER SERVICE PUEBLO
1014 AM MST MON DEC 1 2014

...................................

...THE PUEBLO CO CLIMATE SUMMARY FOR THE MONTH OF NOVEMBER 2014...

CLIMATE NORMAL PERIOD 1981 TO 2010
CLIMATE RECORD PERIOD 1888 TO 2014

WEATHER         OBSERVED          NORMAL  DEPART  LAST YEAR`S
                 VALUE   DATE(S)  VALUE   FROM    VALUE  DATE(S)
                                          NORMAL
................................................................
TEMPERATURE (F)
RECORD
 HIGH              85   11/08/2006
 LOW              -17   11/03/1991
                        11/29/1896
HIGHEST            75   11/28        61      14       75  11/08
                        11/01
LOWEST             -9   11/13        18     -27       12  11/06
AVG. MAXIMUM     53.4              56.1    -2.7     56.0
AVG. MINIMUM     20.4              22.5    -2.1     24.8
MEAN             36.9              39.3    -2.4     40.4
DAYS MAX >= 90      0               0.0     0.0
DAYS MAX <= 32      5               1.2     3.8
DAYS MIN <= 32     26              26.4    -0.4
DAYS MIN <= 0       2               0.3     1.7

PRECIPITATION (INCHES)
RECORD
 MAXIMUM         2.48   1991
 MINIMUM         0.00   1989
                        1966
                        1904
TOTALS           0.46              0.47   -0.01     0.34
DAILY AVG.       0.02              0.02    0.00
DAYS >= .01         5               3.9     1.1
DAYS >= .10         2               1.4     0.6
DAYS >= .50         0               0.1    -0.1
DAYS >= 1.00        0               0.0     0.0
GREATEST
 24 HR. TOTAL    0.22   11/12 TO 11/13

SNOWFALL (INCHES)
RECORDS
 TOTAL           29.3   1946
TOTALS            9.9               4.4     5.5      3.6
SINCE 7/1         9.9               6.0     3.9      3.7
SNOWDEPTH AVG.      1
DAYS >= 1.0         3               1.2     1.8
GREATEST
 SNOW DEPTH         5   11/15                          2
                        11/13
 24 HR TOTAL      4.9   11/12 TO 11/13               2.6

DEGREE_DAYS
HEATING TOTAL     836               771      65      729
 SINCE 7/1       1162              1281    -119     1183
COOLING TOTAL       0                 0       0        0
 SINCE 1/1       1002               897     105     1230
.................................................................

WIND (MPH)
AVERAGE WIND SPEED              7.1
HIGHEST WIND SPEED/DIRECTION    51/030    DATE  11/10
HIGHEST GUST SPEED/DIRECTION    61/030    DATE  11/10

SKY COVER
POSSIBLE SUNSHINE (PERCENT)   MM
AVERAGE SKY COVER           0.20
NUMBER OF DAYS FAIR           23
NUMBER OF DAYS PC              4
NUMBER OF DAYS CLOUDY          3

AVERAGE RH (PERCENT)     56

WEATHER CONDITIONS. NUMBER OF DAYS WITH
THUNDERSTORM              0     MIXED PRECIP               0
HEAVY RAIN                0     RAIN                       0
LIGHT RAIN                4     FREEZING RAIN              0
LT FREEZING RAIN          0     HAIL                       0
HEAVY SNOW                2     SNOW                       2
LIGHT SNOW                7     SLEET                      0
FOG                       7     FOG W/VIS <= 1/4 MILE      2
HAZE                      6

-  INDICATES NEGATIVE NUMBERS.
R  INDICATES RECORD WAS SET OR TIED.
MM INDICATES DATA IS MISSING.
T  INDICATES TRACE AMOUNT.

$$
