000
CXUS54 KEWX 020051
CLMSAT

CLIMATE REPORT
NATIONAL WEATHER SERVICE AUSTIN/SAN ANTONIO, TX
751 PM CDT MON AUG 1 2016

...................................

...THE SAN ANTONIO CLIMATE SUMMARY FOR THE MONTH OF JULY 2016...

CLIMATE NORMAL PERIOD 1981 TO 2010
CLIMATE RECORD PERIOD 1886 TO 2016

WEATHER         OBSERVED          NORMAL  DEPART  LAST YEAR`S
                 VALUE   DATE(S)  VALUE   FROM    VALUE  DATE(S)
                                          NORMAL
................................................................
TEMPERATURE (F)
HIGHEST           100   07/15                        100  07/31
                        07/14
                        07/04
LOWEST             73   07/29                         70  07/02
                        07/26
                        07/25
AVG. MAXIMUM     97.2              94.6     2.6     94.7
AVG. MINIMUM     76.7              74.6     2.1     76.5
MEAN             86.9              84.6     2.3     85.6
DAYS MAX >= 90     29                                 30
DAYS MAX <= 32      0                                  0
DAYS MIN <= 32      0                                  0
DAYS MIN <= 0       0                                  0

PRECIPITATION (INCHES)
TOTALS           0.33              2.74   -2.41     0.07
DAILY AVG.       0.01              0.09   -0.08     0.00
DAYS >= .01         3                                  1
DAYS >= .10         2                                  0
DAYS >= .50         0                                  0
DAYS >= 1.00        0                                  0
GREATEST
 24 HR. TOTAL    0.18   07/27 TO 07/27

SNOWFALL (INCHES)
TOTALS            0.0               0.0     0.0      0.0
SINCE 7/1         0.0               0.0     0.0      0.0

DEGREE_DAYS
HEATING TOTAL       0                 0       0        0
 SINCE 7/1          0                 0       0        0
COOLING TOTAL     689               608      81      647
 SINCE 1/1       1833              1760      73     1798
.................................................................

WIND (MPH)
AVERAGE WIND SPEED              11.3
HIGHEST WIND SPEED/DIRECTION    30/040    DATE  07/25
HIGHEST GUST SPEED/DIRECTION    38/030    DATE  07/25

SKY COVER
POSSIBLE SUNSHINE (PERCENT)   MM
AVERAGE SKY COVER           0.50
NUMBER OF DAYS FAIR            5
NUMBER OF DAYS PC             24
NUMBER OF DAYS CLOUDY          2

AVERAGE RH (PERCENT)     63

WEATHER CONDITIONS. NUMBER OF DAYS WITH
THUNDERSTORM              0     MIXED PRECIP               0
HEAVY RAIN                0     RAIN                       2
LIGHT RAIN                4     FREEZING RAIN              0
LT FREEZING RAIN          0     HAIL                       0
HEAVY SNOW                0     SNOW                       0
LIGHT SNOW                0     SLEET                      0
FOG                       2     FOG W/VIS <= 1/4 MILE      0
HAZE                      0

-  INDICATES NEGATIVE NUMBERS.
R  INDICATES RECORD WAS SET OR TIED.
MM INDICATES DATA IS MISSING.
T  INDICATES TRACE AMOUNT.

&&

MONTHLY CLIMATE SUMMARY:
JULY 2016 WAS THE 7TH WARMEST AND THE 25TH DRIEST JULY SINCE RECORD
KEEPING BEGAN.

SEA LEVEL PRESSURE DATA:
HIGHEST SLP 30.15 ON 20TH
LOWEST  SLP 29.79 ON 25TH

PRELIMINARY LOCAL CLIMATOLOGICAL DATA (WS FORM: F-6)

                                          STATION:   SAN ANTONIO
                                          MONTH:     JULY
                                          YEAR:      2016
                                          LATITUDE:   29 31 N
                                          LONGITUDE:  98 28 W

  TEMPERATURE IN F:       :PCPN:    SNOW:  WIND      :SUNSHINE: SKY     :PK WND
================================================================================
1   2   3   4   5  6A  6B    7    8   9   10  11  12  13   14  15   16   17  18
                                     12Z  AVG MX 2MIN
DY MAX MIN AVG DEP HDD CDD  WTR  SNW DPTH SPD SPD DIR MIN PSBL S-S WX    SPD DR
================================================================================

 1  94  73  84   0   0  19 0.00  0.0    0  7.4 18 130   M    M   3        22 130
 2  98  76  87   3   0  22 0.00  0.0    0 13.0 23 130   M    M   4        28 130
 3  98  78  88   4   0  23    T  0.0    0 15.5 23 130   M    M   5        28 150
 4 100  78  89   5   0  24 0.00  0.0    0 13.5 23 130   M    M   5        28 120
 5  99  78  89   5   0  24 0.00  0.0    0 14.4 24 130   M    M   5        31 130
 6  98  79  89   5   0  24 0.00  0.0    0 15.8 24 140   M    M   5        33 150
 7  99  78  89   5   0  24 0.00  0.0    0 16.4 25 130   M    M   6        31 120
 8  99  78  89   5   0  24 0.00  0.0    0 14.5 25 130   M    M   5        31 150
 9  98  77  88   4   0  23 0.00  0.0    0 12.3 24 140   M    M   7        30 140
10  97  80  89   5   0  24 0.00  0.0    0 13.4 24 140   M    M   6        32 130
11  99  78  89   5   0  24 0.00  0.0    0 17.0 30 130   M    M   4        36 140
12  99  77  88   4   0  23 0.00  0.0    0 16.3 25 140   M    M   5        33 130
13  99  79  89   5   0  24 0.00  0.0    0 14.6 24 130   M    M   5        30 150
14 100  77  89   5   0  24 0.00  0.0    0 13.2 25 130   M    M   4        32 130
15 100  77  89   5   0  24 0.00  0.0    0 12.3 24 140   M    M   3        30 140
16  97  76  87   2   0  22 0.00  0.0    0 11.2 25 130   M    M   5        29 130
17  96  77  87   2   0  22 0.00  0.0    0 11.0 21 120   M    M   5        26 130
18  97  77  87   2   0  22 0.00  0.0    0 10.9 24 140   M    M   6        29 130
19  96  77  87   2   0  22 0.01  0.0    0  8.1 30 150   M    M   7        38 140
20  97  76  87   2   0  22 0.00  0.0    0  8.9 20 150   M    M   6        24 150
21  98  77  88   3   0  23 0.00  0.0    0  8.8 20 160   M    M   3        27 150
22  98  78  88   3   0  23 0.00  0.0    0  8.2 18 130   M    M   2        23 160
23  98  78  88   3   0  23 0.00  0.0    0  9.0 23 130   M    M   2        28 140
24  99  78  89   4   0  24 0.00  0.0    0  9.6 23 140   M    M   4        27 140
25  98  73  86   1   0  21 0.14  0.0    0  7.4 30  40   M    M   6 13     38  30
26  89  73  81  -4   0  16    T  0.0    0  6.3 24 110   M    M   5 3      27 110
27  88  74  81  -4   0  16 0.18  0.0    0  4.7 23 220   M    M   8 13     32 230
28  95  74  85   0   0  20    T  0.0    0  6.3 28 120   M    M   8        35 120
29  95  73  84  -1   0  19 0.00  0.0    0  6.8 18 140   M    M   7        22 140
30  96  76  86   1   0  21 0.00  0.0    0  9.9 21 130   M    M   5        27 130
31  98  78  88   2   0  23 0.00  0.0    0 12.4 22 140   M    M   4        29 130
================================================================================
SM 3012 2378         0 689  0.33     0.0 349.1          M      155
================================================================================
AV 97.2 76.7                              11.3 FASTST   M    M   5    MAX(MPH)
                                 MISC ---->  # 30 130               # 38  140
================================================================================
NOTES:
# LAST OF SEVERAL OCCURRENCES

COLUMN 17 PEAK WIND IN M.P.H.

SYMBOLS USED IN COLUMN 16
1 = FOG OR MIST
2 = FOG REDUCING VISIBILITY
3 = THUNDER
4 = ICE PELLETS
5 = HAIL
6 = FREEZING RAIN OR DRIZZLE
7 = DUSTSTORM OR SANDSTORM:
8 = SMOKE OR HAZE
9 = BLOWING SNOW
X = TORNADO

$$
