786
CXUS54 KEWX 011831
CLMSAT

SATCLMSAT 000
TTAA00 KEWX 011827


CLIMATE REPORT
NATIONAL WEATHER SERVICE AUSTIN/SAN ANTONIO, TX
130 PM CDT SAT APR 1 2017

...................................

...THE SAN ANTONIO CLIMATE SUMMARY FOR THE MONTH OF MARCH 2017...

CLIMATE NORMAL PERIOD 1981 TO 2010
CLIMATE RECORD PERIOD 1886 TO 2017

WEATHER         OBSERVED          NORMAL  DEPART  LAST YEAR`S
                 VALUE   DATE(S)  VALUE   FROM    VALUE  DATE(S)
                                          NORMAL
................................................................
TEMPERATURE (F)
HIGHEST            86   03/31                         90  03/14
                        03/26
LOWEST             45   03/14                         36  03/21
AVG. MAXIMUM     76.9              73.5     3.4     76.1
AVG. MINIMUM     58.1              50.8     7.3     55.6
MEAN             67.5              62.2     5.3     65.9
DAYS MAX >= 90      0                                  1
DAYS MAX <= 32      0                                  0
DAYS MIN <= 32      0                                  0
DAYS MIN <= 0       0                                  0

PRECIPITATION (INCHES)
TOTALS           2.09              2.31   -0.22     3.56
DAILY AVG.       0.07              0.07    0.00     0.11
DAYS >= .01         7                                  9
DAYS >= .10         3                                  5
DAYS >= .50         2                                  2
DAYS >= 1.00        0                                  1
GREATEST
 24 HR. TOTAL    0.93   03/04 TO 03/04

SNOWFALL (INCHES)
TOTALS            0.0               0.0     0.0      0.0
SINCE 7/1         0.0               0.7    -0.7      0.0

DEGREE_DAYS
HEATING TOTAL      51               154    -103       70
 SINCE 7/1        769              1455    -686     1019
COOLING TOTAL     134                65      69      105
 SINCE 1/1        234                91     143      134
.................................................................

WIND (MPH)
AVERAGE WIND SPEED              9.7
HIGHEST WIND SPEED/DIRECTION    32/140    DATE  03/28
HIGHEST GUST SPEED/DIRECTION    40/140    DATE  03/28

SKY COVER
POSSIBLE SUNSHINE (PERCENT)   MM
AVERAGE SKY COVER           0.60
NUMBER OF DAYS FAIR            4
NUMBER OF DAYS PC             16
NUMBER OF DAYS CLOUDY         11

AVERAGE RH (PERCENT)     66

WEATHER CONDITIONS. NUMBER OF DAYS WITH
THUNDERSTORM              0     MIXED PRECIP               0
HEAVY RAIN                1     RAIN                       1
LIGHT RAIN               11     FREEZING RAIN              0
LT FREEZING RAIN          0     HAIL                       0
HEAVY SNOW                0     SNOW                       0
LIGHT SNOW                0     SLEET                      0
FOG                      18     FOG W/VIS <= 1/4 MILE      3
HAZE                     14

-  INDICATES NEGATIVE NUMBERS.
R  INDICATES RECORD WAS SET OR TIED.
MM INDICATES DATA IS MISSING.
T  INDICATES TRACE AMOUNT.

&&

MONTHLY CLIMATE SUMMARY:
MARCH 2017 WAS THE 12TH WARMEST AND 45TH WETTEST MARCH
SINCE RECORD KEEPING BEGAN.

SEA LEVEL PRESSURE DATA:
HIGHEST SLP 30.53 INCHES ON THE 3RD
LOWEST  SLP 29.57 INCHES ON THE 28TH


PRELIMINARY LOCAL CLIMATOLOGICAL DATA (WS FORM: F-6)

                                          STATION:   SAN ANTONIO
                                          MONTH:     MARCH
                                          YEAR:      2017
                                          LATITUDE:   29 31 N
                                          LONGITUDE:  98 28 W

  TEMPERATURE IN F:       :PCPN:    SNOW:  WIND      :SUNSHINE: SKY     :PK WND
================================================================================
1   2   3   4   5  6A  6B    7    8   9   10  11  12  13   14  15   16   17  18
                                     12Z  AVG MX 2MIN
DY MAX MIN AVG DEP HDD CDD  WTR  SNW DPTH SPD SPD DIR MIN PSBL S-S WX    SPD DR
================================================================================

 1  75  55  65   6   0   0 0.00  0.0    0  9.9 23  30   M    M   6 1      31  20
 2  67  47  57  -2   8   0 0.00  0.0    0  8.6 18  70   M    M   6        24  60
 3  66  46  56  -3   9   0 0.00  0.0    0 10.0 20 110   M    M   7        24 140
 4  60  54  57  -2   8   0 0.93  0.0    0  8.6 21 110   M    M  10 1      25 110
 5  70  59  65   5   0   0 0.10  0.0    0  5.7 13 140   M    M   8 12     15 140
 6  80  67  74  14   0   9    T  0.0    0 14.0 23 150   M    M   9 1      32 140
 7  76  62  69   9   0   4    T  0.0    0  8.6 20 350   M    M   9 18     24 360
 8  70  57  64   4   1   0    T  0.0    0  6.6 12  70   M    M  10        16  40
 9  78  65  72  12   0   7 0.04  0.0    0  7.9 24 160   M    M  10 138    28 170
10  76  60  68   7   0   3 0.08  0.0    0  6.9 23 100   M    M  10 123    27 100
11  72  61  67   6   0   2 0.06  0.0    0  6.0 15  20   M    M   8 1      20  60
12  63  50  57  -4   8   0 0.01  0.0    0 10.3 22 360   M    M   9 1      29 360
13  72  50  61  -1   4   0    T  0.0    0  7.1 18  20   M    M   6 1      25  60
14  71  45  58  -4   7   0 0.00  0.0    0  7.3 18 180   M    M   1        23 180
15  71  47  59  -3   6   0 0.00  0.0    0  6.9 17 140   M    M   5 8      23 140
16  78  61  70   8   0   5 0.00  0.0    0 11.7 22 150   M    M   8 8      27 150
17  81  65  73  11   0   8 0.00  0.0    0 14.5 21 140   M    M   7 8      28 180
18  81  61  71   8   0   6 0.00  0.0    0  7.3 16 160   M    M   6 18     21 160
19  81  63  72   9   0   7 0.00  0.0    0 10.0 17 160   M    M   5 8      22 150
20  83  62  73  10   0   8 0.00  0.0    0 10.5 17 150   M    M   5 18     23 190
21  82  60  71   8   0   6 0.00  0.0    0 10.3 17 150   M    M   4 1      23 150
22  82  66  74  10   0   9 0.00  0.0    0 11.1 21 150   M    M   7 18     24 130
23  82  65  74  10   0   9 0.00  0.0    0 19.3 31 160   M    M   7        40 160
24  83  57  70   6   0   5 0.00  0.0    0 11.3 25 160   M    M   6 8      35 170
25  84  54  69   5   0   4 0.00  0.0    0  7.1 17 350   M    M   1        20 350
26  86  62  74  10   0   9 0.00  0.0    0 13.1 24 150   M    M   5 18     32 170
27  82  67  75  10   0  10 0.00  0.0    0  8.4 18 130   M    M   6 1      22 130
28  83  70  77  12   0  12 0.00  0.0    0 16.1 32 140   M    M   9 18     40 140
29  83  59  71   6   0   6 0.87  0.0    0  8.1 24 320   M    M   5 1238   30 340
30  81  51  66   1   0   1 0.00  0.0    0  7.0 22 330   M    M   1 8      28 340
31  86  52  69   3   0   4 0.00  0.0    0 11.5 26 130   M    M   1        33 150
================================================================================
SM 2385 1800        51 134  2.09     0.0 301.7          M      197
================================================================================
AV 76.9 58.1                               9.7 FASTST   M    M   6    MAX(MPH)
                                 MISC ---->  # 32 140               # 40  160
================================================================================

NOTES:
# LAST OF SEVERAL OCCURRENCES

COLUMN 17 PEAK WIND IN M.P.H.

SYMBOLS USED IN COLUMN 16
1 = FOG OR MIST
2 = FOG REDUCING VISIBILITY
3 = THUNDER
4 = ICE PELLETS
5 = HAIL
6 = FREEZING RAIN OR DRIZZLE
7 = DUSTSTORM OR SANDSTORM:
8 = SMOKE OR HAZE
9 = BLOWING SNOW
X = TORNADO

$$
