000
CXUS52 KCHS 011234
CLMSAV

CLIMATE REPORT
NATIONAL WEATHER SERVICE CHARLESTON SC
830 AM EDT SUN MAY 1 2016

...................................

...THE SAVANNAH GA CLIMATE SUMMARY FOR THE MONTH OF APRIL 2016...

CLIMATE NORMAL PERIOD 1981 TO 2010
CLIMATE RECORD PERIOD 1871 TO 2016

WEATHER         OBSERVED          NORMAL  DEPART  LAST YEAR`S
                 VALUE   DATE(S)  VALUE   FROM    VALUE  DATE(S)
                                          NORMAL
................................................................
TEMPERATURE (F)
RECORD
 HIGH              95   04/27/1986
                        04/17/1967
 LOW               28   04/08/2007
HIGHEST            93   04/29                         89  04/10
LOWEST             43   04/10                         48  04/05
AVG. MAXIMUM     78.4              77.6     0.8     80.0
AVG. MINIMUM     55.5              53.6     1.9     60.6
MEAN             66.9              65.6     1.3     70.3
DAYS MAX >= 90      1               1.0     0.0        0
DAYS MAX <= 32      0               0.0     0.0        0
DAYS MIN <= 32      0               0.1    -0.1        0
DAYS MIN <= 0       0               0.0     0.0        0

PRECIPITATION (INCHES)
RECORD
 MAXIMUM        10.57   1991
 MINIMUM         0.16   1892
TOTALS           2.26              3.07   -0.81     6.52
DAYS >= .01         7               6.8     0.2       11
DAYS >= .10         3               4.2    -1.2        6
DAYS >= .50         2               1.9     0.1        4
DAYS >= 1.00        0               0.8    -0.8        2
GREATEST
 24 HR. TOTAL    1.36   04/01 TO 04/02

SNOWFALL (INCHES)
TOTALS            0.0               0.0     0.0
SINCE 7/1           T               0.3    -0.3

DEGREE_DAYS
HEATING TOTAL      42                76     -34       12
 SINCE 7/1       1211              1803    -592
COOLING TOTAL     109                94      15      179
 SINCE 1/1        236               136     100
.................................................................

WIND (MPH)
AVERAGE WIND SPEED              8.4
HIGHEST WIND SPEED/DIRECTION    41/260
HIGHEST GUST SPEED/DIRECTION    54/250


WEATHER CONDITIONS. NUMBER OF DAYS WITH
THUNDERSTORM              1     MIXED PRECIP               0
HEAVY RAIN                4     RAIN                       3
LIGHT RAIN                8     FREEZING RAIN              0
LT FREEZING RAIN          0     HAIL                       0
HEAVY SNOW                0     SNOW                       0
LIGHT SNOW                0     SLEET                      0
FOG                      13     FOG W/VIS <= 1/4 MILE      2
HAZE                      0

-  INDICATES NEGATIVE NUMBERS.
R  INDICATES RECORD WAS SET OR TIED.
MM INDICATES DATA IS MISSING.
T  INDICATES TRACE AMOUNT.

&&

RECORDS ESTABLISHED DURING THE MONTH:

*APR 29 - RECORD HIGH TEMPERATURE OF 93 DEGREES

$$
