000
CXUS53 KIWX 011908
CLMSBN

CLIMATE REPORT
NATIONAL WEATHER SERVICE NORTHERN INDIANA
730 AM EDT TUE SEP 1 2015

...................................

...THE SOUTH BEND CLIMATE SUMMARY FOR THE MONTH OF AUGUST 2015...

CLIMATE NORMAL PERIOD 1981 TO 2010
CLIMATE RECORD PERIOD 1893 TO 2015

WEATHER         OBSERVED          NORMAL  DEPART  LAST YEAR`S
                 VALUE   DATE(S)  VALUE   FROM    VALUE  DATE(S)
                                          NORMAL
................................................................
TEMPERATURE (F)
RECORD
 HIGH             105   08/09/1934
 LOW               40   08/29/1965
                        08/02/1927
                        08/31/1911
HIGHEST            94   08/02        MM      MM       91  08/25
LOWEST             47   08/27        MM      MM       46  08/15
AVG. MAXIMUM     80.2              80.9    -0.7     82.5
AVG. MINIMUM     60.9              61.7    -0.8     62.7
MEAN             70.5              71.3    -0.8
DAYS MAX >= 90      1               2.1    -1.1        1
DAYS MAX <= 32      0               0.0     0.0        0
DAYS MIN <= 32      0               0.0     0.0        0
DAYS MIN <= 0       0               0.0     0.0        0

PRECIPITATION (INCHES)
RECORD
 MAXIMUM         8.88   2007
 MINIMUM         0.32   1950
TOTALS           2.32              3.76   -1.44     2.20
DAILY AVG.       0.07              0.12   -0.05     0.07
DAYS >= .01         9               9.9    -0.9       11
DAYS >= .10         6               6.3    -0.3        8
DAYS >= .50         2               2.8    -0.8        1
DAYS >= 1.00        0               1.0    -1.0        0
GREATEST
 24 HR. TOTAL    0.55   08/23 TO 08/23

SNOWFALL (INCHES)
RECORDS
 TOTAL            0.0   MM
TOTALS            0.0               0.0     0.0      0.0
SINCE 7/1         0.0               0.0     0.0      0.0
SNOWDEPTH AVG.      0                MM      MM        0
DAYS >= 1.0         0               0.0     0.0        0
GREATEST
 SNOW DEPTH         0   MM
 24 HR TOTAL      0.0   08/31 TO 08/31

DEGREE_DAYS
HEATING TOTAL      15                13       2       10
 SINCE 7/1         25                18       7       28
COOLING TOTAL     194               208     -14      252
 SINCE 1/1        645               682     -37      693
.................................................................

WIND (MPH)
AVERAGE WIND SPEED              7.0
HIGHEST WIND SPEED/DIRECTION    30/360    DATE  08/14
HIGHEST GUST SPEED/DIRECTION    40/360    DATE  08/14

SKY COVER
POSSIBLE SUNSHINE (PERCENT)   MM
AVERAGE SKY COVER           0.30
NUMBER OF DAYS FAIR           17
NUMBER OF DAYS PC             12
NUMBER OF DAYS CLOUDY          2

AVERAGE RH (PERCENT)     71

WEATHER CONDITIONS. NUMBER OF DAYS WITH
THUNDERSTORM              3     MIXED PRECIP               0
HEAVY RAIN                3     RAIN                       6
LIGHT RAIN                7     FREEZING RAIN              0
LT FREEZING RAIN          0     HAIL                       0
HEAVY SNOW                0     SNOW                       0
LIGHT SNOW                0     SLEET                      0
FOG                      14     FOG W/VIS <= 1/4 MILE      4
HAZE                      8

-  INDICATES NEGATIVE NUMBERS.
R  INDICATES RECORD WAS SET OR TIED.
MM INDICATES DATA IS MISSING.
T  INDICATES TRACE AMOUNT.

&&

...DRY AUGUST AT SOUTH BEND...WITH NEAR NORMAL TEMPERATURES...

AUGUST STARTED OUT WITH NEAR NORMAL TEMPERATURES AND RELATIVELY DRY
CONDITIONS AT SOUTH BEND. DURING THE 12 DAYS OF THE MONTH...HIGH
TEMPERATURES GENERALLY RANGED FROM THE UPPER 70S TO MID 80S...ASIDE
FROM A HIGH TEMPERATURE OF 94 DEGREES ON THE 2ND...WHICH WAS THE
WARMEST DAY OF 2015 AT SOUTH BEND TO DATE. THERE WERE ONLY THREE
DAYS WITH MEASURABLE RAINFALL IN THE FIRST 16 DAYS OF THE
MONTH...ONLY TOTALING 0.90 INCHES OF PRECIPITATION.

A MORE TUMULTUOUS PATTERN DEVELOPED DURING THE LAST HALF OF THE
MONTH. AFTER A STRETCH OF ABOVE NORMAL TEMPERATURES FROM THE 13TH
THROUGH THE 19TH...TEMPERATURES WERE WELL BELOW NORMAL FROM THE 20TH
THROUGH THE 28TH...RECOVERING TO NEAR NORMAL BY THE END OF THE
MONTH. SOUTH BEND ALSO HAD 6 DAYS OF MEASURABLE RAINFALL FROM THE
15TH THROUGH THE END OF THE MONTH.

THE AVERAGE MONTHLY TEMPERATURE WAS 70.5 DEGREES...ONLY 0.8 DEGREES
BELOW NORMAL. THIS WAS THE T-44TH COOLEST AUGUST ON RECORD. THE
HIGHEST TEMPERATURE WAS 94 ON THE 2ND...AND THE COOLEST TEMPERATURE
WAS 47 ON THE 27TH.

AUGUST PRECIPITATION AT SOUTH BEND TOTALED 2.32 INCHES...1.44 INCHES
BELOW NORMAL. THIS RANKED AS THE 36TH DRIEST AUGUST ON RECORD. THE
GREATEST 24 HOUR PRECIPITATION WAS 0.55 INCHES ON THE 23RD. THERE
WERE ONLY 9 DAYS WITH MEASURABLE RAINFALL IN AUGUST.

$$
