000
CXUS51 KAKQ 012123
CLMSBY


CLIMATE REPORT
NATIONAL WEATHER SERVICE WAKEFIELD, VA
521 PM EDT WED JUL 1 2015

...................................

...THE SALISBURY MD CLIMATE SUMMARY FOR THE MONTH OF JUNE 2015...

CLIMATE NORMAL PERIOD 1981 TO 2010
CLIMATE RECORD PERIOD 1900 TO 2015

WEATHER         OBSERVED          NORMAL  DEPART  LAST YEAR`S
                 VALUE   DATE(S)  VALUE   FROM    VALUE  DATE(S)
                                          NORMAL
................................................................
TEMPERATURE (F)
RECORD
 HIGH             102   06/06/1925
 LOW               37   06/02/1966
HIGHEST            94   06/23        87       7       98  06/18
LOWEST             53   06/07        58      -5       44  06/02
AVG. MAXIMUM     82.5              82.2     0.3     85.9
AVG. MINIMUM     65.1              61.7     3.4     62.9
MEAN             73.8              72.0     1.8     74.4
DAYS MAX >= 90      6               4.0     2.0        8
DAYS MAX <= 32      0               0.0     0.0        0
DAYS MIN <= 32      0               0.0     0.0        0
DAYS MIN <= 0       0               0.0     0.0        0

PRECIPITATION (INCHES)
RECORD
 MAXIMUM         9.27   1972
 MINIMUM         0.38   1988
TOTALS           8.26              3.71    4.55     0.84
DAILY AVG.       0.28              0.12    0.16     0.03
DAYS >= .01        18              10.4     7.6        5
DAYS >= .10        13               7.1     5.9        2
DAYS >= .50         5               2.5     2.5        1
DAYS >= 1.00        3               0.8     2.2        0
GREATEST
 24 HR. TOTAL    2.36   06/20 TO 06/21

DEGREE_DAYS
HEATING TOTAL      15                19      -4        5
 SINCE 7/1       4287              4441    -154     4176
COOLING TOTAL     285               227      58      293
 SINCE 1/1        441               311     130      428
.................................................................

WIND (MPH)
AVERAGE WIND SPEED              7.6
HIGHEST WIND SPEED/DIRECTION    39/340    DATE  06/23
HIGHEST GUST SPEED/DIRECTION    50/340    DATE  06/23

SKY COVER
POSSIBLE SUNSHINE (PERCENT)   MM
AVERAGE SKY COVER           0.40

AVERAGE RH (PERCENT)     78

WEATHER CONDITIONS. NUMBER OF DAYS WITH
THUNDERSTORM             13     MIXED PRECIP               0
HEAVY RAIN                8     RAIN                      11
LIGHT RAIN               19     FREEZING RAIN              0
LT FREEZING RAIN          0     HAIL                       0
HEAVY SNOW                0     SNOW                       0
LIGHT SNOW                0     SLEET                      0
FOG                      21     FOG W/VIS <= 1/4 MILE      1
HAZE                      3

-  INDICATES NEGATIVE NUMBERS.
R  INDICATES RECORD WAS SET OR TIED.
MM INDICATES DATA IS MISSING.
T  INDICATES TRACE AMOUNT.

$$
