000
CXUS56 KSEW 011046
CLMSEW


CLIMATE REPORT
NATIONAL WEATHER SERVICE SEATTLE WA
346 AM PDT MON AUG 1 2016

...................................

...THE SEATTLE WA WFO CLIMATE SUMMARY FOR THE MONTH OF JULY 2016...

CLIMATE NORMAL PERIOD 1981 TO 2010
CLIMATE RECORD PERIOD 1986 TO 2016

WEATHER         OBSERVED          NORMAL  DEPART  LAST YEAR`S
                 VALUE   DATE(S)  VALUE   FROM    VALUE  DATE(S)
                                          NORMAL
................................................................
TEMPERATURE (F)
RECORD
 HIGH             105   07/29/2009
 LOW               47   07/31/2008
HIGHEST            87   07/28        MM      MM       96  07/19
LOWEST             54   07/15        MM      MM       55  07/27
                                                          07/24
                                                          07/17
AVG. MAXIMUM     75.9              75.7     0.2     82.0
AVG. MINIMUM     58.0              56.1     1.9     59.8
MEAN             67.0              65.9     1.1     70.9
DAYS MAX >= 90      0               0.7    -0.7        7
DAYS MAX <= 32      0               0.0     0.0        0
DAYS MIN <= 32      0               0.0     0.0        0
DAYS MIN <= 0       0               0.0     0.0        0

PRECIPITATION (INCHES)
RECORD
 MAXIMUM         2.11   1993
 MINIMUM         0.00   2003
TOTALS           0.53              0.79   -0.26     1.04
DAILY AVG.       0.02              0.03   -0.01     0.03
DAYS >= .01         6               5.8     0.2        3
DAYS >= .10         2               2.1    -0.1        1
DAYS >= .50         0               0.2    -0.2        1
DAYS >= 1.00        0               0.0     0.0        0

DEGREE_DAYS
HEATING TOTAL      11                37     -26        3
 SINCE 7/1         11                37     -26        3
COOLING TOTAL      81                65      16      193
 SINCE 1/1        135                82      53      299
.................................................................

WIND (MPH)
HIGHEST GUST SPEED/DIRECTION    MM        DATE   MM


WEATHER CONDITIONS. NUMBER OF DAYS WITH
THUNDERSTORM              0     MIXED PRECIP               0
HEAVY RAIN                0     RAIN                       0
LIGHT RAIN                9     FREEZING RAIN              0
LT FREEZING RAIN          0     HAIL                       0
HEAVY SNOW                0     SNOW                       0
LIGHT SNOW                0     SLEET                      0
FOG                       1     FOG W/VIS <= 1/4 MILE      0
HAZE                      0

-  INDICATES NEGATIVE NUMBERS.
R  INDICATES RECORD WAS SET OR TIED.
MM INDICATES DATA IS MISSING.
T  INDICATES TRACE AMOUNT.

$$
