060
CXUS53 KSGF 010726
CLMSGF


CLIMATE REPORT
NATIONAL WEATHER SERVICE SPRINGFIELD MO
223 AM CDT TUE AUG 1 2017

...................................

...THE SPRINGFIELD MO CLIMATE SUMMARY FOR THE MONTH OF JULY 2017...

CLIMATE NORMAL PERIOD 1981 TO 2010
CLIMATE RECORD PERIOD 1888 TO 2017

WEATHER         OBSERVED          NORMAL  DEPART
                 VALUE   DATE(S)  VALUE   FROM
                                          NORMAL
................................................
TEMPERATURE (F)
RECORD
 HIGH             113   07/14/1954
 LOW               44   07/06/1972
                        07/21/1970
HIGHEST            98   07/22        90       8
LOWEST             60   07/02        67      -7
AVG. MAXIMUM     90.4              88.8     1.6
AVG. MINIMUM     69.1              67.6     1.5
MEAN             79.7              78.2     1.5
DAYS MAX >= 90     19              13.1     5.9
DAYS MAX <= 32      0               0.0     0.0
DAYS MIN <= 32      0               0.0     0.0
DAYS MIN <= 0       0               0.0     0.0

PRECIPITATION (INCHES)
RECORD
 MAXIMUM        18.75   1958
 MINIMUM         0.32   2012
TOTALS           1.78              3.68   -1.90
DAILY AVG.       0.06              0.12   -0.06
DAYS >= .01         4               8.4    -4.4
DAYS >= .10         3               5.8    -2.8
DAYS >= .50         2               2.6    -0.6
DAYS >= 1.00        1               1.1    -0.1
GREATEST
 24 HR. TOTAL    1.07   07/27 TO 07/27

SNOWFALL (INCHES)
TOTALS            0.0
SINCE 7/1         0.0
DAYS >= TRACE       0

DEGREE_DAYS
HEATING TOTAL       0                 0       0
 SINCE 7/1          0                 0       0
COOLING TOTAL     465               410      55
 SINCE 1/1        883               788      95
.................................................

WIND (MPH)
AVERAGE WIND SPEED              6.8
HIGHEST WIND SPEED/DIRECTION    31/020    DATE  07/24
HIGHEST GUST SPEED/DIRECTION    42/010    DATE  07/24

SKY COVER
POSSIBLE SUNSHINE (PERCENT)   MM
AVERAGE SKY COVER           0.20
NUMBER OF DAYS FAIR           26
NUMBER OF DAYS PC              4
NUMBER OF DAYS CLOUDY          1

AVERAGE RH (PERCENT)     70

WEATHER CONDITIONS. NUMBER OF DAYS WITH
THUNDERSTORM              3     MIXED PRECIP               0
HEAVY RAIN                4     RAIN                       3
LIGHT RAIN                6     FREEZING RAIN              0
LT FREEZING RAIN          0     HAIL                       0
HEAVY SNOW                0     SNOW                       0
LIGHT SNOW                0     SLEET                      0
FOG                       8     FOG W/VIS <= 1/4 MILE      0
HAZE                      0

-  INDICATES NEGATIVE NUMBERS.
R  INDICATES RECORD WAS SET OR TIED.
MM INDICATES DATA IS MISSING.
T  INDICATES TRACE AMOUNT.

$$
