000
CXUS55 KBYZ 010948
CLMSHR


CLIMATE REPORT
NATIONAL WEATHER SERVICE BILLINGS MT
343 AM MDT TUE AUG 1 2017

...................................

...THE SHERIDAN WY CLIMATE SUMMARY FOR THE MONTH OF JULY 2017...

CLIMATE NORMAL PERIOD 1981 TO 2010
CLIMATE RECORD PERIOD 1907 TO 2017

WEATHER         OBSERVED          NORMAL  DEPART
                 VALUE   DATE(S)  VALUE   FROM
                                          NORMAL
................................................
TEMPERATURE (F)
HIGHEST           102   07/20
LOWEST             45   07/01
AVG. MAXIMUM     93.2              87.1     6.1
AVG. MINIMUM     55.2              53.0     2.2
MEAN             74.2              70.0     4.2
DAYS MAX >= 90     25
DAYS MAX <= 32      0
DAYS MIN <= 32      0
DAYS MIN <= 0       0

PRECIPITATION (INCHES)
TOTALS           0.38              1.18   -0.80
DAYS >= .01        10
DAYS >= .10         1
DAYS >= .50         0
DAYS >= 1.00        0
GREATEST
 24 HR. TOTAL    0.17   07/10 TO 07/10

DEGREE_DAYS
HEATING TOTAL       0                26     -26
 SINCE 7/1          0                26     -26
COOLING TOTAL     291               182     109
 SINCE 1/1        325               232      93
.................................................

WIND (MPH)
AVERAGE WIND SPEED              5.5
HIGHEST WIND SPEED/DIRECTION    41/310    DATE  07/06
HIGHEST GUST SPEED/DIRECTION    56/280    DATE  07/05

AVERAGE RH (PERCENT)     50

WEATHER CONDITIONS. NUMBER OF DAYS WITH
THUNDERSTORM             12     MIXED PRECIP               0
HEAVY RAIN                0     RAIN                       5
LIGHT RAIN               12     FREEZING RAIN              0
LT FREEZING RAIN          0     HAIL                       0
HEAVY SNOW                0     SNOW                       0
LIGHT SNOW                0     SLEET                      0
FOG                       0     FOG W/VIS <= 1/4 MILE      0
HAZE                      1

-  INDICATES NEGATIVE NUMBERS.
R  INDICATES RECORD WAS SET OR TIED.
MM INDICATES DATA IS MISSING.
T  INDICATES TRACE AMOUNT.

&&

...JULY 2017 MONTH IN REVIEW FOR SHERIDAN...

BELOW IS A SUMMARY OF THE TEMPERATURE AND PRECIPITATION
STATISTICS FOR SHERIDAN FOR JULY 2017. ALL TEMPERATURES ARE IN
DEGREES FAHRENHEIT AND ALL PRECIPITATION AMOUNTS ARE IN INCHES. NORMALS
ARE 30 YEAR AVERAGES CALCULATED FROM 1981 TO 2010. MONTHLY RANKINGS
FOR PRECIPITATION...SNOWFALL...AND TEMPERATURES USE A PERIOD
OF RECORD THAT STARTED IN MAY 1934 AT OR NEAR THE SHERIDAN AIRPORT.

NUMBERS DENOTED WITH AN * IS MISSING DATA IN THE CALCULATION.

...SHERIDAN MONTHLY PRECIPITATION...

 MONTH   2017 VALUES  NORMALS    DEPARTURE  RANKING

JULY         0.38     1.18       -0.80      28TH DRIEST OUT OF 111 YEARS
                                            (RECORD DRIEST WAS 0.02 IN 1999)
                                            (DRIEST SINCE 0.22 IN 2016)

...SHERIDAN JULY 2017 BROKEN OR TIED DAILY PRECIPITATION RECORDS...

NONE

...SHERIDAN AVERAGE TEMPERATURES...

 MONTH   2017 VALUES  NORMALS   DEPARTURE  RANKING

JULY         74.2      70.0      +4.2      9TH WARMEST OUT OF 111 YEARS
                                           (RECORD WARMEST WAS 77.9 IN 1936)
                                           (WARMEST SINCE 75.8 IN 2012)

...SHERIDAN AVERAGE HIGH TEMPERATURES...

 MONTH   2017 VALUES  NORMALS   DEPARTURE  RANKING

JULY         93.2      87.1      +6.1      TIED FOR THE 4TH WARMEST OUT OF 111 YEARS
                                           (RECORD WARMEST WAS 95.8 IN 1936)
                                           (WARMEST SINCE 93.7 IN 2012)

...SHERIDAN JULY 2017 BROKEN OR TIED WARMEST DAILY HIGH TEMPERATURE RECORDS...

102 ON JULY 20 (TIED RECORD IN 1960)

...SHERIDAN JULY 2017 BROKEN OR TIED COLDEST DAILY HIGH TEMPERATURE RECORDS...

NONE

...SHERIDAN AVERAGE LOW TEMPERATURES...

 MONTH   2017 VALUES  NORMALS   DEPARTURE  RANKING

JULY         55.2      53.0      +2.2      TIED FOR THE 33RD WARMEST OUT OF 111 YEARS
                                           (RECORD WARMEST WAS 60.0 IN 1936)
                                           (WARMEST SINCE 57.9 IN 2012)

...SHERIDAN JULY 2017 BROKEN OR TIED WARMEST DAILY LOW TEMPERATURE RECORDS...

NONE

...SHERIDAN JULY 2017 BROKEN OR TIED COLDEST DAILY LOW TEMPERATURE RECORDS...

NONE

$$
