000
CXUS54 KSJT 011504
CLMSJT

CLIMATE REPORT
NATIONAL WEATHER SERVICE SAN ANGELO TX
1002 AM CDT MON JUN 1 2015

...................................

...THE SAN ANGELO CLIMATE SUMMARY FOR THE MONTH OF MAY 2015...

CLIMATE NORMAL PERIOD 1981 TO 2010
CLIMATE RECORD PERIOD 1907 TO 2015

WEATHER         OBSERVED          NORMAL  DEPART  LAST YEAR`S
                 VALUE   DATE(S)  VALUE   FROM    VALUE  DATE(S)
                                          NORMAL
................................................................
TEMPERATURE (F)
RECORD
 HIGH             110   05/28/2011
 LOW               35   05/03/2013
                        05/02/1967
                        05/04/1907
HIGHEST            98   05/09                        103  05/06
                                                          05/05
LOWEST             44   05/01                         37  05/14
AVG. MAXIMUM     84.3              87.2    -2.9     89.7
AVG. MINIMUM     62.3              61.8     0.5     60.4
MEAN             73.3              74.5    -1.2     75.0
DAYS MAX >= 90      6              11.9    -5.9       19
DAYS MAX <= 32      0               0.0     0.0        0
DAYS MIN <= 32      0               0.0     0.0        0
DAYS MIN <= 0       0               0.0     0.0        0

PRECIPITATION (INCHES)
RECORD
 MAXIMUM        13.50   1884
 MINIMUM         0.00   1876
TOTALS           9.12              2.82    6.30     7.75
DAILY AVG.       0.29              0.09    0.20     0.25
DAYS >= .01        14               6.6     7.4        7
DAYS >= .10         9               4.5     4.5        5
DAYS >= .50         6               1.9     4.1        4
DAYS >= 1.00        3               0.9     2.1        3
GREATEST
 24 HR. TOTAL    4.53   05/18 TO 05/19           05/24 TO 05/25
                                                          05/13 TO 05/13
                                                          05/07 TO 05/07

SNOWFALL (INCHES)
RECORDS
 TOTAL              T   2014
TOTALS              TR              0.0     0.0        T
SINCE 7/1         1.4               2.2    -0.8      1.6
SNOWDEPTH AVG.      0                MM      MM        0
DAYS >= 1.0         0               0.0     0.0        0
GREATEST
 SNOW DEPTH         0   MM                             0  MM

DEGREE_DAYS
HEATING TOTAL       8                10      -2       28
 SINCE 7/1       2185              2316    -131     2497
COOLING TOTAL     271               304     -33      349
 SINCE 1/1        467               460       7      602
........................................................

WIND (MPH)
AVERAGE WIND SPEED              10.0
HIGHEST WIND SPEED/DIRECTION    46/020    DATE  05/18
HIGHEST GUST SPEED/DIRECTION    57/040    DATE  05/18

SKY COVER
AVERAGE SKY COVER           0.40

AVERAGE RH (PERCENT)     68

WEATHER CONDITIONS. NUMBER OF DAYS WITH
THUNDERSTORM             12     MIXED PRECIP               0
HEAVY RAIN                8     RAIN                       4
LIGHT RAIN               20     FREEZING RAIN              0
LT FREEZING RAIN          0     HAIL                       2
HEAVY SNOW                0     SNOW                       0
LIGHT SNOW                0     SLEET                      0
FOG                      13     FOG W/VIS <= 1/4 MILE      0
HAZE                      0

-  INDICATES NEGATIVE NUMBERS.
R  INDICATES RECORD WAS SET OR TIED.
MM INDICATES DATA IS MISSING.
T  INDICATES TRACE AMOUNT.

$$
