000
CXUS56 KSGX 012051
CLMSNA


CLIMATE REPORT
NATIONAL WEATHER SERVICE SAN DIEGO, CA
1250 PM PST WED MAR 1 2017

...................................

...THE JOHN WAYNE AIRPORT CA CLIMATE SUMMARY FOR THE MONTH OF FEBRUARY 2017...

CLIMATE NORMAL PERIOD 1981 TO 2010
CLIMATE RECORD PERIOD 1999 TO 2017

WEATHER         OBSERVED          NORMAL  DEPART  LAST YEAR`S
                 VALUE   DATE(S)  VALUE   FROM    VALUE  DATE(S)
                                          NORMAL
................................................................
TEMPERATURE (F)
RECORD
 HIGH              90   02/12/2015
                        02/11/2015
                        02/08/2006
 LOW               36   02/02/2016
HIGHEST            75   02/12        67       8       89  02/09
LOWEST             42   02/25        49      -7       36  02/02
AVG. MAXIMUM     64.0              66.3    -2.3     75.3
AVG. MINIMUM     52.1              48.6     3.5     50.5
MEAN             58.1              57.4     0.7     62.9
DAYS MAX >= 90      0               0.1    -0.1        0
DAYS MAX <= 32      0               0.0     0.0        0
DAYS MAX >= 100     0                                  0
DAYS MIN <= 32      0               0.0     0.0        0

PRECIPITATION (INCHES)
RECORD
 MAXIMUM         5.67   2001
 MINIMUM         0.23   2002
TOTALS           3.78              2.95    0.83     0.32
DAILY AVG.       0.14              0.11    0.03     0.01
DAYS >= .01        11                MM      MM        2
DAYS >= .10         7                MM      MM        1
DAYS >= .50         2                MM      MM        0
DAYS >= 1.00        2                MM      MM        0
DAYS >= 1.50        1                                  0
DAYS >= 2.00        0                                  0
GREATEST
 24 HR. TOTAL    1.71   02/17 TO 02/18           02/18 TO 02/18
                                                          02/29 TO 02/29
                                                          02/29 TO 02/29
 STORM TOTAL       MM                                 MM
 (MM/DD(HH))            MM                    02/18(00) TO 02/18(00)
                                                 02/29(00) TO 02/29(00)9
                                                 02/29(00) TO 02/29(00)9

DEGREE_DAYS
HEATING TOTAL     185               214     -29       93
 SINCE 7/1        741               906    -165      772
COOLING TOTAL       0                 3      -3       38
 SINCE 1/1          0                 8      -8       38

FREEZE DATES
RECORD
 EARLIEST     MM
 LATEST       MM
EARLIEST                        MM
LATEST                          MM
..........................................................

WIND (MPH)
AVERAGE WIND SPEED              4.2
RESULTANT WIND SPEED/DIRECTION   2/196
HIGHEST WIND SPEED/DIRECTION    32/160    DATE  02/17
HIGHEST GUST SPEED/DIRECTION    49/170    DATE  02/17

SKY COVER
POSSIBLE SUNSHINE (PERCENT)   MM
AVERAGE SKY COVER           0.60
NUMBER OF DAYS FAIR            6
NUMBER OF DAYS PC              8
NUMBER OF DAYS CLOUDY         14

AVERAGE RH (PERCENT)     77

WEATHER CONDITIONS. NUMBER OF DAYS WITH
THUNDERSTORM              0     MIXED PRECIP               0
HEAVY RAIN                3     RAIN                       5
LIGHT RAIN               13     FREEZING RAIN              0
LT FREEZING RAIN          0     HAIL                       0
HEAVY SNOW                0     SNOW                       0
LIGHT SNOW                0     SLEET                      0
FOG                      21     FOG W/VIS <= 1/4 MILE      5
HAZE                      6

-  INDICATES NEGATIVE NUMBERS.
R  INDICATES RECORD WAS SET OR TIED.
MM INDICATES DATA IS MISSING.
T  INDICATES TRACE AMOUNT.

$$
