000
CXUS53 KLSX 031430 CCA
CLMSTL

CLIMATE REPORT
NATIONAL WEATHER SERVICE ST LOUIS MO
248 PM CDT THU JUL 2 2015

...................................

...THE ST. LOUIS MO CLIMATE SUMMARY FOR THE MONTH OF JUNE 2015...

CLIMATE NORMAL PERIOD 1981 TO 2010
CLIMATE RECORD PERIOD 1874 TO 2015

WEATHER         OBSERVED          NORMAL  DEPART  LAST YEAR`S
                 VALUE   DATE(S)  VALUE   FROM    VALUE
                                          NORMAL
.............................................................
TEMPERATURE (F)
RECORD
 HIGH             108   06/28/2012
 LOW               43   06/03/1969
HIGHEST            95   06/25                         95
                        06/10
LOWEST             57   06/01                         56
AVG. MAXIMUM     85.6              85.1     0.5     86.4
AVG. MINIMUM     69.6              66.8     2.8     69.7
MEAN             77.6              75.9     1.7     78.0
DAYS MAX >= 90     10               8.4     1.6       13
DAYS MAX <= 32      0               0.0     0.0        0
DAYS MIN <= 32      0               0.0     0.0        0
DAYS MIN <= 0       0               0.0     0.0        0

PRECIPITATION (INCHES)
RECORD
 MAXIMUM        12.35   2003
 MINIMUM         0.10   1914
TOTALS          13.14R             4.28    8.86     5.26
DAILY AVG.       0.44              0.14    0.30     0.18
DAYS >= .01        17              10.0     7.0        9
DAYS >= .10        12               6.6     5.4        8
DAYS >= .50         9               3.0     6.0        6
DAYS >= 1.00        7               1.3     5.7        0
GREATEST
 24 HR. TOTAL    2.68   06/25 TO 06/26

SNOWFALL (INCHES)
TOTALS            0.0               0.0     0.0      0.0
SINCE 7/1        16.8              17.7    -0.9     28.8

DEGREE_DAYS
HEATING TOTAL       3                 5      -2        0
 SINCE 7/1       4585              4535      50     5027
COOLING TOTAL     390               334      56      398
 SINCE 1/1        614               508     106      660
..............................................................

WIND (MPH)
HIGHEST WIND SPEED/DIRECTION    38/020    DATE  06/25
HIGHEST GUST SPEED/DIRECTION    47/020    DATE  06/25

SKY COVER
NUMBER OF DAYS FAIR            1
NUMBER OF DAYS PC             17
NUMBER OF DAYS CLOUDY         12


WEATHER CONDITIONS. NUMBER OF DAYS WITH
THUNDERSTORM             13     MIXED PRECIP               0
HEAVY RAIN               10     RAIN                       8
LIGHT RAIN               21     FREEZING RAIN              0
LT FREEZING RAIN          0     HAIL                       0
HEAVY SNOW                0     SNOW                       0
LIGHT SNOW                0     SLEET                      0
FOG                      15     FOG W/VIS <= 1/4 MILE      0
HAZE                      8

-  INDICATES NEGATIVE NUMBERS.
R  INDICATES RECORD WAS SET OR TIED.
MM INDICATES DATA IS MISSING.
T  INDICATES TRACE AMOUNT.

$$

...............................................................

...RECORDS...

6/5...RECORD DAILY RAINFALL...1.90 INCHES...PREVIOUSLY 1.49 IN 1912

RECORD WETTEST JUNE...PREVIOUSLY 12.35 INCHES 2003

2ND WETTEST MONTH EVER
