000
CXUS53 KFSD 011357
CLMSUX

CLIMATE REPORT
NATIONAL WEATHER SERVICE SIOUX FALLS SD
857 AM CDT TUE AUG 1 2017

...................................

...THE SIOUX CITY IA CLIMATE SUMMARY FOR THE MONTH OF JULY 2017...

CLIMATE NORMAL PERIOD 1981 TO 2010
CLIMATE RECORD PERIOD 1889 TO 2017

WEATHER         OBSERVED          NORMAL  DEPART  LAST YEAR`S
                 VALUE   DATE(S)  VALUE   FROM    VALUE  DATE(S)
                                          NORMAL
................................................................
TEMPERATURE (F)
RECORD
 HIGH             111   07/11/1939
                        07/17/1936
                        07/04/1936
 LOW               41   07/09/1895
HIGHEST            97   07/25        MM      MM       97  07/21
                        07/06                             07/20
LOWEST             51   07/01        MM      MM       52  07/01
AVG. MAXIMUM     89.6              85.5     4.1     86.7
AVG. MINIMUM     65.7              63.2     2.5     65.3
MEAN             77.7              74.3     3.4     76.0
DAYS MAX >= 90     16               7.1     8.9        9
DAYS MAX <= 32      0               0.0     0.0        0
DAYS MIN <= 32      0               0.0     0.0        0
DAYS MIN <= 0       0               0.0     0.0        0

PRECIPITATION (INCHES)
RECORD
 MAXIMUM        10.33   1972
 MINIMUM         0.18   1936
TOTALS           0.84              3.44   -2.60     2.19
DAILY AVG.       0.03              0.11   -0.08     0.07
DAYS >= .01         5               9.5    -4.5        7
DAYS >= .10         1               5.9    -4.9        3
DAYS >= .50         1               2.2    -1.2        2
DAYS >= 1.00        0               0.8    -0.8        1
GREATEST
 24 HR. TOTAL    0.64   07/26 TO 07/26

DEGREE_DAYS
HEATING TOTAL       0                 3      -3        0
 SINCE 7/1          0                 3      -3        0
COOLING TOTAL     401               293     108      349
 SINCE 1/1        694               545     149      734
.................................................................

WIND (MPH)
AVERAGE WIND SPEED              7.5
HIGHEST WIND SPEED/DIRECTION    28/190    DATE  07/19
HIGHEST GUST SPEED/DIRECTION    37/220    DATE  07/06

SKY COVER
POSSIBLE SUNSHINE (PERCENT)   MM
AVERAGE SKY COVER           0.10
NUMBER OF DAYS FAIR           27
NUMBER OF DAYS PC              4
NUMBER OF DAYS CLOUDY          0

AVERAGE RH (PERCENT)     72

WEATHER CONDITIONS. NUMBER OF DAYS WITH
THUNDERSTORM              5     MIXED PRECIP               0
HEAVY RAIN                1     RAIN                       1
LIGHT RAIN                9     FREEZING RAIN              0
LT FREEZING RAIN          0     HAIL                       0
HEAVY SNOW                0     SNOW                       0
LIGHT SNOW                0     SLEET                      0
FOG                       8     FOG W/VIS <= 1/4 MILE      2
HAZE                      0

-  INDICATES NEGATIVE NUMBERS.
R  INDICATES RECORD WAS SET OR TIED.
MM INDICATES DATA IS MISSING.
T  INDICATES TRACE AMOUNT.

$$
