000
CXUS51 KBGM 011842
CLMSYR


CLIMATE REPORT
NATIONAL WEATHER SERVICE BINGHAMTON NY
222 PM EDT WED JUL 1 2015

...................................

...THE SYRACUSE NY CLIMATE SUMMARY FOR THE MONTH OF JUNE 2015...

CLIMATE NORMAL PERIOD 1981 TO 2010
CLIMATE RECORD PERIOD 1902 TO 2015

WEATHER         OBSERVED          NORMAL  DEPART  LAST YEAR`S
                 VALUE   DATE(S)  VALUE   FROM    VALUE  DATE(S)
                                          NORMAL
................................................................
TEMPERATURE (F)
RECORD
 HIGH              98   06/21/1953
 LOW               35   06/01/1966
HIGHEST            85   06/23        77       8       90  06/29
                                                          06/17
                                                          06/02
LOWEST             41   06/03        55     -14       48  06/01
AVG. MAXIMUM     75.9              77.5    -1.6     79.6
AVG. MINIMUM     56.0              56.0     0.0     58.1
MEAN             65.9              66.7    -0.8     68.8
DAYS MAX >= 90      0               1.5    -1.5        3
DAYS MAX <= 32      0               0.0     0.0        0
DAYS MIN <= 32      0               0.0     0.0        0
DAYS MIN <= 0       0               0.0     0.0        0

PRECIPITATION (INCHES)
RECORD
 MAXIMUM        15.92   1922
 MINIMUM         1.00   1995
TOTALS           9.92              3.31    6.61     2.74
DAILY AVG.       0.33              0.11    0.22     0.09
DAYS >= .01        17              12.1     4.9       11
DAYS >= .10        11               7.4     3.6        6
DAYS >= .50         7               2.1     4.9        2
DAYS >= 1.00        3               0.5     2.5        0
GREATEST
 24 HR. TOTAL    2.64   06/30 TO 06/30

SNOWFALL (INCHES)
RECORDS
 TOTAL              T   2008
 24 HR TOTAL        T   06/16/2008 TO 06/16/2008
 SNOW DEPTH         T   06/16/2008
TOTALS            0.0               0.0     0.0      0.0
SINCE 7/1       119.7             123.8    -4.1    132.0
SNOWDEPTH AVG.      0                 0       0        0
DAYS >= TRACE       0               0.0     0.0        0
DAYS >= 1.0         0               0.0     0.0        0
GREATEST
 SNOW DEPTH         0                                  0
 24 HR TOTAL      0.0

DEGREE_DAYS
HEATING TOTAL      53                61      -8       23
 SINCE 7/1       7121              6651     470     7079
COOLING TOTAL      89               113     -24      147
 SINCE 1/1        194               143      51      203
.................................................................

WIND (MPH)
AVERAGE WIND SPEED              7.4
RESULTANT WIND SPEED/DIRECTION   1/279
HIGHEST WIND SPEED/DIRECTION    33/300    DATE  06/23
HIGHEST GUST SPEED/DIRECTION    45/290    DATE  06/23

SKY COVER
POSSIBLE SUNSHINE (PERCENT)   MM
AVERAGE SKY COVER           0.80
NUMBER OF DAYS FAIR            0
NUMBER OF DAYS PC             12
NUMBER OF DAYS CLOUDY         18

AVERAGE RH (PERCENT)     76

WEATHER CONDITIONS. NUMBER OF DAYS WITH
THUNDERSTORM              0     MIXED PRECIP               0
HEAVY RAIN               11     RAIN                      12
LIGHT RAIN               21     FREEZING RAIN              0
LT FREEZING RAIN          0     HAIL                       0
HEAVY SNOW                0     SNOW                       0
LIGHT SNOW                0     SLEET                      0
FOG                      19     FOG W/VIS <= 1/4 MILE      0
HAZE                      1

-  INDICATES NEGATIVE NUMBERS.
R  INDICATES RECORD WAS SET OR TIED.
MM INDICATES DATA IS MISSING.
T  INDICATES TRACE AMOUNT.

&&
RECORD DAILY RAINFALL JUNE 30TH OF 2.64" OLD RECORD 1.74" IN 1907
3RD WETTEST JUNE

$$
