000
CXUS52 KTAE 011249
CLMTLH

MIACLMTLH 000
TTAA00 KTAE 011249


CLIMATE REPORT
NATIONAL WEATHER SERVICE TALLAHASSEE FL
745 AM EST SUN FEB 1 2015

...................................

...THE TALLAHASSEE CLIMATE SUMMARY FOR THE MONTH OF JANUARY 2015...

CLIMATE NORMAL PERIOD 1981 TO 2010
CLIMATE RECORD PERIOD 1896 TO 2015

WEATHER         OBSERVED          NORMAL  DEPART  LAST YEAR`S
                 VALUE   DATE(S)  VALUE   FROM    VALUE  DATE(S)
                                          NORMAL
................................................................
TEMPERATURE (F)
RECORD
 HIGH              83   01/30/1957
                        01/15/1957
                        01/14/1932
 LOW                6   01/21/1985
HIGHEST            76   01/21                         75  01/27
LOWEST             24   01/08                         22  01/07
AVG. MAXIMUM     64.9              63.5     1.4     60.3
AVG. MINIMUM     40.7              39.0     1.7     35.9
MEAN             52.8              51.2     1.6     48.1
DAYS MAX >= 90      0               0.0     0.0        0
DAYS MAX <= 32      0               0.0     0.0        0
DAYS MIN <= 32      7               9.8    -2.8       15
DAYS MIN <= 0       0               0.0     0.0        0

PRECIPITATION (INCHES)
RECORD
 MAXIMUM        18.94   1991
 MINIMUM         0.21   1957
TOTALS           4.76              4.34    0.42     3.67
DAILY AVG.       0.16              0.14    0.02     0.12
DAYS >= .01         4               8.9    -4.9       13
DAYS >= .10         3               6.1    -3.1        8
DAYS >= .50         2               2.8    -0.8        3
DAYS >= 1.00        2               1.2     0.8        0
GREATEST
 24 HR. TOTAL    2.77   01/23 TO 01/23
                        01/22 TO 01/23
                        01/23 TO 01/23

SNOWFALL (INCHES)
RECORDS
 TOTAL              T   2014
                        1996
TOTALS            0.0
SINCE 7/1         0.0               0.1    -0.1        T
SNOWDEPTH AVG.      0
DAYS >= 1.0         0               0.0     0.0        0
GREATEST
 SNOW DEPTH         0
 24 HR TOTAL      0.0

DEGREE_DAYS
HEATING TOTAL     367               431     -64      517
 SINCE 7/1        968              1046     -78      916
COOLING TOTAL       7                 5       2        2
 SINCE 1/1          7                 0       7        2
.................................................................

WIND (MPH)
AVERAGE WIND SPEED              5.8
HIGHEST WIND SPEED/DIRECTION    28/330    DATE  01/07
HIGHEST GUST SPEED/DIRECTION    37/340    DATE  01/07

SKY COVER
AVERAGE SKY COVER           0.50

AVERAGE RH (PERCENT)     63

WEATHER CONDITIONS. NUMBER OF DAYS WITH
THUNDERSTORM              2     MIXED PRECIP               0
HEAVY RAIN                3     RAIN                       4
LIGHT RAIN                6     FREEZING RAIN              0
LT FREEZING RAIN          0     HAIL                       0
HEAVY SNOW                0     SNOW                       0
LIGHT SNOW                0     SLEET                      0
FOG                      10     FOG W/VIS <= 1/4 MILE      0
HAZE                      7

-  INDICATES NEGATIVE NUMBERS.
R  INDICATES RECORD WAS SET OR TIED.
MM INDICATES DATA IS MISSING.
T  INDICATES TRACE AMOUNT.

$$
