000
CXUS52 KTAE 131353
CLMTLH

CLIMATE REPORT
NATIONAL WEATHER SERVICE TALLAHASSEE FL
953 AM EDT TUE JUN 13 2017

...................................

...THE TALLAHASSEE CLIMATE SUMMARY FOR THE MONTH OF MAY 2017...

CLIMATE NORMAL PERIOD 1981 TO 2010
CLIMATE RECORD PERIOD 1896 TO 2017

WEATHER         OBSERVED          NORMAL  DEPART  LAST YEAR`S
                 VALUE   DATE(S)  VALUE   FROM    VALUE  DATE(S)
                                          NORMAL
................................................................
TEMPERATURE (F)
RECORD
 HIGH             102   05/27/1953
 LOW               34   05/04/1971
HIGHEST            94   05/28                         97  05/30
                        05/16
LOWEST             49   05/06                         48  05/07
AVG. MAXIMUM     87.0              87.0     0.0     88.9
AVG. MINIMUM     62.3              61.6     0.7     63.3
MEAN             74.7              74.3     0.4     76.1
DAYS MAX >= 90     14               8.4     5.6       18
DAYS MAX <= 32      0               0.0     0.0        0
DAYS MIN <= 32      0               0.0     0.0        0
DAYS MIN <= 0       0               0.0     0.0        0

PRECIPITATION (INCHES)
RECORD
 MAXIMUM        12.36   1890
 MINIMUM         0.01   1965
TOTALS           5.51              3.47    2.04     1.71
DAILY AVG.       0.18              0.11    0.07     0.06
DAYS >= .01         8               7.1     0.9        6
DAYS >= .10         5               4.5     0.5        3
DAYS >= .50         4               2.1     1.9        1
DAYS >= 1.00        2               1.1     0.9        1
GREATEST
 24 HR. TOTAL    2.43   05/04

SNOWFALL (INCHES)
RECORDS
 TOTAL            0.0
TOTALS            0.0
SINCE 7/1         0.0               0.1    -0.1      0.0
SNOWDEPTH AVG.      0
DAYS >= 1.0         0               0.0     0.0        0
GREATEST
 SNOW DEPTH         0
 24 HR TOTAL      0.0

DEGREE_DAYS
HEATING TOTAL       5                 5       0        0
 SINCE 7/1        805              1595    -790      943
COOLING TOTAL     311               293      18      352
 SINCE 1/1        627               446     181      610
.................................................................

WIND (MPH)
AVERAGE WIND SPEED              6.3
HIGHEST WIND SPEED/DIRECTION    29/290    DATE  05/12
HIGHEST GUST SPEED/DIRECTION    43/300    DATE  05/12

SKY COVER
AVERAGE SKY COVER           0.40

AVERAGE RH (PERCENT)     69

WEATHER CONDITIONS. NUMBER OF DAYS WITH
THUNDERSTORM              0     MIXED PRECIP               0
HEAVY RAIN                3     RAIN                       5
LIGHT RAIN                7     FREEZING RAIN              0
LT FREEZING RAIN          0     HAIL                       0
HEAVY SNOW                0     SNOW                       0
LIGHT SNOW                0     SLEET                      0
FOG                      17     FOG W/VIS <= 1/4 MILE      1
HAZE                      5

-  INDICATES NEGATIVE NUMBERS.
R  INDICATES RECORD WAS SET OR TIED.
MM INDICATES DATA IS MISSING.
T  INDICATES TRACE AMOUNT.

$$
