000
CXUS52 KTBW 011901
CLMTPA


CLIMATE REPORT
NATIONAL WEATHER SERVICE TAMPA BAY FL
200 PM EST WED FEB 1 2017

...................................

...THE TAMPA CLIMATE SUMMARY FOR THE MONTH OF JANUARY 2017...

CLIMATE NORMAL PERIOD 1981 TO 2010
CLIMATE RECORD PERIOD 1890 TO 2017

WEATHER         OBSERVED          NORMAL  DEPART  LAST YEAR`S
                 VALUE   DATE(S)  VALUE   FROM    VALUE  DATE(S)
                                          NORMAL
................................................................
TEMPERATURE (F)
ALL-TIME JANUARY RECORD
 HIGH              86   01/31/2002
                        01/01/1991
 LOW               21   01/21/1985

JANUARY 2017
HIGHEST            84   01/02        70      14       81  01/01
LOWEST             34   01/08        50     -16       37  01/24
AVG. MAXIMUM     74.7              69.9     4.8     68.3
AVG. MINIMUM     57.8              51.6     6.2     52.1
MEAN             66.3              60.8     5.5     60.2
DAYS MAX >= 90      0               0.0     0.0        0
DAYS MAX <= 32      0               0.0     0.0        0
DAYS MIN <= 32      0               0.8    -0.8        0
DAYS MIN <= 0       0               0.0     0.0        0

PRECIPITATION (INCHES)
ALL-TIME JANUARY RECORD
 MAXIMUM         8.02   1948
 MINIMUM            T   1950

JANUARY 2017
TOTALS           0.90              2.23   -1.33     6.18
DAILY AVG.       0.03              0.07   -0.04     0.20
DAYS >= .01         8               6.8     1.2       12
DAYS >= .10         4               4.0     0.0        9
DAYS >= .50         0               1.8    -1.8        7
DAYS >= 1.00        0               0.5    -0.5        3
GREATEST
 24 HR. TOTAL    0.46   01/22 TO 01/23

DEGREE_DAYS
HEATING TOTAL      81               182    -101      171
 SINCE 7/1        123               365    -242      184
COOLING TOTAL     127                50      77       30
 SINCE 1/1        127                60      67       30
.................................................................

WIND (MPH)
AVERAGE WIND SPEED              7.1
HIGHEST WIND SPEED/DIRECTION    36/190    DATE  01/22
HIGHEST GUST SPEED/DIRECTION    48/180    DATE  01/22

SKY COVER
POSSIBLE SUNSHINE (PERCENT)   MM
AVERAGE SKY COVER           0.50
NUMBER OF DAYS FAIR            9
NUMBER OF DAYS PC             17
NUMBER OF DAYS CLOUDY          5

AVERAGE RH (PERCENT)     69

WEATHER CONDITIONS. NUMBER OF DAYS WITH
THUNDERSTORM              3     MIXED PRECIP               0
HEAVY RAIN                1     RAIN                       2
LIGHT RAIN                9     FREEZING RAIN              0
LT FREEZING RAIN          0     HAIL                       0
HEAVY SNOW                0     SNOW                       0
LIGHT SNOW                0     SLEET                      0
FOG                       9     FOG W/VIS <= 1/4 MILE      1
HAZE                      2
.................................................................

REMARKS
THE JANUARY 2017 MONTHLY AVERAGE TEMPERATURE OF 66.3 DEGREES
RANKS AS THE 14TH WARMEST JANUARY SINCE RECORDS BEGAN IN 1890.
THE WARMEST JANUARY HAD AN AVERAGE TEMPERATURE OF 72.4 DEGREES
WHICH OCCURRED IN 1937.

THE JANUARY 2017 MONTHLY RAINFALL TOTAL OF 0.90 INCHES TIES WITH
1923 AS THE 30TH DRIEST JANUARY SINCE RECORDS BEGAN IN 1890.


-  INDICATES NEGATIVE NUMBERS.
R  INDICATES RECORD WAS SET OR TIED.
MM INDICATES DATA IS MISSING.
T  INDICATES TRACE AMOUNT.

$$
