000
CXUS54 KMRX 012043
CLMTRI

CLIMATE REPORT
NATIONAL WEATHER SERVICE MORRISTOWN TN
437 PM EDT SAT AUG 1 2015

...................................

...THE TRI-CITIES CLIMATE SUMMARY FOR THE MONTH OF JULY 2015...

CLIMATE NORMAL PERIOD 1981 TO 2010
CLIMATE RECORD PERIOD 1934 TO 2015

WEATHER         OBSERVED          NORMAL  DEPART
                 VALUE   DATE(S)  VALUE   FROM
                                          NORMAL
................................................
TEMPERATURE (F)
HIGHEST            93   07/28
LOWEST             60   07/31
AVG. MAXIMUM     86.4              85.5     0.9
AVG. MINIMUM     66.6              63.8     2.8
MEAN             76.5              74.6     1.9
DAYS MAX >= 90      8
DAYS MAX <= 32      0
DAYS MIN <= 32      0
DAYS MIN <= 0       0

PRECIPITATION (INCHES)
RECORD
 MAXIMUM        12.70   2012
 MINIMUM         0.67   1995
TOTALS           5.79              4.69    1.10
DAYS >= .01        14
DAYS >= .10         9
DAYS >= .50         3
DAYS >= 1.00        2
GREATEST
 24 HR. TOTAL    2.11   07/14 TO 07/14
                        07/14 TO 07/15

SNOWFALL (INCHES)
TOTALS            0.0               0.0     0.0
SINCE 7/1         0.0
SNOWDEPTH AVG.      0
DAYS >= TRACE       0
GREATEST
 SNOW DEPTH         0   MM

DEGREE_DAYS
HEATING TOTAL       0                 0       0
 SINCE 7/1          0                 0       0
COOLING TOTAL     363               299      64
 SINCE 1/1        843               578     265
.................................................



-  INDICATES NEGATIVE NUMBERS.
R  INDICATES RECORD WAS SET OR TIED.
MM INDICATES DATA IS MISSING.
T  INDICATES TRACE AMOUNT.

$$
